512
CDUS43 KEAX 190649
CLIMCI

CLIMATE REPORT
NATIONAL WEATHER SERVICE KANSAS CITY/PLEASANT HILL MO
1248 AM CST FRI JAN 19 2018


...................................

...THE KANSAS CITY INTERNATIONAL MO CLIMATE SUMMARY FOR JANUARY 18 2018...

CLIMATE NORMAL PERIOD 1981 TO 2010
CLIMATE RECORD PERIOD 1888 TO 2018


WEATHER ITEM   OBSERVED TIME   RECORD YEAR NORMAL DEPARTURE LAST
                VALUE   (LST)  VALUE       VALUE  FROM      YEAR
                                                  NORMAL
..................................................................
TEMPERATURE (F)
 YESTERDAY
  MAXIMUM         39    347 PM  70    1951  38      1       48
  MINIMUM         16    714 AM -12    1940  19     -3       25
  AVERAGE         28                        29     -1       37

PRECIPITATION (IN)
  YESTERDAY        0.00          0.96 1907   0.04  -0.04     0.00
  MONTH TO DATE    0.53                      0.57  -0.04     1.32
  SINCE DEC 1      0.72                      2.10  -1.38     2.51
  SINCE JAN 1      0.53                      0.57  -0.04     1.32

SNOWFALL (IN)
  YESTERDAY        0.0          11.8  1962   0.1   -0.1      0.0
  MONTH TO DATE    2.5                       2.5    0.0      2.2
  SINCE DEC 1      4.7                       7.3   -2.6      4.5
  SINCE JUL 1      4.7                       8.7   -4.0      4.5
  SNOW DEPTH       1

DEGREE DAYS
 HEATING
  YESTERDAY       37                        36      1       28
  MONTH TO DATE  798                       648    150      671
  SINCE DEC 1   1809                      1688    121     1744
  SINCE JUL 1   2689                      2690     -1     2328

 COOLING
  YESTERDAY        0                         0      0        0
  MONTH TO DATE    0                         0      0        0
  SINCE DEC 1      0                         0      0        0
  SINCE JAN 1      0                         0      0        0
..................................................................


WIND (MPH)
  HIGHEST WIND SPEED    23   HIGHEST WIND DIRECTION    SW (210)
  HIGHEST GUST SPEED    30   HIGHEST GUST DIRECTION    SW (210)
  AVERAGE WIND SPEED    13.9


SKY COVER
  POSSIBLE SUNSHINE  MM
  AVERAGE SKY COVER 0.4


WEATHER CONDITIONS
 THE FOLLOWING WEATHER WAS RECORDED YESTERDAY.
  NO SIGNIFICANT WEATHER WAS OBSERVED.


RELATIVE HUMIDITY (PERCENT)
 HIGHEST    73           100 AM
 LOWEST     48           200 PM
 AVERAGE    61

..........................................................


THE KANSAS CITY INTERNATIONAL MO CLIMATE NORMALS FOR TODAY
                         NORMAL    RECORD    YEAR
 MAXIMUM TEMPERATURE (F)   38        66      1906
 MINIMUM TEMPERATURE (F)   19       -17      1892


SUNRISE AND SUNSET
JANUARY 19 2018.......SUNRISE   735 AM CST   SUNSET   524 PM CST
JANUARY 20 2018.......SUNRISE   735 AM CST   SUNSET   526 PM CST


-  INDICATES NEGATIVE NUMBERS.
R  INDICATES RECORD WAS SET OR TIED.
MM INDICATES DATA IS MISSING.
T  INDICATES TRACE AMOUNT.


&&

...MISCELLANEOUS CLIMATE DATA FROM YESTERDAY...

LOCATION                HIGH    LOW      PRECIP
ST. JOSEPH               39      11       0.00
DOWNTOWN KANSAS CITY     43      20       0.00
OLATHE NEW CENTURY       39      11       0.00
OLATHE JO CO EXEC        38      13       0.00
LEES SUMMIT              41      16       0.00
KIRKSVILLE               36      15       0.00
CHILLICOTHE              39      11       0.00
SEDALIA                  42      16       0.00
NWS PLEASANT HILL MO     38      14       0.00


THIS PRODUCT...ALONG WITH OTHER WEATHER...HYDROLOGICAL AND CLIMATE
INFORMATION...IS AVAILABLE ON THE WEB AT HTTP://WWW.WEATHER.GOV/EAX
OR AT HTTP://WEATHER.GOV

$$
