000
CDUS43 KEAX 170635
CLIMCI

CLIMATE REPORT
NATIONAL WEATHER SERVICE KANSAS CITY/PLEASANT HILL MO
735 PM CDT THU MAR 16 2017


...................................

...THE KANSAS CITY INTERNATIONAL MO CLIMATE SUMMARY FOR MARCH 16 2017...
VALID TODAY AS OF 0700 PM LOCAL TIME.

CLIMATE NORMAL PERIOD 1981 TO 2010
CLIMATE RECORD PERIOD 1888 TO 2017


WEATHER ITEM   OBSERVED TIME   RECORD YEAR NORMAL DEPARTURE LAST
                VALUE   (LST)  VALUE       VALUE  FROM      YEAR
                                                  NORMAL
..................................................................
TEMPERATURE (F)
 TODAY
  MAXIMUM         68    348 PM  83    2015  55     13       62
  MINIMUM         32   1208 AM   6    1900  33     -1       37
  AVERAGE         50                        44      6       50

PRECIPITATION (IN)
  TODAY            0.00          1.62 1965   0.07  -0.07     0.00
  MONTH TO DATE    0.42                      1.08  -0.66     1.14
  SINCE MAR 1      0.42                      1.08  -0.66     1.14
  SINCE JAN 1      1.87                      3.61  -1.74     2.30

SNOWFALL (IN)
  TODAY            0.0           2.8  1893   0.1   -0.1      0.0
  MONTH TO DATE    0.4                       1.3   -0.9      0.0
  SINCE MAR 1      0.4                       1.3   -0.9      0.0
  SINCE JUL 1      4.9                      17.5  -12.6      5.3
  SNOW DEPTH       0

DEGREE DAYS
 HEATING
  TODAY           15                        21     -6       15
  MONTH TO DATE  361                       377    -16      198
  SINCE MAR 1    361                       377    -16      198
  SINCE JUL 1   3615                      4422   -807     3555

 COOLING
  TODAY            0                         0      0        0
  MONTH TO DATE    0                         0      0        2
  SINCE MAR 1      0                         0      0        2
  SINCE JAN 1      0                         0      0        2
..................................................................


WIND (MPH)
  HIGHEST WIND SPEED    26   HIGHEST WIND DIRECTION     S (160)
  HIGHEST GUST SPEED    33   HIGHEST GUST DIRECTION     S (160)
  AVERAGE WIND SPEED    14.3


SKY COVER
  POSSIBLE SUNSHINE  MM
  AVERAGE SKY COVER 0.7


WEATHER CONDITIONS
 THE FOLLOWING WEATHER WAS RECORDED TODAY.
  NO SIGNIFICANT WEATHER WAS OBSERVED.


RELATIVE HUMIDITY (PERCENT)
 HIGHEST    59          1200 AM
 LOWEST     43           100 PM
 AVERAGE    51

..........................................................


THE KANSAS CITY INTERNATIONAL MO CLIMATE NORMALS FOR TOMORROW
                         NORMAL    RECORD    YEAR
 MAXIMUM TEMPERATURE (F)   56        82      1894
 MINIMUM TEMPERATURE (F)   34        10      1906
                                             1902


SUNRISE AND SUNSET
MARCH 16 2017.........SUNRISE   728 AM CDT   SUNSET   727 PM CDT
MARCH 17 2017.........SUNRISE   727 AM CDT   SUNSET   728 PM CDT


-  INDICATES NEGATIVE NUMBERS.
R  INDICATES RECORD WAS SET OR TIED.
MM INDICATES DATA IS MISSING.
T  INDICATES TRACE AMOUNT.


&&

...MISCELLANEOUS CLIMATE DATA FROM YESTERDAY...

LOCATION                HIGH    LOW      PRECIP
ST. JOSEPH               68      31       0.00
DOWNTOWN KANSAS CITY     69      35       0.00
OLATHE NEW CENTURY       68      32       0.00
OLATHE JO CO EXEC        66      32       0.00
LEES SUMMIT              67      33       0.00
KIRKSVILLE               56      30       0.00
CHILLICOTHE              64      27       0.00
SEDALIA                  67      36       0.00
NWS PLEASANT HILL MO     66      32       0.00


THIS PRODUCT...ALONG WITH OTHER WEATHER...HYDROLOGICAL AND CLIMATE
INFORMATION...IS AVAILABLE ON THE WEB AT HTTP://WWW.WEATHER.GOV/EAX
OR AT HTTP://WEATHER.GOV

$$

CUTTER
