000
CDUS43 KEAX 290633
CLIMCI

CLIMATE REPORT
NATIONAL WEATHER SERVICE KANSAS CITY/PLEASANT HILL MO
132 AM CDT WED JUL 29 2015


...................................

...THE KANSAS CITY INTERNATIONAL MO CLIMATE SUMMARY FOR JULY 28 2015...

CLIMATE NORMAL PERIOD 1981 TO 2010
CLIMATE RECORD PERIOD 1888 TO 2015


WEATHER ITEM   OBSERVED TIME   RECORD YEAR NORMAL DEPARTURE LAST
                VALUE   (LST)  VALUE       VALUE  FROM      YEAR
                                                  NORMAL
..................................................................
TEMPERATURE (F)
 YESTERDAY
  MAXIMUM         94    254 PM 103    1983  89      5       80
                                      1957
                                      1935
  MINIMUM         75    341 AM  52    1994  69      6       59
  AVERAGE         85                        79      6       70

PRECIPITATION (IN)
  YESTERDAY        0.00          4.57 1895   0.12  -0.12     0.00
  MONTH TO DATE    5.44                      4.08   1.36     3.04
  SINCE JUN 1     13.02                      9.31   3.71     9.95
  SINCE JAN 1     29.62                     23.14   6.48    18.57

SNOWFALL (IN)
  YESTERDAY        0.0           0.0    MM   0.0    0.0      0.0
  MONTH TO DATE    0.0                       0.0    0.0      0.0
  SINCE JUN 1      0.0                       0.0    0.0      0.0
  SINCE JUL 1      0.0                       0.0    0.0      0.0
  SNOW DEPTH       0

DEGREE DAYS
 HEATING
  YESTERDAY        0                         0      0        0
  MONTH TO DATE    2                         0      2        2
  SINCE JUN 1      5                         9     -4        3
  SINCE JUL 1      2                         0      2        2

 COOLING
  YESTERDAY       20                        14      6        5
  MONTH TO DATE  364                       377    -13      267
  SINCE JUN 1    669                       643     26      544
  SINCE JAN 1    737                       759    -22      705
..................................................................


WIND (MPH)
  HIGHEST WIND SPEED    21   HIGHEST WIND DIRECTION     S (190)
  HIGHEST GUST SPEED    25   HIGHEST GUST DIRECTION     S (170)
  AVERAGE WIND SPEED    11.5


SKY COVER
  POSSIBLE SUNSHINE  MM
  AVERAGE SKY COVER 0.3


WEATHER CONDITIONS
 THE FOLLOWING WEATHER WAS RECORDED YESTERDAY.
  HAZE


RELATIVE HUMIDITY (PERCENT)
 HIGHEST    94           300 AM
 LOWEST     52           400 PM
 AVERAGE    73

..........................................................


THE KANSAS CITY INTERNATIONAL MO CLIMATE NORMALS FOR TODAY
                         NORMAL    RECORD    YEAR
 MAXIMUM TEMPERATURE (F)   89       105      2012
                                             1947
 MINIMUM TEMPERATURE (F)   69        55      1994


SUNRISE AND SUNSET
JULY 29 2015..........SUNRISE   616 AM CDT   SUNSET   834 PM CDT
JULY 30 2015..........SUNRISE   617 AM CDT   SUNSET   833 PM CDT


-  INDICATES NEGATIVE NUMBERS.
R  INDICATES RECORD WAS SET OR TIED.
MM INDICATES DATA IS MISSING.
T  INDICATES TRACE AMOUNT.


&&

...MISCELLANEOUS CLIMATE DATA FROM YESTERDAY...

LOCATION                HIGH    LOW      PRECIP
ST. JOSEPH               94      74       T
DOWNTOWN KANSAS CITY     97      78       0.00
OLATHE NEW CENTURY       95      77       0.00
OLATHE JO CO EXEC        93      76       0.00
LEES SUMMIT              94      78       0.00
KIRKSVILLE               93      71       0.00
CHILLICOTHE              94      74       0.00
SEDALIA                  96      75       0.00
NWS PLEASANT HILL MO     94      76       0.00


THIS PRODUCT...ALONG WITH OTHER WEATHER...HYDROLOGICAL AND CLIMATE
INFORMATION...IS AVAILABLE ON THE WEB AT HTTP://WWW.WEATHER.GOV/EAX
OR AT HTTP://WEATHER.GOV

$$
