000
CDUS43 KEAX 160634
CLIMCI

CLIMATE REPORT
NATIONAL WEATHER SERVICE KANSAS CITY/PLEASANT HILL MO
132 AM CDT TUE AUG 16 2016


...................................

...THE KANSAS CITY INTERNATIONAL MO CLIMATE SUMMARY FOR AUGUST 15 2016...

CLIMATE NORMAL PERIOD 1981 TO 2010
CLIMATE RECORD PERIOD 1888 TO 2016


WEATHER ITEM   OBSERVED TIME   RECORD YEAR NORMAL DEPARTURE LAST
                VALUE   (LST)  VALUE       VALUE  FROM      YEAR
                                                  NORMAL
..................................................................
TEMPERATURE (F)
 YESTERDAY
  MAXIMUM         82    554 PM 110    1936  88     -6       88
  MINIMUM         65   1046 PM  49    1994  67     -2       64
  AVERAGE         74                        78     -4       76

PRECIPITATION (IN)
  YESTERDAY        0.00          7.45 1969   0.12  -0.12     0.00
  MONTH TO DATE    0.51                      1.81  -1.30     0.35
  SINCE JUN 1     10.25                     11.49  -1.24    14.68
  SINCE JAN 1     30.78                     25.32   5.46    31.28

SNOWFALL (IN)
  YESTERDAY        0.0           0.0    MM   0.0    0.0      0.0
  MONTH TO DATE    0.0                       0.0    0.0      0.0
  SINCE JUN 1      0.0                       0.0    0.0      0.0
  SINCE JUL 1      0.0                       0.0    0.0      0.0
  SNOW DEPTH       0

DEGREE DAYS
 HEATING
  YESTERDAY        0                         0      0        0
  MONTH TO DATE    0                         0      0        0
  SINCE JUN 1      0                         9     -9        5
  SINCE JUL 1      0                         0      0        2

 COOLING
  YESTERDAY        9                        13     -4       11
  MONTH TO DATE  209                       196     13      190
  SINCE JUN 1   1054                       876    178      893
  SINCE JAN 1   1125                       992    133      961
..................................................................


WIND (MPH)
  HIGHEST WIND SPEED     9   HIGHEST WIND DIRECTION    SE (120)
  HIGHEST GUST SPEED    13   HIGHEST GUST DIRECTION     W (280)
  AVERAGE WIND SPEED     3.1


SKY COVER
  POSSIBLE SUNSHINE  MM
  AVERAGE SKY COVER 0.7


WEATHER CONDITIONS
 THE FOLLOWING WEATHER WAS RECORDED YESTERDAY.
  NO SIGNIFICANT WEATHER WAS OBSERVED.


RELATIVE HUMIDITY (PERCENT)
 HIGHEST    87           300 AM
 LOWEST     55           600 PM
 AVERAGE    71

..........................................................


THE KANSAS CITY INTERNATIONAL MO CLIMATE NORMALS FOR TODAY
                         NORMAL    RECORD    YEAR
 MAXIMUM TEMPERATURE (F)   88       104      1983
                                             1956
                                             1936
 MINIMUM TEMPERATURE (F)   67        53      1992


SUNRISE AND SUNSET
AUGUST 16 2016........SUNRISE   633 AM CDT   SUNSET   812 PM CDT
AUGUST 17 2016........SUNRISE   634 AM CDT   SUNSET   811 PM CDT


-  INDICATES NEGATIVE NUMBERS.
R  INDICATES RECORD WAS SET OR TIED.
MM INDICATES DATA IS MISSING.
T  INDICATES TRACE AMOUNT.


&&

...MISCELLANEOUS CLIMATE DATA FROM YESTERDAY...

LOCATION                HIGH    LOW      PRECIP
ST. JOSEPH               84      64       0.00
DOWNTOWN KANSAS CITY     83      71       0.00
OLATHE NEW CENTURY       82      66       0.00
OLATHE JO CO EXEC        80      67       0.00
LEES SUMMIT              79      68       0.00
KIRKSVILLE               80      64       0.00
CHILLICOTHE              83      67       0.00
SEDALIA                  80      66       0.00
NWS PLEASANT HILL MO     78      66       0.00


THIS PRODUCT...ALONG WITH OTHER WEATHER...HYDROLOGICAL AND CLIMATE
INFORMATION...IS AVAILABLE ON THE WEB AT HTTP://WWW.WEATHER.GOV/EAX
OR AT HTTP://WEATHER.GOV

$$
