000
CDUS43 KEAX 180033
CLIMCI

CLIMATE REPORT
NATIONAL WEATHER SERVICE KANSAS CITY/PLEASANT HILL MO
732 PM CDT MON APR 17 2017


...................................

...THE KANSAS CITY INTERNATIONAL MO CLIMATE SUMMARY FOR APRIL 17 2017...
VALID TODAY AS OF 0700 PM LOCAL TIME.

CLIMATE NORMAL PERIOD 1981 TO 2010
CLIMATE RECORD PERIOD 1888 TO 2017


WEATHER ITEM   OBSERVED TIME   RECORD YEAR NORMAL DEPARTURE LAST
                VALUE   (LST)  VALUE       VALUE  FROM      YEAR
                                                  NORMAL
..................................................................
TEMPERATURE (F)
 TODAY
  MAXIMUM         72    253 PM  87    1954  66      6       76
  MINIMUM         50    558 AM  28    1953  45      5       57
                                      1921
  AVERAGE         61                        55      6       67

PRECIPITATION (IN)
  TODAY            0.00          1.93 1940   0.12  -0.12     0.02
  MONTH TO DATE    4.03                      1.85   2.18     0.36
  SINCE MAR 1      6.84                      4.22   2.62     3.08
  SINCE JAN 1      8.29                      6.75   1.54     4.24

SNOWFALL (IN)
  TODAY            0.0           T    1999   0.0    0.0      0.0
                                      1953
  MONTH TO DATE    0.0                       0.5   -0.5      0.0
  SINCE MAR 1      0.4                       2.5   -2.1      0.6
  SINCE JUL 1      4.9                      18.7  -13.8      5.9
  SNOW DEPTH       0

DEGREE DAYS
 HEATING
  TODAY            4                        11     -7        0
  MONTH TO DATE  133                       220    -87      175
  SINCE MAR 1    658                       866   -208      618
  SINCE JUL 1   3912                      4911   -999     3975

 COOLING
  TODAY            0                         1     -1        2
  MONTH TO DATE   20                        11      9        4
  SINCE MAR 1     26                        14     12        6
  SINCE JAN 1     26                        14     12        6
..................................................................


WIND (MPH)
  HIGHEST WIND SPEED    15   HIGHEST WIND DIRECTION     E (110)
  HIGHEST GUST SPEED    18   HIGHEST GUST DIRECTION     E (110)
  AVERAGE WIND SPEED     8.4


SKY COVER
  POSSIBLE SUNSHINE  MM
  AVERAGE SKY COVER 0.6


WEATHER CONDITIONS
 THE FOLLOWING WEATHER WAS RECORDED TODAY.
  NO SIGNIFICANT WEATHER WAS OBSERVED.


RELATIVE HUMIDITY (PERCENT)
 HIGHEST    96           300 AM
 LOWEST     49          1200 PM
 AVERAGE    73

..........................................................


THE KANSAS CITY INTERNATIONAL MO CLIMATE NORMALS FOR TOMORROW
                         NORMAL    RECORD    YEAR
 MAXIMUM TEMPERATURE (F)   67        91      2006
 MINIMUM TEMPERATURE (F)   45        27      1983


SUNRISE AND SUNSET
APRIL 17 2017.........SUNRISE   639 AM CDT   SUNSET   759 PM CDT
APRIL 18 2017.........SUNRISE   637 AM CDT   SUNSET   800 PM CDT


-  INDICATES NEGATIVE NUMBERS.
R  INDICATES RECORD WAS SET OR TIED.
MM INDICATES DATA IS MISSING.
T  INDICATES TRACE AMOUNT.


&&

...MISCELLANEOUS CLIMATE DATA FROM TODAY...

LOCATION                HIGH    LOW      PRECIP
ST. JOSEPH               M       M         M
DOWNTOWN KANSAS CITY     74      53       T
OLATHE NEW CENTURY       72      54       0.00
OLATHE JO CO EXEC        70      54       T
LEES SUMMIT              71      52       0.07
KIRKSVILLE               73      44       0.00
CHILLICOTHE              73      48       0.00
SEDALIA                  71      52       0.19
NWS PLEASANT HILL MO     72      52       0.12


THIS PRODUCT...ALONG WITH OTHER WEATHER...HYDROLOGICAL AND CLIMATE
INFORMATION...IS AVAILABLE ON THE WEB AT HTTP://WWW.WEATHER.GOV/EAX
OR AT HTTP://WEATHER.GOV

$$

CUTTER
