000
CDUS43 KEAX 010637
CLIMCI

CLIMATE REPORT
NATIONAL WEATHER SERVICE KANSAS CITY/PLEASANT HILL MO
135 AM CDT SUN MAY 1 2016


...................................

...THE KANSAS CITY INTERNATIONAL MO CLIMATE SUMMARY FOR APRIL 30 2016...

CLIMATE NORMAL PERIOD 1981 TO 2010
CLIMATE RECORD PERIOD 1888 TO 2016


WEATHER ITEM   OBSERVED TIME   RECORD YEAR NORMAL DEPARTURE LAST
                VALUE   (LST)  VALUE       VALUE  FROM      YEAR
                                                  NORMAL
..................................................................
TEMPERATURE (F)
 YESTERDAY
  MAXIMUM         67    412 PM  91    1936  70     -3       74
  MINIMUM         52    146 AM  31    2005  49      3       44
                                      1903
  AVERAGE         60                        60      0       59

PRECIPITATION (IN)
  YESTERDAY        0.45          2.32 1916   0.16   0.29     0.00
  MONTH TO DATE    7.15                      3.70   3.45     3.29
  SINCE MAR 1      9.87                      6.07   3.80     4.17
  SINCE JAN 1     11.03                      8.60   2.43     6.35

SNOWFALL (IN)
  YESTERDAY        0.0           1.7  1960   0.0    0.0      0.0
  MONTH TO DATE    0.0                       0.6   -0.6      0.0
  SINCE MAR 1      0.6                       2.6   -2.0       T
  SINCE JUL 1      5.9                      18.8  -12.9     14.2
  SNOW DEPTH       0

DEGREE DAYS
 HEATING
  YESTERDAY        5                         7     -2        6
  MONTH TO DATE  242                       329    -87      244
  SINCE MAR 1    685                       975   -290      806
  SINCE JUL 1   4042                      5020   -978     5020

 COOLING
  YESTERDAY        0                         1     -1        0
  MONTH TO DATE   12                        25    -13        7
  SINCE MAR 1     14                        28    -14        9
  SINCE JAN 1     14                        28    -14        9
..................................................................


WIND (MPH)
  HIGHEST WIND SPEED    21   HIGHEST WIND DIRECTION    SW (230)
  HIGHEST GUST SPEED    27   HIGHEST GUST DIRECTION     W (260)
  AVERAGE WIND SPEED     9.8


SKY COVER
  POSSIBLE SUNSHINE  MM
  AVERAGE SKY COVER 0.8


WEATHER CONDITIONS
 THE FOLLOWING WEATHER WAS RECORDED YESTERDAY.
  THUNDERSTORM
  HEAVY RAIN
  LIGHT RAIN
  FOG
  FOG W/VISIBILITY <= 1/4 MILE


RELATIVE HUMIDITY (PERCENT)
 HIGHEST   100           700 AM
 LOWEST     60           400 PM
 AVERAGE    80

..........................................................


THE KANSAS CITY INTERNATIONAL MO CLIMATE NORMALS FOR TODAY
                         NORMAL    RECORD    YEAR
 MAXIMUM TEMPERATURE (F)   70        90      1959
 MINIMUM TEMPERATURE (F)   50        29      1909


SUNRISE AND SUNSET
MAY  1 2016...........SUNRISE   620 AM CDT   SUNSET   813 PM CDT
MAY  2 2016...........SUNRISE   618 AM CDT   SUNSET   814 PM CDT


-  INDICATES NEGATIVE NUMBERS.
R  INDICATES RECORD WAS SET OR TIED.
MM INDICATES DATA IS MISSING.
T  INDICATES TRACE AMOUNT.


&&

...MISCELLANEOUS CLIMATE DATA FROM YESTERDAY...

LOCATION                HIGH    LOW      PRECIP
ST. JOSEPH               65      50       0.39
DOWNTOWN KANSAS CITY     70      54       0.18
OLATHE NEW CENTURY       67      53       0.26
OLATHE JO CO EXEC        66      53       0.13
LEES SUMMIT              69      55       0.18
KIRKSVILLE               68      48       0.25
CHILLICOTHE              73      51       0.21
SEDALIA                  75      57       0.08
NWS PLEASANT HILL MO     72      50       0.04


THIS PRODUCT...ALONG WITH OTHER WEATHER...HYDROLOGICAL AND CLIMATE
INFORMATION...IS AVAILABLE ON THE WEB AT HTTP://WWW.WEATHER.GOV/EAX
OR AT HTTP://WEATHER.GOV

$$

PM
