000
CDUS43 KEAX 150044
CLIMCI

CLIMATE REPORT
NATIONAL WEATHER SERVICE KANSAS CITY/PLEASANT HILL MO
643 PM CST SAT JAN 14 2017


...................................

...THE KANSAS CITY INTERNATIONAL MO CLIMATE SUMMARY FOR JANUARY 14 2017...
VALID TODAY AS OF 0600 PM LOCAL TIME.

CLIMATE NORMAL PERIOD 1981 TO 2010
CLIMATE RECORD PERIOD 1888 TO 2017


WEATHER ITEM   OBSERVED TIME   RECORD YEAR NORMAL DEPARTURE LAST
                VALUE   (LST)  VALUE       VALUE  FROM      YEAR
                                                  NORMAL
..................................................................
TEMPERATURE (F)
 TODAY
  MAXIMUM         33    422 PM  69    1952  38     -5       60
  MINIMUM         25    619 AM -10    1979  19      6       33
  AVERAGE         29                        28      1       47

PRECIPITATION (IN)
  TODAY            T             0.60 1962   0.03  -0.03     0.00
  MONTH TO DATE    0.49                      0.43   0.06     0.60
  SINCE DEC 1      1.68                      1.96  -0.28     3.84
  SINCE JAN 1      0.49                      0.43   0.06     0.60

SNOWFALL (IN)
  TODAY            0.0           5.8  1962   0.1   -0.1      0.0
  MONTH TO DATE    2.2                       1.9    0.3       T
  SINCE DEC 1      4.5                       6.7   -2.2      2.5
  SINCE JUL 1      4.5                       8.1   -3.6      2.5
  SNOW DEPTH       0

DEGREE DAYS
 HEATING
  TODAY           36                        36      0       18
  MONTH TO DATE  554                       504     50      486
  SINCE DEC 1   1627                      1544     83     1262
  SINCE JUL 1   2211                      2546   -335     2009

 COOLING
  TODAY            0                         0      0        0
  MONTH TO DATE    0                         0      0        0
  SINCE DEC 1      0                         0      0        0
  SINCE JAN 1      0                         0      0        0
..................................................................


WIND (MPH)
  HIGHEST WIND SPEED     8   HIGHEST WIND DIRECTION    NE (30)
  HIGHEST GUST SPEED    10   HIGHEST GUST DIRECTION     N (340)
  AVERAGE WIND SPEED     4.5


SKY COVER
  POSSIBLE SUNSHINE  MM
  AVERAGE SKY COVER 0.9


WEATHER CONDITIONS
 THE FOLLOWING WEATHER WAS RECORDED TODAY.
  LT FREEZING RAIN
  FOG
  HAZE


RELATIVE HUMIDITY (PERCENT)
 HIGHEST    88           500 AM
 LOWEST     61           300 PM
 AVERAGE    75

..........................................................


THE KANSAS CITY INTERNATIONAL MO CLIMATE NORMALS FOR TOMORROW
                         NORMAL    RECORD    YEAR
 MAXIMUM TEMPERATURE (F)   38        66      2006
 MINIMUM TEMPERATURE (F)   19       -10      1979


SUNRISE AND SUNSET
JANUARY 14 2017.......SUNRISE   737 AM CST   SUNSET   519 PM CST
JANUARY 15 2017.......SUNRISE   737 AM CST   SUNSET   520 PM CST


-  INDICATES NEGATIVE NUMBERS.
R  INDICATES RECORD WAS SET OR TIED.
MM INDICATES DATA IS MISSING.
T  INDICATES TRACE AMOUNT.


&&

...MISCELLANEOUS CLIMATE DATA FROM TODAY...

LOCATION                HIGH    LOW      PRECIP
ST. JOSEPH               35      26       0.02
DOWNTOWN KANSAS CITY     34      27       0.00
OLATHE NEW CENTURY       33      25       0.00
OLATHE JO CO EXEC        31      24       0.00
LEES SUMMIT              30      25       0.00
KIRKSVILLE               30      25       0.06
CHILLICOTHE              33      26       0.02
SEDALIA                  31      28       0.00
NWS PLEASANT HILL MO     29      25       T


THIS PRODUCT...ALONG WITH OTHER WEATHER...HYDROLOGICAL AND CLIMATE
INFORMATION...IS AVAILABLE ON THE WEB AT HTTP://WWW.WEATHER.GOV/EAX
OR AT HTTP://WEATHER.GOV

$$

73
