000
CDUS43 KEAX 120640
CLIMCI

CLIMATE REPORT
NATIONAL WEATHER SERVICE KANSAS CITY/PLEASANT HILL MO
138 AM CDT WED JUL 12 2017


...................................

...THE KANSAS CITY INTERNATIONAL MO CLIMATE SUMMARY FOR JULY 11 2017...

CLIMATE NORMAL PERIOD 1981 TO 2010
CLIMATE RECORD PERIOD 1888 TO 2017


WEATHER ITEM   OBSERVED TIME   RECORD YEAR NORMAL DEPARTURE LAST
                VALUE   (LST)  VALUE       VALUE  FROM      YEAR
                                                  NORMAL
..................................................................
TEMPERATURE (F)
 YESTERDAY
  MAXIMUM         93    410 PM 108    1954  88      5       91
  MINIMUM         76    621 AM  54    1895  69      7       74
  AVERAGE         85                        78      7       83

PRECIPITATION (IN)
  YESTERDAY        0.00          2.19 2010   0.16  -0.16     0.00
  MONTH TO DATE    0.27                      1.74  -1.47     6.06
  SINCE JUN 1      6.70                      6.97  -0.27     7.04
  SINCE JAN 1     22.97                     20.80   2.17    27.57

SNOWFALL (IN)
  YESTERDAY        0.0           0.0    MM   0.0    0.0      0.0
  MONTH TO DATE    0.0                       0.0    0.0      0.0
  SINCE JUN 1      0.0                       0.0    0.0      0.0
  SINCE JUL 1      0.0                       0.0    0.0      0.0
  SNOW DEPTH       0

DEGREE DAYS
 HEATING
  YESTERDAY        0                         0      0        0
  MONTH TO DATE    0                         0      0        0
  SINCE JUN 1      1                         9     -8        0
  SINCE JUL 1      0                         0      0        0

 COOLING
  YESTERDAY       20                        13      7       18
  MONTH TO DATE  139                       141     -2      132
  SINCE JUN 1    438                       407     31      549
  SINCE JAN 1    549                       523     26      620
..................................................................


WIND (MPH)
  HIGHEST WIND SPEED    23   HIGHEST WIND DIRECTION     S (180)
  HIGHEST GUST SPEED    29   HIGHEST GUST DIRECTION     S (180)
  AVERAGE WIND SPEED    13.9


SKY COVER
  POSSIBLE SUNSHINE  MM
  AVERAGE SKY COVER 0.3


WEATHER CONDITIONS
 THE FOLLOWING WEATHER WAS RECORDED YESTERDAY.
  FOG
  HAZE


RELATIVE HUMIDITY (PERCENT)
 HIGHEST    87           300 AM
 LOWEST     52           300 PM
 AVERAGE    70

..........................................................


THE KANSAS CITY INTERNATIONAL MO CLIMATE NORMALS FOR TODAY
                         NORMAL    RECORD    YEAR
 MAXIMUM TEMPERATURE (F)   88       109      1954
 MINIMUM TEMPERATURE (F)   69        56      1990


SUNRISE AND SUNSET
JULY 12 2017..........SUNRISE   603 AM CDT   SUNSET   846 PM CDT
JULY 13 2017..........SUNRISE   603 AM CDT   SUNSET   846 PM CDT


-  INDICATES NEGATIVE NUMBERS.
R  INDICATES RECORD WAS SET OR TIED.
MM INDICATES DATA IS MISSING.
T  INDICATES TRACE AMOUNT.


&&

...MISCELLANEOUS CLIMATE DATA FROM YESTERDAY...

LOCATION                HIGH    LOW      PRECIP
ST. JOSEPH               94      72       0.00
DOWNTOWN KANSAS CITY     96      78       0.00
OLATHE NEW CENTURY       94      74       0.00
OLATHE JO CO EXEC        90      73       0.00
LEES SUMMIT              93      75       0.00
KIRKSVILLE               92      77       0.00
CHILLICOTHE              92      76       0.00
SEDALIA                  94      75       0.00
NWS PLEASANT HILL MO     92      74       0.00


THIS PRODUCT...ALONG WITH OTHER WEATHER...HYDROLOGICAL AND CLIMATE
INFORMATION...IS AVAILABLE ON THE WEB AT HTTP://WWW.WEATHER.GOV/EAX
OR AT HTTP://WEATHER.GOV

$$
