000
CDUS43 KEAX 210633
CLIMCI

CLIMATE REPORT
NATIONAL WEATHER SERVICE KANSAS CITY/PLEASANT HILL MO
132 AM CDT TUE MAR 21 2017


...................................

...THE KANSAS CITY INTERNATIONAL MO CLIMATE SUMMARY FOR MARCH 20 2017...

CLIMATE NORMAL PERIOD 1981 TO 2010
CLIMATE RECORD PERIOD 1888 TO 2017


WEATHER ITEM   OBSERVED TIME   RECORD YEAR NORMAL DEPARTURE LAST
                VALUE   (LST)  VALUE       VALUE  FROM      YEAR
                                                  NORMAL
..................................................................
TEMPERATURE (F)
 YESTERDAY
  MAXIMUM         79    251 PM  82    1953  57     22       49
  MINIMUM         56   1159 PM   8    1906  35     21       32
  AVERAGE         68                        46     22       41

PRECIPITATION (IN)
  YESTERDAY        0.00          1.48 1962   0.08  -0.08     0.01
  MONTH TO DATE    0.42                      1.40  -0.98     1.17
  SINCE MAR 1      0.42                      1.40  -0.98     1.17
  SINCE JAN 1      1.87                      3.93  -2.06     2.33

SNOWFALL (IN)
  YESTERDAY        0.0           7.3  2010   0.1   -0.1      0.1
  MONTH TO DATE    0.4                       1.5   -1.1      0.3
  SINCE MAR 1      0.4                       1.5   -1.1      0.3
  SINCE JUL 1      4.9                      17.7  -12.8      5.6
  SNOW DEPTH       0

DEGREE DAYS
 HEATING
  YESTERDAY        0                        19    -19       24
  MONTH TO DATE  380                       456    -76      293
  SINCE MAR 1    380                       456    -76      293
  SINCE JUL 1   3634                      4501   -867     3650

 COOLING
  YESTERDAY        3                         0      3        0
  MONTH TO DATE    6                         0      6        2
  SINCE MAR 1      6                         0      6        2
  SINCE JAN 1      6                         0      6        2
..................................................................


WIND (MPH)
  HIGHEST WIND SPEED    20   HIGHEST WIND DIRECTION     S (200)
  HIGHEST GUST SPEED    26   HIGHEST GUST DIRECTION     S (200)
  AVERAGE WIND SPEED    11.5


SKY COVER
  POSSIBLE SUNSHINE  MM
  AVERAGE SKY COVER 0.3


WEATHER CONDITIONS
 THE FOLLOWING WEATHER WAS RECORDED YESTERDAY.
  FOG
  HAZE


RELATIVE HUMIDITY (PERCENT)
 HIGHEST    90           700 AM
 LOWEST     35           300 PM
 AVERAGE    63

..........................................................


THE KANSAS CITY INTERNATIONAL MO CLIMATE NORMALS FOR TODAY
                         NORMAL    RECORD    YEAR
 MAXIMUM TEMPERATURE (F)   57        91      1907
 MINIMUM TEMPERATURE (F)   35        13      1913


SUNRISE AND SUNSET
MARCH 21 2017.........SUNRISE   720 AM CDT   SUNSET   732 PM CDT
MARCH 22 2017.........SUNRISE   719 AM CDT   SUNSET   733 PM CDT


-  INDICATES NEGATIVE NUMBERS.
R  INDICATES RECORD WAS SET OR TIED.
MM INDICATES DATA IS MISSING.
T  INDICATES TRACE AMOUNT.


&&

...MISCELLANEOUS CLIMATE DATA FROM YESTERDAY...

LOCATION                HIGH    LOW      PRECIP
ST. JOSEPH               77      54       0.00
DOWNTOWN KANSAS CITY     82      59       0.00
OLATHE NEW CENTURY       83      60       0.00
OLATHE JO CO EXEC        82      59       0.00
LEES SUMMIT              82      64       0.00
KIRKSVILLE               73      47       0.00
CHILLICOTHE              77      54       0.00
SEDALIA                  86      58       0.00
NWS PLEASANT HILL MO     84      58       0.00


THIS PRODUCT...ALONG WITH OTHER WEATHER...HYDROLOGICAL AND CLIMATE
INFORMATION...IS AVAILABLE ON THE WEB AT HTTP://WWW.WEATHER.GOV/EAX
OR AT HTTP://WEATHER.GOV

$$
