000
CDUS43 KEAX 020651
CLIMCI

CLIMATE REPORT
NATIONAL WEATHER SERVICE KANSAS CITY/PLEASANT HILL MO
147 AM CDT THU JUL 2 2015


...................................

...THE KANSAS CITY INTERNATIONAL MO CLIMATE SUMMARY FOR JULY 1 2015...

CLIMATE NORMAL PERIOD 1981 TO 2010
CLIMATE RECORD PERIOD 1888 TO 2015


WEATHER ITEM   OBSERVED TIME   RECORD YEAR NORMAL DEPARTURE LAST
                VALUE   (LST)  VALUE       VALUE  FROM      YEAR
                                                  NORMAL
..................................................................
TEMPERATURE (F)
 YESTERDAY
  MAXIMUM         85    412 PM 103    1933  87     -2       84
  MINIMUM         68    620 AM  54    1995  67      1       63
  AVERAGE         77                        77      0       74

PRECIPITATION (IN)
  YESTERDAY        0.46          3.62 1902   0.16   0.30     0.00
  MONTH TO DATE    0.46                      0.16   0.30     0.00
  SINCE JUN 1      8.04                      5.39   2.65     6.91
  SINCE JAN 1     24.64                     19.22   5.42    15.53

SNOWFALL (IN)
  YESTERDAY        0.0           0.0    MM   0.0    0.0      0.0
  MONTH TO DATE    0.0                       0.0    0.0      0.0
  SINCE JUN 1      0.0                       0.0    0.0      0.0
  SINCE JUL 1      0.0                       0.0    0.0      0.0
  SNOW DEPTH       0

DEGREE DAYS
 HEATING
  YESTERDAY        0                         0      0        0
  MONTH TO DATE    0                         0      0        0
  SINCE JUN 1      3                         9     -6        1
  SINCE JUL 1      0                         0      0        0

 COOLING
  YESTERDAY       12                        12      0        9
  MONTH TO DATE   12                        12      0        9
  SINCE JUN 1    317                       278     39      286
  SINCE JAN 1    385                       394     -9      447
..................................................................


WIND (MPH)
  HIGHEST WIND SPEED    20   HIGHEST WIND DIRECTION     S (180)
  HIGHEST GUST SPEED    29   HIGHEST GUST DIRECTION     N (350)
  AVERAGE WIND SPEED    11.1


SKY COVER
  POSSIBLE SUNSHINE  MM
  AVERAGE SKY COVER 0.7


WEATHER CONDITIONS
 THE FOLLOWING WEATHER WAS RECORDED YESTERDAY.
  THUNDERSTORM
  HEAVY RAIN
  RAIN
  LIGHT RAIN
  FOG


RELATIVE HUMIDITY (PERCENT)
 HIGHEST    97           800 AM
 LOWEST     70           200 PM
 AVERAGE    84

..........................................................


THE KANSAS CITY INTERNATIONAL MO CLIMATE NORMALS FOR TODAY
                         NORMAL    RECORD    YEAR
 MAXIMUM TEMPERATURE (F)   87       105      1934
 MINIMUM TEMPERATURE (F)   68        53      1924


SUNRISE AND SUNSET
JULY  2 2015..........SUNRISE   556 AM CDT   SUNSET   849 PM CDT
JULY  3 2015..........SUNRISE   557 AM CDT   SUNSET   849 PM CDT


-  INDICATES NEGATIVE NUMBERS.
R  INDICATES RECORD WAS SET OR TIED.
MM INDICATES DATA IS MISSING.
T  INDICATES TRACE AMOUNT.



&&

...MISCELLANEOUS CLIMATE DATA FROM YESTERDAY...

LOCATION                HIGH    LOW      PRECIP
ST. JOSEPH               86      69       0.32
DOWNTOWN KANSAS CITY     87      70       1.00
OLATHE NEW CENTURY       87      68       0.05
OLATHE JO CO EXEC        85      67       0.08
LEES SUMMIT              84      68       M  9
KIRKSVILLE               82      67       0.19
CHILLICOTHE              86      69       0.11
SEDALIA                  84      69       4.25
NWS PLEASANT HILL MO     84      M  9       4.17


THIS PRODUCT...ALONG WITH OTHER WEATHER...HYDROLOGICAL AND CLIMATE
INFORMATION...IS AVAILABLE ON THE WEB AT HTTP://WWW.CRH.NOAA.GOV/EAX
OR AT HTTP://WEATHER.GOV

$$

CUTTER
