000
CDUS43 KEAX 130632
CLIMCI

CLIMATE REPORT
NATIONAL WEATHER SERVICE KANSAS CITY/PLEASANT HILL MO
1231 AM CST MON NOV 13 2017


...................................

...THE KANSAS CITY INTERNATIONAL MO CLIMATE SUMMARY FOR NOVEMBER 12 2017...

CLIMATE NORMAL PERIOD 1981 TO 2010
CLIMATE RECORD PERIOD 1888 TO 2017


WEATHER ITEM   OBSERVED TIME   RECORD YEAR NORMAL DEPARTURE LAST
                VALUE   (LST)  VALUE       VALUE  FROM      YEAR
                                                  NORMAL
..................................................................
TEMPERATURE (F)
 YESTERDAY
  MAXIMUM         47   1009 AM  77    2005  55     -8       56
                                      1944
  MINIMUM         36   1124 PM   6    1911  36      0       31
  AVERAGE         42                        46     -4       44

PRECIPITATION (IN)
  YESTERDAY        0.01          1.40 2010   0.08  -0.07     0.00
  MONTH TO DATE    0.17                      0.94  -0.77     0.31
  SINCE SEP 1      7.84                      8.72  -0.88     7.83
  SINCE JAN 1     45.73                     36.12   9.61    47.26

SNOWFALL (IN)
  YESTERDAY        0.0           2.5  1893   0.0    0.0      0.0
  MONTH TO DATE    0.0                       0.2   -0.2      0.0
  SINCE SEP 1      T                         0.4   -0.4      0.0
  SINCE JUL 1      T                         0.4   -0.4      0.0
  SNOW DEPTH       0

DEGREE DAYS
 HEATING
  YESTERDAY       23                        19      4       21
  MONTH TO DATE  287                       203     84      108
  SINCE SEP 1    564                       561      3      273
  SINCE JUL 1    568                       563      5      273

 COOLING
  YESTERDAY        0                         0      0        0
  MONTH TO DATE    0                         0      0        7
  SINCE SEP 1    247                       185     62      282
  SINCE JAN 1   1325                      1358    -33     1579
..................................................................


WIND (MPH)
  HIGHEST WIND SPEED    13   HIGHEST WIND DIRECTION     N (340)
  HIGHEST GUST SPEED    15   HIGHEST GUST DIRECTION     N (350)
  AVERAGE WIND SPEED     6.2


SKY COVER
  POSSIBLE SUNSHINE  MM
  AVERAGE SKY COVER 0.8


WEATHER CONDITIONS
 THE FOLLOWING WEATHER WAS RECORDED YESTERDAY.
  LIGHT RAIN
  FOG


RELATIVE HUMIDITY (PERCENT)
 HIGHEST   100          1200 AM
 LOWEST     86          1200 PM
 AVERAGE    93

..........................................................


THE KANSAS CITY INTERNATIONAL MO CLIMATE NORMALS FOR TODAY
                         NORMAL    RECORD    YEAR
 MAXIMUM TEMPERATURE (F)   55        79      1999
 MINIMUM TEMPERATURE (F)   35         3      1986


SUNRISE AND SUNSET
NOVEMBER 13 2017......SUNRISE   701 AM CST   SUNSET   505 PM CST
NOVEMBER 14 2017......SUNRISE   702 AM CST   SUNSET   505 PM CST


-  INDICATES NEGATIVE NUMBERS.
R  INDICATES RECORD WAS SET OR TIED.
MM INDICATES DATA IS MISSING.
T  INDICATES TRACE AMOUNT.


&&

...MISCELLANEOUS CLIMATE DATA FROM YESTERDAY...

LOCATION                HIGH    LOW      PRECIP
ST. JOSEPH               52      26       0.01
DOWNTOWN KANSAS CITY     49      39       0.00
OLATHE NEW CENTURY       47      42       0.00
OLATHE JO CO EXEC        46      42       0.00
LEES SUMMIT              48      44       0.00
KIRKSVILLE               45      34       0.04
CHILLICOTHE              48      30       0.06
SEDALIA                  50      45       0.00
NWS PLEASANT HILL MO     48      44       T


THIS PRODUCT...ALONG WITH OTHER WEATHER...HYDROLOGICAL AND CLIMATE
INFORMATION...IS AVAILABLE ON THE WEB AT HTTP://WWW.WEATHER.GOV/EAX
OR AT HTTP://WEATHER.GOV

$$

JW
