000
CDUS43 KEAX 132126
CLIMCI

CLIMATE REPORT
NATIONAL WEATHER SERVICE KANSAS CITY/PLEASANT HILL MO
425 PM CDT THU JUL 13 2017


...................................

...THE KANSAS CITY INTERNATIONAL MO CLIMATE SUMMARY FOR JULY 13 2017...
VALID AS OF 0400 PM LOCAL TIME.

CLIMATE NORMAL PERIOD 1981 TO 2010
CLIMATE RECORD PERIOD 1888 TO 2017


WEATHER ITEM   OBSERVED TIME   RECORD YEAR NORMAL DEPARTURE LAST
                VALUE   (LST)  VALUE       VALUE  FROM      YEAR
                                                  NORMAL
..................................................................
TEMPERATURE (F)
 TODAY
  MAXIMUM         88    252 PM 112    1954  88      0       85
  MINIMUM         71    710 AM  54    1975  69      2       68
  AVERAGE         80                        78      2       77

PRECIPITATION (IN)
  TODAY            0.01          1.78 1952   0.16  -0.15     0.54
  MONTH TO DATE    0.28                      2.05  -1.77     7.74
  SINCE JUN 1      6.71                      7.28  -0.57     8.72
  SINCE JAN 1     22.98                     21.11   1.87    29.25

SNOWFALL (IN)
  TODAY            0.0           0.0    MM   0.0    0.0      0.0
  MONTH TO DATE    0.0                       0.0    0.0      0.0
  SINCE JUN 1      0.0                       0.0    0.0      0.0
  SINCE JUL 1      0.0                       0.0    0.0      0.0
  SNOW DEPTH       0

DEGREE DAYS
 HEATING
  TODAY            0                         0      0        0
  MONTH TO DATE    0                         0      0        0
  SINCE JUN 1      1                         9     -8        0
  SINCE JUL 1      0                         0      0        0

 COOLING
  TODAY           15                        13      2       12
  MONTH TO DATE  175                       167      8      154
  SINCE JUN 1    474                       433     41      571
  SINCE JAN 1    585                       549     36      642
..................................................................


WIND (MPH)
  HIGHEST WIND SPEED    24   HIGHEST WIND DIRECTION     E (70)
  HIGHEST GUST SPEED    42   HIGHEST GUST DIRECTION     N (360)
  AVERAGE WIND SPEED     9.6


SKY COVER
  POSSIBLE SUNSHINE  MM
  AVERAGE SKY COVER 0.8


WEATHER CONDITIONS
 THE FOLLOWING WEATHER WAS RECORDED TODAY.
  THUNDERSTORM
  LIGHT RAIN


RELATIVE HUMIDITY (PERCENT)
 HIGHEST    88           300 AM
 LOWEST     63           300 PM
 AVERAGE    76

..........................................................


THE KANSAS CITY INTERNATIONAL MO CLIMATE NORMALS FOR TOMORROW
                         NORMAL    RECORD    YEAR
 MAXIMUM TEMPERATURE (F)   88       111      1954
 MINIMUM TEMPERATURE (F)   69        54      1990
                                             1950


SUNRISE AND SUNSET
JULY 13 2017..........SUNRISE   603 AM CDT   SUNSET   846 PM CDT
JULY 14 2017..........SUNRISE   604 AM CDT   SUNSET   845 PM CDT


-  INDICATES NEGATIVE NUMBERS.
R  INDICATES RECORD WAS SET OR TIED.
MM INDICATES DATA IS MISSING.
T  INDICATES TRACE AMOUNT.


&&

...MISCELLANEOUS CLIMATE DATA FROM TODAY...

LOCATION                HIGH    LOW      PRECIP
ST. JOSEPH               85      70       1.00
DOWNTOWN KANSAS CITY     91      74       0.06
OLATHE NEW CENTURY       92      73       T
OLATHE JO CO EXEC        88      70       0.33
LEES SUMMIT              90      72       0.19
KIRKSVILLE               85      71       0.63
CHILLICOTHE              87      70       3.64
SEDALIA                  93      73       0.00
NWS PLEASANT HILL MO     92      72       0.01


THIS PRODUCT...ALONG WITH OTHER WEATHER...HYDROLOGICAL AND CLIMATE
INFORMATION...IS AVAILABLE ON THE WEB AT HTTP://WWW.WEATHER.GOV/EAX
OR AT HTTP://WEATHER.GOV

$$

CUTTER
