385
CDUS43 KEAX 132224
CLIMCI

CLIMATE REPORT
NATIONAL WEATHER SERVICE KANSAS CITY/PLEASANT HILL MO
423 PM CST TUE FEB 13 2018


...................................

...THE KANSAS CITY INTERNATIONAL MO CLIMATE SUMMARY FOR FEBRUARY 13 2018...
VALID AS OF 0400 PM LOCAL TIME.

CLIMATE NORMAL PERIOD 1981 TO 2010
CLIMATE RECORD PERIOD 1888 TO 2018


WEATHER ITEM   OBSERVED TIME   RECORD YEAR NORMAL DEPARTURE LAST
                VALUE   (LST)  VALUE       VALUE  FROM      YEAR
                                                  NORMAL
..................................................................
TEMPERATURE (F)
 TODAY
  MAXIMUM         50    259 PM  71    1967  43      7       50
  MINIMUM         25    642 AM -21    1905  23      2       28
  AVERAGE         38                        33      5       39

PRECIPITATION (IN)
  TODAY            0.00          1.45 1911   0.05  -0.05     0.00
  MONTH TO DATE    0.09                      0.64  -0.55      T
  SINCE DEC 1      1.41                      3.24  -1.83     2.58
  SINCE JAN 1      1.22                      1.71  -0.49     1.39

SNOWFALL (IN)
  TODAY            0.0           5.5  1978   0.2   -0.2      0.0
  MONTH TO DATE    0.5                       2.7   -2.2      0.0
  SINCE DEC 1      5.4                      12.1   -6.7      4.5
  SINCE JUL 1      5.4                      13.5   -8.1      4.5
  SNOW DEPTH       0

DEGREE DAYS
 HEATING
  TODAY           27                        32     -5       26
  MONTH TO DATE  525                       440     85      370
  SINCE DEC 1   2662                      2602     60     2448
  SINCE JUL 1   3542                      3604    -62     3032

 COOLING
  TODAY            0                         0      0        0
  MONTH TO DATE    0                         0      0        0
  SINCE DEC 1      0                         0      0        0
  SINCE JAN 1      0                         0      0        0
..................................................................


WIND (MPH)
  HIGHEST WIND SPEED    20   HIGHEST WIND DIRECTION     S (190)
  HIGHEST GUST SPEED    25   HIGHEST GUST DIRECTION     S (200)
  AVERAGE WIND SPEED    12.0


SKY COVER
  POSSIBLE SUNSHINE  MM
  AVERAGE SKY COVER 0.7


WEATHER CONDITIONS
 THE FOLLOWING WEATHER WAS RECORDED TODAY.
  NO SIGNIFICANT WEATHER WAS OBSERVED.


RELATIVE HUMIDITY (PERCENT)
 HIGHEST    74           500 AM
 LOWEST     32           300 PM
 AVERAGE    53

..........................................................


THE KANSAS CITY INTERNATIONAL MO CLIMATE NORMALS FOR TOMORROW
                         NORMAL    RECORD    YEAR
 MAXIMUM TEMPERATURE (F)   43        76      1954
 MINIMUM TEMPERATURE (F)   23        -4      1936


SUNRISE AND SUNSET
FEBRUARY 13 2018......SUNRISE   713 AM CST   SUNSET   554 PM CST
FEBRUARY 14 2018......SUNRISE   712 AM CST   SUNSET   555 PM CST


-  INDICATES NEGATIVE NUMBERS.
R  INDICATES RECORD WAS SET OR TIED.
MM INDICATES DATA IS MISSING.
T  INDICATES TRACE AMOUNT.


&&

...MISCELLANEOUS CLIMATE DATA FROM TODAY...

LOCATION                HIGH    LOW      PRECIP
ST. JOSEPH               50      25       0.00
DOWNTOWN KANSAS CITY     51      27       0.00
OLATHE NEW CENTURY       48      26       0.00
OLATHE JO CO EXEC        46      25       0.00
LEES SUMMIT              46      25       0.00
KIRKSVILLE               44      15       0.00
CHILLICOTHE              48      20       0.00
SEDALIA                  45      24       T
NWS PLEASANT HILL MO     46      24       0.00


THIS PRODUCT...ALONG WITH OTHER WEATHER...HYDROLOGICAL AND CLIMATE
INFORMATION...IS AVAILABLE ON THE WEB AT HTTP://WWW.WEATHER.GOV/EAX
OR AT HTTP://WEATHER.GOV

$$
