539
CDUS43 KEAX 122124
CLIMCI

CLIMATE REPORT
NATIONAL WEATHER SERVICE KANSAS CITY/PLEASANT HILL MO
423 PM CDT TUE MAY 12 2015


...................................

...THE KANSAS CITY INTERNATIONAL MO CLIMATE SUMMARY FOR MAY 12 2015...
VALID AS OF 0400 PM LOCAL TIME.

CLIMATE NORMAL PERIOD 1981 TO 2010
CLIMATE RECORD PERIOD 1888 TO 2015


WEATHER ITEM   OBSERVED TIME   RECORD YEAR NORMAL DEPARTURE LAST
                VALUE   (LST)  VALUE       VALUE  FROM      YEAR
                                                  NORMAL
..................................................................
TEMPERATURE (F)
 TODAY
  MAXIMUM         69    259 PM  93    1962  74     -5       77
  MINIMUM         41    428 AM  33    2013  53    -12       49
  AVERAGE         55                        63     -8       63

PRECIPITATION (IN)
  TODAY            0.00          2.50 2010   0.17  -0.17     0.74
  MONTH TO DATE    2.21                      2.01   0.20     0.77
  SINCE MAR 1      6.38                      8.08  -1.70     6.31
  SINCE JAN 1      8.56                     10.61  -2.05     8.06

SNOWFALL (IN)
  TODAY            0.0           0.0    MM   0.0    0.0      0.0
  MONTH TO DATE    0.0                       0.0    0.0      0.0
  SINCE MAR 1      T                         2.6   -2.6      3.6
  SINCE JUL 1     14.2                      18.8   -4.6     26.2
  SNOW DEPTH       0

DEGREE DAYS
 HEATING
  TODAY           10                         4      6        2
  MONTH TO DATE   28                        59    -31       36
  SINCE MAR 1    834                      1034   -200     1142
  SINCE JUL 1   5048                      5079    -31     5708

 COOLING
  TODAY            0                         2     -2        0
  MONTH TO DATE   27                        18      9       47
  SINCE MAR 1     36                        46    -10       56
  SINCE JAN 1     36                        46    -10       56
..................................................................


WIND (MPH)
  HIGHEST WIND SPEED    12   HIGHEST WIND DIRECTION     N (340)
  HIGHEST GUST SPEED    17   HIGHEST GUST DIRECTION     N (340)
  AVERAGE WIND SPEED     6.5


SKY COVER
  POSSIBLE SUNSHINE  MM
  AVERAGE SKY COVER 0.3


WEATHER CONDITIONS
 THE FOLLOWING WEATHER WAS RECORDED TODAY.
  NO SIGNIFICANT WEATHER WAS OBSERVED.


RELATIVE HUMIDITY (PERCENT)
 HIGHEST    86           400 AM
 LOWEST     34           100 PM
 AVERAGE    60

..........................................................


THE KANSAS CITY INTERNATIONAL MO CLIMATE NORMALS FOR TOMORROW
                         NORMAL    RECORD    YEAR
 MAXIMUM TEMPERATURE (F)   74        90      1962
                                             1956
                                             1940
 MINIMUM TEMPERATURE (F)   53        36      1997


SUNRISE AND SUNSET
MAY 12 2015...........SUNRISE   608 AM CDT   SUNSET   823 PM CDT
MAY 13 2015...........SUNRISE   607 AM CDT   SUNSET   824 PM CDT


-  INDICATES NEGATIVE NUMBERS.
R  INDICATES RECORD WAS SET OR TIED.
MM INDICATES DATA IS MISSING.
T  INDICATES TRACE AMOUNT.




&&

...MISCELLANEOUS CLIMATE DATA FROM TODAY...

LOCATION                HIGH    LOW      PRECIP
ST. JOSEPH               69      41       0.00
DOWNTOWN KANSAS CITY     71      45       0.00
OLATHE NEW CENTURY       69      43       0.00
OLATHE JO CO EXEC        70      44       0.00
LEES SUMMIT              69      41       0.00
KIRKSVILLE               67      44       0.00
CHILLICOTHE              71      45       0.00
SEDALIA                  69      47       0.00
NWS PLEASANT HILL MO     69      43       0.00


THIS PRODUCT...ALONG WITH OTHER WEATHER...HYDROLOGICAL AND CLIMATE
INFORMATION...IS AVAILABLE ON THE WEB AT HTTP://WWW.CRH.NOAA.GOV/EAX
OR AT HTTP://WEATHER.GOV

$$
