000
CDUS43 KEAX 210634
CLIMCI

CLIMATE REPORT
NATIONAL WEATHER SERVICE KANSAS CITY/PLEASANT HILL MO
133 AM CDT THU APR 21 2016


...................................

...THE KANSAS CITY INTERNATIONAL MO CLIMATE SUMMARY FOR APRIL 20 2016...

CLIMATE NORMAL PERIOD 1981 TO 2010
CLIMATE RECORD PERIOD 1888 TO 2016


WEATHER ITEM   OBSERVED TIME   RECORD YEAR NORMAL DEPARTURE LAST
                VALUE   (LST)  VALUE       VALUE  FROM      YEAR
                                                  NORMAL
..................................................................
TEMPERATURE (F)
 YESTERDAY
  MAXIMUM         67    448 PM  90    1902  67      0       58
  MINIMUM         50   1112 PM  29    1953  46      4       42
  AVERAGE         59                        56      3       50

PRECIPITATION (IN)
  YESTERDAY        0.35          1.66 1992   0.13   0.22     0.00
  MONTH TO DATE    1.45                      2.23  -0.78     2.73
  SINCE MAR 1      4.17                      4.60  -0.43     3.61
  SINCE JAN 1      5.33                      7.13  -1.80     5.79

SNOWFALL (IN)
  YESTERDAY        0.0           2.7  1992   0.0    0.0      0.0
  MONTH TO DATE    0.0                       0.5   -0.5      0.0
  SINCE MAR 1      0.6                       2.5   -1.9       T
  SINCE JUL 1      5.9                      18.7  -12.8     14.2
  SNOW DEPTH       0

DEGREE DAYS
 HEATING
  YESTERDAY        6                        10     -4       15
  MONTH TO DATE  188                       250    -62      145
  SINCE MAR 1    631                       896   -265      707
  SINCE JUL 1   3988                      4941   -953     4921

 COOLING
  YESTERDAY        0                         1     -1        0
  MONTH TO DATE    4                        14    -10        7
  SINCE MAR 1      6                        17    -11        9
  SINCE JAN 1      6                        17    -11        9
..................................................................


WIND (MPH)
  HIGHEST WIND SPEED    18   HIGHEST WIND DIRECTION     W (250)
  HIGHEST GUST SPEED    23   HIGHEST GUST DIRECTION    SE (150)
  AVERAGE WIND SPEED     9.9


SKY COVER
  POSSIBLE SUNSHINE  MM
  AVERAGE SKY COVER 0.6


WEATHER CONDITIONS
 THE FOLLOWING WEATHER WAS RECORDED YESTERDAY.
  HEAVY RAIN
  RAIN
  LIGHT RAIN
  FOG


RELATIVE HUMIDITY (PERCENT)
 HIGHEST    93           200 AM
 LOWEST     52           600 PM
 AVERAGE    73

..........................................................


THE KANSAS CITY INTERNATIONAL MO CLIMATE NORMALS FOR TODAY
                         NORMAL    RECORD    YEAR
 MAXIMUM TEMPERATURE (F)   67        90      1980
 MINIMUM TEMPERATURE (F)   46        29      1982


SUNRISE AND SUNSET
APRIL 21 2016.........SUNRISE   633 AM CDT   SUNSET   803 PM CDT
APRIL 22 2016.........SUNRISE   631 AM CDT   SUNSET   804 PM CDT


-  INDICATES NEGATIVE NUMBERS.
R  INDICATES RECORD WAS SET OR TIED.
MM INDICATES DATA IS MISSING.
T  INDICATES TRACE AMOUNT.


&&

...MISCELLANEOUS CLIMATE DATA FROM YESTERDAY...

LOCATION                HIGH    LOW      PRECIP
ST. JOSEPH               66      49       0.28
DOWNTOWN KANSAS CITY     69      56       0.06
OLATHE NEW CENTURY       67      50       0.31
OLATHE JO CO EXEC        66      53       0.18
LEES SUMMIT              67      56       0.34
KIRKSVILLE               70      49       0.06
CHILLICOTHE              68      52       0.20
SEDALIA                  M       M         M
NWS PLEASANT HILL MO     68      54       0.35


THIS PRODUCT...ALONG WITH OTHER WEATHER...HYDROLOGICAL AND CLIMATE
INFORMATION...IS AVAILABLE ON THE WEB AT HTTP://WWW.WEATHER.GOV/EAX
OR AT HTTP://WEATHER.GOV

$$
