483
CDUS43 KEAX 030034
CLIMCI

CLIMATE REPORT
NATIONAL WEATHER SERVICE KANSAS CITY/PLEASANT HILL MO
633 PM CST FRI DEC 2 2016


...................................

...THE KANSAS CITY INTERNATIONAL MO CLIMATE SUMMARY FOR DECEMBER 2 2016...
VALID TODAY AS OF 0600 PM LOCAL TIME.

CLIMATE NORMAL PERIOD 1981 TO 2010
CLIMATE RECORD PERIOD 1888 TO 2016


WEATHER ITEM   OBSERVED TIME   RECORD YEAR NORMAL DEPARTURE LAST
                VALUE   (LST)  VALUE       VALUE  FROM      YEAR
                                                  NORMAL
..................................................................
TEMPERATURE (F)
 TODAY
  MAXIMUM         50    310 PM  70    1956  45      5       47
  MINIMUM         24    505 AM   2    1985  26     -2       31
  AVERAGE         37                        36      1       39

PRECIPITATION (IN)
  TODAY            0.00          0.68 1967   0.06  -0.06     0.00
                                      1953
  MONTH TO DATE    0.00                      0.12  -0.12     0.00
  SINCE DEC 1      0.00                      0.12  -0.12     0.00
  SINCE JAN 1     47.46                     37.45  10.01    43.35

SNOWFALL (IN)
  TODAY            0.0           2.8  1893   0.1   -0.1      0.0
  MONTH TO DATE    0.0                       0.2   -0.2      0.0
  SINCE DEC 1      0.0                       0.2   -0.2      0.0
  SINCE JUL 1      0.0                       1.6   -1.6      0.0
  SNOW DEPTH       0

DEGREE DAYS
 HEATING
  TODAY           28                        30     -2       26
  MONTH TO DATE   58                        59     -1       54
  SINCE DEC 1     58                        59     -1       54
  SINCE JUL 1    642                      1061   -419      801

 COOLING
  TODAY            0                         0      0        0
  MONTH TO DATE    0                         0      0        0
  SINCE DEC 1      0                         0      0        0
  SINCE JAN 1   1585                      1360    225     1370
..................................................................


WIND (MPH)
  HIGHEST WIND SPEED     9   HIGHEST WIND DIRECTION     N (10)
  HIGHEST GUST SPEED    12   HIGHEST GUST DIRECTION     N (20)
  AVERAGE WIND SPEED     2.8


SKY COVER
  POSSIBLE SUNSHINE  MM
  AVERAGE SKY COVER 0.2


WEATHER CONDITIONS
 THE FOLLOWING WEATHER WAS RECORDED TODAY.
  NO SIGNIFICANT WEATHER WAS OBSERVED.


RELATIVE HUMIDITY (PERCENT)
 HIGHEST    81           400 AM
 LOWEST     42           200 PM
 AVERAGE    62

..........................................................


THE KANSAS CITY INTERNATIONAL MO CLIMATE NORMALS FOR TOMORROW
                         NORMAL    RECORD    YEAR
 MAXIMUM TEMPERATURE (F)   44        74      2012
 MINIMUM TEMPERATURE (F)   26         6      1895
                                             1893


SUNRISE AND SUNSET
DECEMBER  2 2016......SUNRISE   721 AM CST   SUNSET   456 PM CST
DECEMBER  3 2016......SUNRISE   722 AM CST   SUNSET   456 PM CST


-  INDICATES NEGATIVE NUMBERS.
R  INDICATES RECORD WAS SET OR TIED.
MM INDICATES DATA IS MISSING.
T  INDICATES TRACE AMOUNT.


&&

...MISCELLANEOUS CLIMATE DATA FROM TODAY...

LOCATION                HIGH    LOW      PRECIP
ST. JOSEPH               47      19       0.00
DOWNTOWN KANSAS CITY     52      26       0.00
OLATHE NEW CENTURY       50      23       0.00
OLATHE JO CO EXEC        50      26       0.00
LEES SUMMIT              50      27       0.00
KIRKSVILLE               47      22       0.00
CHILLICOTHE              48      20       0.00
SEDALIA                  51      26       0.00
NWS PLEASANT HILL MO     50      26       0.00


THIS PRODUCT...ALONG WITH OTHER WEATHER...HYDROLOGICAL AND CLIMATE
INFORMATION...IS AVAILABLE ON THE WEB AT HTTP://WWW.WEATHER.GOV/EAX
OR AT HTTP://WEATHER.GOV

$$

CDB
