000
CDUS43 KEAX 170636
CLIMCI

CLIMATE REPORT
NATIONAL WEATHER SERVICE KANSAS CITY/PLEASANT HILL MO
135 AM CDT SUN JUL 17 2016


...................................

...THE KANSAS CITY INTERNATIONAL MO CLIMATE SUMMARY FOR JULY 16 2016...

CLIMATE NORMAL PERIOD 1981 TO 2010
CLIMATE RECORD PERIOD 1888 TO 2016


WEATHER ITEM   OBSERVED TIME   RECORD YEAR NORMAL DEPARTURE LAST
                VALUE   (LST)  VALUE       VALUE  FROM      YEAR
                                                  NORMAL
..................................................................
TEMPERATURE (F)
 YESTERDAY
  MAXIMUM         88    349 PM 107    1934  89     -1       92
  MINIMUM         68    552 AM  55    2014  69     -1       77
  AVERAGE         78                        79     -1       85

PRECIPITATION (IN)
  YESTERDAY        0.00          1.35 1968   0.15  -0.15     0.00
  MONTH TO DATE    7.74                      2.51   5.23     3.48
  SINCE JUN 1      8.72                      7.74   0.98    11.06
  SINCE JAN 1     29.25                     21.57   7.68    27.66

SNOWFALL (IN)
  YESTERDAY        0.0           0.0    MM   0.0    0.0      0.0
  MONTH TO DATE    0.0                       0.0    0.0      0.0
  SINCE JUN 1      0.0                       0.0    0.0      0.0
  SINCE JUL 1      0.0                       0.0    0.0      0.0
  SNOW DEPTH       0

DEGREE DAYS
 HEATING
  YESTERDAY        0                         0      0        0
  MONTH TO DATE    0                         0      0        2
  SINCE JUN 1      0                         9     -9        5
  SINCE JUL 1      0                         0      0        2

 COOLING
  YESTERDAY       13                        14     -1       20
  MONTH TO DATE  188                       209    -21      176
  SINCE JUN 1    605                       475    130      481
  SINCE JAN 1    676                       591     85      549
..................................................................


WIND (MPH)
  HIGHEST WIND SPEED    17   HIGHEST WIND DIRECTION     S (170)
  HIGHEST GUST SPEED    23   HIGHEST GUST DIRECTION    SE (130)
  AVERAGE WIND SPEED     9.2


SKY COVER
  POSSIBLE SUNSHINE  MM
  AVERAGE SKY COVER 0.3


WEATHER CONDITIONS
 THE FOLLOWING WEATHER WAS RECORDED YESTERDAY.
  NO SIGNIFICANT WEATHER WAS OBSERVED.


RELATIVE HUMIDITY (PERCENT)
 HIGHEST    87           500 AM
 LOWEST     57           100 PM
 AVERAGE    72

..........................................................


THE KANSAS CITY INTERNATIONAL MO CLIMATE NORMALS FOR TODAY
                         NORMAL    RECORD    YEAR
 MAXIMUM TEMPERATURE (F)   89       108      1954
                                             1934
 MINIMUM TEMPERATURE (F)   69        55      2009


SUNRISE AND SUNSET
JULY 17 2016..........SUNRISE   607 AM CDT   SUNSET   843 PM CDT
JULY 18 2016..........SUNRISE   607 AM CDT   SUNSET   842 PM CDT


-  INDICATES NEGATIVE NUMBERS.
R  INDICATES RECORD WAS SET OR TIED.
MM INDICATES DATA IS MISSING.
T  INDICATES TRACE AMOUNT.


&&

...MISCELLANEOUS CLIMATE DATA FROM YESTERDAY...

LOCATION                HIGH    LOW      PRECIP
ST. JOSEPH               88      67       0.00
DOWNTOWN KANSAS CITY     90      69       0.00
OLATHE NEW CENTURY       88      68       0.00
OLATHE JO CO EXEC        85      67       0.00
LEES SUMMIT              88      67       0.00
KIRKSVILLE               85      62       0.00
CHILLICOTHE              86      67       0.00
SEDALIA                  88      68       0.00
NWS PLEASANT HILL MO     88      67       0.00


THIS PRODUCT...ALONG WITH OTHER WEATHER...HYDROLOGICAL AND CLIMATE
INFORMATION...IS AVAILABLE ON THE WEB AT HTTP://WWW.WEATHER.GOV/EAX
OR AT HTTP://WEATHER.GOV

$$

JL
