000
CDUS43 KEAX 140643
CLIMCI

CLIMATE REPORT
NATIONAL WEATHER SERVICE KANSAS CITY/PLEASANT HILL MO
1237 AM CST SUN DEC 14 2014


...................................

...THE KANSAS CITY INTERNATIONAL MO CLIMATE SUMMARY FOR DECEMBER 13 2014...

CLIMATE NORMAL PERIOD 1981 TO 2010
CLIMATE RECORD PERIOD 1888 TO 2014


WEATHER ITEM   OBSERVED TIME   RECORD YEAR NORMAL DEPARTURE LAST
                VALUE   (LST)  VALUE       VALUE  FROM      YEAR
                                                  NORMAL
..................................................................
TEMPERATURE (F)
 YESTERDAY
  MAXIMUM         56   1159 PM  73    1948  40     16       37
  MINIMUM         44    544 AM  -6    1917  23     21       26
  AVERAGE         50                        32     18       32

PRECIPITATION (IN)
  YESTERDAY        T             2.59 1992   0.06  -0.06     0.12
  MONTH TO DATE    0.67                      0.75  -0.08     0.28
  SINCE DEC 1      0.67                      0.75  -0.08     0.28
  SINCE JAN 1     38.88                     38.08   0.80    33.96

SNOWFALL (IN)
  YESTERDAY       MM             7.0  2000   0.1   MM        0.0
  MONTH TO DATE    0.0                       1.8   -1.8      1.8
  SINCE DEC 1      0.0                       1.8   -1.8      1.8
  SINCE JUL 1      0.5                       3.2   -2.7      1.8
  SNOW DEPTH       0

DEGREE DAYS
 HEATING
  YESTERDAY       15                        33    -18       33
  MONTH TO DATE  380                       407    -27      507
  SINCE DEC 1    380                       407    -27      507
  SINCE JUL 1   1501                      1409     92     1572

 COOLING
  YESTERDAY        0                         0      0        0
  MONTH TO DATE    0                         0      0        0
  SINCE DEC 1      0                         0      0        0
  SINCE JAN 1   1263                      1360    -97     1345
..................................................................


WIND (MPH)
  HIGHEST WIND SPEED    20   HIGHEST WIND DIRECTION     S (190)
  HIGHEST GUST SPEED    25   HIGHEST GUST DIRECTION     S (190)
  AVERAGE WIND SPEED    10.3


SKY COVER
  POSSIBLE SUNSHINE  MM
  AVERAGE SKY COVER 1.0


WEATHER CONDITIONS
 THE FOLLOWING WEATHER WAS RECORDED YESTERDAY.
  LIGHT RAIN
  FOG


RELATIVE HUMIDITY (PERCENT)
 HIGHEST   100          1200 AM
 LOWEST     86           900 AM
 AVERAGE    93

..........................................................


THE KANSAS CITY INTERNATIONAL MO CLIMATE NORMALS FOR TODAY
                         NORMAL    RECORD    YEAR
 MAXIMUM TEMPERATURE (F)   40        67      1933
 MINIMUM TEMPERATURE (F)   23        -8      1901


SUNRISE AND SUNSET
DECEMBER 14 2014......SUNRISE   731 AM CST   SUNSET   456 PM CST
DECEMBER 15 2014......SUNRISE   731 AM CST   SUNSET   457 PM CST


-  INDICATES NEGATIVE NUMBERS.
R  INDICATES RECORD WAS SET OR TIED.
MM INDICATES DATA IS MISSING.
T  INDICATES TRACE AMOUNT.



&&

...MISCELLANEOUS CLIMATE DATA FROM YESTERDAY...

LOCATION                HIGH    LOW      PRECIP
ST. JOSEPH               55      44       0.00
DOWNTOWN KANSAS CITY     58      48       0.00
OLATHE NEW CENTURY       56      44       0.00
OLATHE JO CO EXEC        56      44       0.00
LEES SUMMIT              56      45       0.00
KIRKSVILLE               52      38       0.00
CHILLICOTHE              55      37       0.00
SEDALIA                  55      39       0.00
NWS PLEASANT HILL MO     53      44       T


THIS PRODUCT...ALONG WITH OTHER WEATHER...HYDROLOGICAL AND CLIMATE
INFORMATION...IS AVAILABLE ON THE WEB AT HTTP://WWW.CRH.NOAA.GOV/EAX
OR AT HTTP://WEATHER.GOV

$$

JL
