000
CDUS43 KEAX 090632
CLIMCI

CLIMATE REPORT
NATIONAL WEATHER SERVICE KANSAS CITY/PLEASANT HILL MO
131 AM CDT SAT SEP 9 2017


...................................

...THE KANSAS CITY INTERNATIONAL MO CLIMATE SUMMARY FOR SEPTEMBER 8 2017...

CLIMATE NORMAL PERIOD 1981 TO 2010
CLIMATE RECORD PERIOD 1888 TO 2017


WEATHER ITEM   OBSERVED TIME   RECORD YEAR NORMAL DEPARTURE LAST
                VALUE   (LST)  VALUE       VALUE  FROM      YEAR
                                                  NORMAL
..................................................................
TEMPERATURE (F)
 YESTERDAY
  MAXIMUM         84    409 PM 102    1947  82      2       81
  MINIMUM         56    619 AM  43    1986  61     -5       73
  AVERAGE         70                        71     -1       77

PRECIPITATION (IN)
  YESTERDAY        0.00          4.26 1989   0.16  -0.16     0.75
  MONTH TO DATE    T                         1.22  -1.22     0.80
  SINCE SEP 1      T                         1.22  -1.22     0.80
  SINCE JAN 1     37.89                     28.62   9.27    40.23

SNOWFALL (IN)
  YESTERDAY        0.0           0.0    MM   0.0    0.0      0.0
  MONTH TO DATE    0.0                       0.0    0.0      0.0
  SINCE SEP 1      0.0                       0.0    0.0      0.0
  SINCE JUL 1      0.0                       0.0    0.0      0.0
  SNOW DEPTH       0

DEGREE DAYS
 HEATING
  YESTERDAY        0                         1     -1        0
  MONTH TO DATE   10                         3      7        0
  SINCE SEP 1     10                         3      7        0
  SINCE JUL 1     14                         5      9        0

 COOLING
  YESTERDAY        5                         7     -2       12
  MONTH TO DATE   35                        65    -30       81
  SINCE SEP 1     35                        65    -30       81
  SINCE JAN 1   1113                      1238   -125     1378
..................................................................


WIND (MPH)
  HIGHEST WIND SPEED    13   HIGHEST WIND DIRECTION    SW (230)
  HIGHEST GUST SPEED    16   HIGHEST GUST DIRECTION    SW (210)
  AVERAGE WIND SPEED     8.2


SKY COVER
  POSSIBLE SUNSHINE  MM
  AVERAGE SKY COVER 0.1


WEATHER CONDITIONS
 THE FOLLOWING WEATHER WAS RECORDED YESTERDAY.
  FOG
  HAZE


RELATIVE HUMIDITY (PERCENT)
 HIGHEST    93           400 AM
 LOWEST     43           400 PM
 AVERAGE    68

..........................................................


THE KANSAS CITY INTERNATIONAL MO CLIMATE NORMALS FOR TODAY
                         NORMAL    RECORD    YEAR
 MAXIMUM TEMPERATURE (F)   82        99      1970
                                             1947
                                             1938
 MINIMUM TEMPERATURE (F)   60        46      2008
                                             1943


SUNRISE AND SUNSET
SEPTEMBER  9 2017.....SUNRISE   655 AM CDT   SUNSET   736 PM CDT
SEPTEMBER 10 2017.....SUNRISE   656 AM CDT   SUNSET   735 PM CDT


-  INDICATES NEGATIVE NUMBERS.
R  INDICATES RECORD WAS SET OR TIED.
MM INDICATES DATA IS MISSING.
T  INDICATES TRACE AMOUNT.


&&

...MISCELLANEOUS CLIMATE DATA FROM YESTERDAY...

LOCATION                HIGH    LOW      PRECIP
ST. JOSEPH               87      51       0.00
DOWNTOWN KANSAS CITY     88      60       0.00
OLATHE NEW CENTURY       86      55       0.00
OLATHE JO CO EXEC        84      55       0.00
LEES SUMMIT              86      60       0.00
KIRKSVILLE               85      49       0.00
CHILLICOTHE              86      51       0.00
SEDALIA                  86      54       0.00
NWS PLEASANT HILL MO     85      56       0.00


THIS PRODUCT...ALONG WITH OTHER WEATHER...HYDROLOGICAL AND CLIMATE
INFORMATION...IS AVAILABLE ON THE WEB AT HTTP://WWW.WEATHER.GOV/EAX
OR AT HTTP://WEATHER.GOV

$$

JW
