000
CDUS43 KEAX 180645
CLIMCI

CLIMATE REPORT
NATIONAL WEATHER SERVICE KANSAS CITY/PLEASANT HILL MO
142 AM CDT MON MAY 18 2015


...................................

...THE KANSAS CITY INTERNATIONAL MO CLIMATE SUMMARY FOR MAY 17 2015...

CLIMATE NORMAL PERIOD 1981 TO 2010
CLIMATE RECORD PERIOD 1888 TO 2015


WEATHER ITEM   OBSERVED TIME   RECORD YEAR NORMAL DEPARTURE LAST
                VALUE   (LST)  VALUE       VALUE  FROM      YEAR
                                                  NORMAL
..................................................................
TEMPERATURE (F)
 YESTERDAY
  MAXIMUM         79    517 PM  90    1966  75      4       64
                                      1939
  MINIMUM         62   1109 PM  37    2014  55      7       37
  AVERAGE         71                        65      6       51

PRECIPITATION (IN)
  YESTERDAY        0.22          3.13 1974   0.18   0.04     0.00
                                      1889
  MONTH TO DATE    5.29                      2.86   2.43     0.78
  SINCE MAR 1      9.46                      8.93   0.53     6.32
  SINCE JAN 1     11.64                     11.46   0.18     8.07

SNOWFALL (IN)
  YESTERDAY        0.0           0.0    MM   0.0    0.0      0.0
  MONTH TO DATE    0.0                       0.0    0.0      0.0
  SINCE MAR 1      T                         2.6   -2.6      3.6
  SINCE JUL 1     14.2                      18.8   -4.6     26.2
  SNOW DEPTH       0

DEGREE DAYS
 HEATING
  YESTERDAY        0                         3     -3       14
  MONTH TO DATE   33                        76    -43      106
  SINCE MAR 1    839                      1051   -212     1212
  SINCE JUL 1   5053                      5096    -43     5778

 COOLING
  YESTERDAY        6                         3      3        0
  MONTH TO DATE   44                        31     13       47
  SINCE MAR 1     53                        59     -6       56
  SINCE JAN 1     53                        59     -6       56
..................................................................


WIND (MPH)
  HIGHEST WIND SPEED    33   HIGHEST WIND DIRECTION     S (200)
  HIGHEST GUST SPEED    44   HIGHEST GUST DIRECTION     S (190)
  AVERAGE WIND SPEED    17.2


SKY COVER
  POSSIBLE SUNSHINE  MM
  AVERAGE SKY COVER 0.6


WEATHER CONDITIONS
 THE FOLLOWING WEATHER WAS RECORDED YESTERDAY.
  THUNDERSTORM
  HEAVY RAIN
  RAIN
  LIGHT RAIN
  FOG


RELATIVE HUMIDITY (PERCENT)
 HIGHEST    93           300 AM
 LOWEST     50           200 PM
 AVERAGE    72

..........................................................


THE KANSAS CITY INTERNATIONAL MO CLIMATE NORMALS FOR TODAY
                         NORMAL    RECORD    YEAR
 MAXIMUM TEMPERATURE (F)   75        91      1997
                                             1962
 MINIMUM TEMPERATURE (F)   55        39      1915


SUNRISE AND SUNSET
MAY 18 2015...........SUNRISE   603 AM CDT   SUNSET   828 PM CDT
MAY 19 2015...........SUNRISE   602 AM CDT   SUNSET   829 PM CDT


-  INDICATES NEGATIVE NUMBERS.
R  INDICATES RECORD WAS SET OR TIED.
MM INDICATES DATA IS MISSING.
T  INDICATES TRACE AMOUNT.



&&

...MISCELLANEOUS CLIMATE DATA FROM YESTERDAY...

LOCATION                HIGH    LOW      PRECIP
ST. JOSEPH               81      62       0.19
DOWNTOWN KANSAS CITY     82      63       0.19
OLATHE NEW CENTURY       81      61       0.11
OLATHE JO CO EXEC        80      61       0.23
LEES SUMMIT              80      62       0.46
KIRKSVILLE               79      61       0.24
CHILLICOTHE              81      63       0.73
SEDALIA                  80      62       0.93
NWS PLEASANT HILL MO     79      55       0.55


THIS PRODUCT...ALONG WITH OTHER WEATHER...HYDROLOGICAL AND CLIMATE
INFORMATION...IS AVAILABLE ON THE WEB AT HTTP://WWW.CRH.NOAA.GOV/EAX
OR AT HTTP://WEATHER.GOV

$$
