000
CDUS43 KEAX 120633
CLIMCI

CLIMATE REPORT
NATIONAL WEATHER SERVICE KANSAS CITY/PLEASANT HILL MO
1232 AM CST SUN FEB 12 2017


...................................

...THE KANSAS CITY INTERNATIONAL MO CLIMATE SUMMARY FOR FEBRUARY 11 2017...

CLIMATE NORMAL PERIOD 1981 TO 2010
CLIMATE RECORD PERIOD 1888 TO 2017


WEATHER ITEM   OBSERVED TIME   RECORD YEAR NORMAL DEPARTURE LAST
                VALUE   (LST)  VALUE       VALUE  FROM      YEAR
                                                  NORMAL
..................................................................
TEMPERATURE (F)
 YESTERDAY
  MAXIMUM         67    336 PM  73    1951  42     25       36
  MINIMUM         47    718 AM -19    1899  23     24       18
  AVERAGE         57                        32     25       27

PRECIPITATION (IN)
  YESTERDAY        0.00          0.69 1894   0.06  -0.06     0.00
  MONTH TO DATE    T                         0.54  -0.54     0.40
  SINCE DEC 1      2.58                      3.14  -0.56     4.40
  SINCE JAN 1      1.39                      1.61  -0.22     1.16

SNOWFALL (IN)
  YESTERDAY        0.0           7.1  1894   0.2   -0.2      0.0
  MONTH TO DATE    0.0                       2.3   -2.3       T
  SINCE DEC 1      4.5                      11.7   -7.2      5.3
  SINCE JUL 1      4.5                      13.1   -8.6      5.3
  SNOW DEPTH       0

DEGREE DAYS
 HEATING
  YESTERDAY        8                        33    -25       38
  MONTH TO DATE  322                       375    -53      345
  SINCE DEC 1   2400                      2537   -137     2212
  SINCE JUL 1   2984                      3539   -555     2959

 COOLING
  YESTERDAY        0                         0      0        0
  MONTH TO DATE    0                         0      0        0
  SINCE DEC 1      0                         0      0        0
  SINCE JAN 1      0                         0      0        0
..................................................................


WIND (MPH)
  HIGHEST WIND SPEED    16   HIGHEST WIND DIRECTION     N (360)
  HIGHEST GUST SPEED    21   HIGHEST GUST DIRECTION     N (360)
  AVERAGE WIND SPEED     8.5


SKY COVER
  POSSIBLE SUNSHINE  MM
  AVERAGE SKY COVER 0.5


WEATHER CONDITIONS
 THE FOLLOWING WEATHER WAS RECORDED YESTERDAY.
  FOG
  HAZE


RELATIVE HUMIDITY (PERCENT)
 HIGHEST    86           600 AM
 LOWEST     55          1200 AM
 AVERAGE    71

..........................................................


THE KANSAS CITY INTERNATIONAL MO CLIMATE NORMALS FOR TODAY
                         NORMAL    RECORD    YEAR
 MAXIMUM TEMPERATURE (F)   42        72      1961
 MINIMUM TEMPERATURE (F)   23       -22      1899


SUNRISE AND SUNSET
FEBRUARY 12 2017......SUNRISE   714 AM CST   SUNSET   553 PM CST
FEBRUARY 13 2017......SUNRISE   713 AM CST   SUNSET   554 PM CST


-  INDICATES NEGATIVE NUMBERS.
R  INDICATES RECORD WAS SET OR TIED.
MM INDICATES DATA IS MISSING.
T  INDICATES TRACE AMOUNT.


&&

...MISCELLANEOUS CLIMATE DATA FROM YESTERDAY...

LOCATION                HIGH    LOW      PRECIP
ST. JOSEPH               64      34       0.00
DOWNTOWN KANSAS CITY     73      48       0.00
OLATHE NEW CENTURY       73      44       0.00
OLATHE JO CO EXEC        73      50       0.00
LEES SUMMIT              73      48       0.00
KIRKSVILLE               62      44       0.00
CHILLICOTHE              64      36       0.00
SEDALIA                  77      50       0.00
NWS PLEASANT HILL MO     75      49       0.00


THIS PRODUCT...ALONG WITH OTHER WEATHER...HYDROLOGICAL AND CLIMATE
INFORMATION...IS AVAILABLE ON THE WEB AT HTTP://WWW.WEATHER.GOV/EAX
OR AT HTTP://WEATHER.GOV

$$
