000
CDUS43 KEAX 150635
CLIMCI

CLIMATE REPORT
NATIONAL WEATHER SERVICE KANSAS CITY/PLEASANT HILL MO
134 AM CDT WED MAR 15 2017


...................................

...THE KANSAS CITY INTERNATIONAL MO CLIMATE SUMMARY FOR MARCH 14 2017...

CLIMATE NORMAL PERIOD 1981 TO 2010
CLIMATE RECORD PERIOD 1888 TO 2017


WEATHER ITEM   OBSERVED TIME   RECORD YEAR NORMAL DEPARTURE LAST
                VALUE   (LST)  VALUE       VALUE  FROM      YEAR
                                                  NORMAL
..................................................................
TEMPERATURE (F)
 YESTERDAY
  MAXIMUM         34    540 PM  82    2012  55    -21       74
                                      1935
  MINIMUM         23   1159 PM   6    1897  33    -10       47
  AVERAGE         29                        44    -15       61

PRECIPITATION (IN)
  YESTERDAY        0.01          2.56 2001   0.08  -0.07     0.00
  MONTH TO DATE    0.42                      0.94  -0.52     1.10
  SINCE MAR 1      0.42                      0.94  -0.52     1.10
  SINCE JAN 1      1.87                      3.47  -1.60     2.26

SNOWFALL (IN)
  YESTERDAY        T             5.8  1960   0.1   -0.1      0.0
  MONTH TO DATE    0.4                       1.2   -0.8      0.0
  SINCE MAR 1      0.4                       1.2   -0.8      0.0
  SINCE JUL 1      4.9                      17.4  -12.5      5.3
  SNOW DEPTH       0

DEGREE DAYS
 HEATING
  YESTERDAY       36                        21     15        4
  MONTH TO DATE  308                       335    -27      172
  SINCE MAR 1    308                       335    -27      172
  SINCE JUL 1   3562                      4380   -818     3529

 COOLING
  YESTERDAY        0                         0      0        0
  MONTH TO DATE    0                         0      0        2
  SINCE MAR 1      0                         0      0        2
  SINCE JAN 1      0                         0      0        2
..................................................................


WIND (MPH)
  HIGHEST WIND SPEED    13   HIGHEST WIND DIRECTION     N (350)
  HIGHEST GUST SPEED    15   HIGHEST GUST DIRECTION     N (350)
  AVERAGE WIND SPEED     8.2


SKY COVER
  POSSIBLE SUNSHINE  MM
  AVERAGE SKY COVER 0.8


WEATHER CONDITIONS
 THE FOLLOWING WEATHER WAS RECORDED YESTERDAY.
  LIGHT SNOW
  FOG


RELATIVE HUMIDITY (PERCENT)
 HIGHEST    81           700 AM
 LOWEST     47           400 PM
 AVERAGE    64

..........................................................


THE KANSAS CITY INTERNATIONAL MO CLIMATE NORMALS FOR TODAY
                         NORMAL    RECORD    YEAR
 MAXIMUM TEMPERATURE (F)   55        83      2013
 MINIMUM TEMPERATURE (F)   33         9      1890


SUNRISE AND SUNSET
MARCH 15 2017.........SUNRISE   730 AM CDT   SUNSET   726 PM CDT
MARCH 16 2017.........SUNRISE   728 AM CDT   SUNSET   727 PM CDT


-  INDICATES NEGATIVE NUMBERS.
R  INDICATES RECORD WAS SET OR TIED.
MM INDICATES DATA IS MISSING.
T  INDICATES TRACE AMOUNT.


&&

...MISCELLANEOUS CLIMATE DATA FROM YESTERDAY...

LOCATION                HIGH    LOW      PRECIP
ST. JOSEPH               35      20       T
DOWNTOWN KANSAS CITY     35      26       T
OLATHE NEW CENTURY       31      20       0.01
OLATHE JO CO EXEC        31      23       0.01
LEES SUMMIT              33      25       T
KIRKSVILLE               34      13       0.00
CHILLICOTHE              36      20       0.00
SEDALIA                  35      23       0.00
NWS PLEASANT HILL MO     33      23       0.02


THIS PRODUCT...ALONG WITH OTHER WEATHER...HYDROLOGICAL AND CLIMATE
INFORMATION...IS AVAILABLE ON THE WEB AT HTTP://WWW.WEATHER.GOV/EAX
OR AT HTTP://WEATHER.GOV

$$

CDB
