000
CDUS43 KEAX 100634
CLIMCI

CLIMATE REPORT
NATIONAL WEATHER SERVICE KANSAS CITY/PLEASANT HILL MO
1233 AM CST SAT FEB 10 2018


...................................

...THE KANSAS CITY INTERNATIONAL MO CLIMATE SUMMARY FOR FEBRUARY 9 2018...

CLIMATE NORMAL PERIOD 1981 TO 2010
CLIMATE RECORD PERIOD 1888 TO 2018


WEATHER ITEM   OBSERVED TIME   RECORD YEAR NORMAL DEPARTURE LAST
                VALUE   (LST)  VALUE       VALUE  FROM      YEAR
                                                  NORMAL
..................................................................
TEMPERATURE (F)
 YESTERDAY
  MAXIMUM         47    128 AM  72    1943  41      6       36
  MINIMUM         16   1159 PM -20    1899  22     -6       12
  AVERAGE         32                        32      0       24

PRECIPITATION (IN)
  YESTERDAY        0.00          0.81 1894   0.05  -0.05     0.00
  MONTH TO DATE    0.08                      0.43  -0.35      T
  SINCE DEC 1      1.40                      3.03  -1.63     2.58
  SINCE JAN 1      1.21                      1.50  -0.29     1.39

SNOWFALL (IN)
  YESTERDAY        0.0           2.5  2001   0.2   -0.2      0.0
  MONTH TO DATE    0.5                       1.9   -1.4      0.0
  SINCE DEC 1      5.4                      11.3   -5.9      4.5
  SINCE JUL 1      5.4                      12.7   -7.3      4.5
  SNOW DEPTH       0

DEGREE DAYS
 HEATING
  YESTERDAY       33                        33      0       41
  MONTH TO DATE  367                       309     58      300
  SINCE DEC 1   2504                      2471     33     2378
  SINCE JUL 1   3384                      3473    -89     2962

 COOLING
  YESTERDAY        0                         0      0        0
  MONTH TO DATE    0                         0      0        0
  SINCE DEC 1      0                         0      0        0
  SINCE JAN 1      0                         0      0        0
..................................................................


WIND (MPH)
  HIGHEST WIND SPEED    23   HIGHEST WIND DIRECTION     N (20)
  HIGHEST GUST SPEED    28   HIGHEST GUST DIRECTION    SW (210)
  AVERAGE WIND SPEED    15.3


SKY COVER
  POSSIBLE SUNSHINE  MM
  AVERAGE SKY COVER 1.0


WEATHER CONDITIONS
 THE FOLLOWING WEATHER WAS RECORDED YESTERDAY.
  FOG
  HAZE


RELATIVE HUMIDITY (PERCENT)
 HIGHEST    81           800 AM
 LOWEST     45          1200 AM
 AVERAGE    63

..........................................................


THE KANSAS CITY INTERNATIONAL MO CLIMATE NORMALS FOR TODAY
                         NORMAL    RECORD    YEAR
 MAXIMUM TEMPERATURE (F)   42        75      1932
 MINIMUM TEMPERATURE (F)   22        -7      1982


SUNRISE AND SUNSET
FEBRUARY 10 2018......SUNRISE   717 AM CST   SUNSET   550 PM CST
FEBRUARY 11 2018......SUNRISE   715 AM CST   SUNSET   551 PM CST


-  INDICATES NEGATIVE NUMBERS.
R  INDICATES RECORD WAS SET OR TIED.
MM INDICATES DATA IS MISSING.
T  INDICATES TRACE AMOUNT.


&&

...MISCELLANEOUS CLIMATE DATA FROM YESTERDAY...

LOCATION                HIGH    LOW      PRECIP
ST. JOSEPH               34      14       0.00
DOWNTOWN KANSAS CITY     49      21       0.00
OLATHE NEW CENTURY       46      20       0.00
OLATHE JO CO EXEC        45      20       0.00
LEES SUMMIT              47      20       0.00
KIRKSVILLE               31      15       0.01
CHILLICOTHE              39      15       0.00
SEDALIA                  48      24       0.00
NWS PLEASANT HILL MO     43      20       0.00


THIS PRODUCT...ALONG WITH OTHER WEATHER...HYDROLOGICAL AND CLIMATE
INFORMATION...IS AVAILABLE ON THE WEB AT HTTP://WWW.WEATHER.GOV/EAX
OR AT HTTP://WEATHER.GOV

$$

CDB
