000
CDUS43 KEAX 190639
CLIMCI

CLIMATE REPORT
NATIONAL WEATHER SERVICE KANSAS CITY/PLEASANT HILL MO
136 AM CDT SAT JUL 19 2014


...................................

...THE KANSAS CITY INTERNATIONAL MO CLIMATE SUMMARY FOR JULY 18 2014...

CLIMATE NORMAL PERIOD 1981 TO 2010
CLIMATE RECORD PERIOD 1888 TO 2014


WEATHER ITEM   OBSERVED TIME   RECORD YEAR NORMAL DEPARTURE LAST
                VALUE   (LST)  VALUE       VALUE  FROM      YEAR
                                                  NORMAL
..................................................................
TEMPERATURE (F)
 YESTERDAY
  MAXIMUM         77    234 PM 111    1954  89    -12       96
  MINIMUM         61    307 AM  56    2009  69     -8       72
  AVERAGE         69                        79    -10       84

PRECIPITATION (IN)
  YESTERDAY        0.00          4.00 1896   0.15  -0.15     0.00
  MONTH TO DATE    3.04                      2.80   0.24     0.17
  SINCE JUN 1      9.95                      8.03   1.92     3.29
  SINCE JAN 1     18.57                     21.86  -3.29    18.22

SNOWFALL (IN)
  YESTERDAY        0.0           0.0    MM   0.0    0.0      0.0
  MONTH TO DATE    0.0                       0.0    0.0      0.0
  SINCE JUN 1      0.0                       0.0    0.0      0.0
  SINCE JUL 1      0.0                       0.0    0.0      0.0
  SNOW DEPTH       0

DEGREE DAYS
 HEATING
  YESTERDAY        0                         0      0        0
  MONTH TO DATE    2                         0      2        0
  SINCE JUN 1      3                         9     -6       17
  SINCE JUL 1      2                         0      2        0

 COOLING
  YESTERDAY        4                        14    -10       19
  MONTH TO DATE  144                       237    -93      241
  SINCE JUN 1    421                       503    -82      517
  SINCE JAN 1    582                       619    -37      622
..................................................................


WIND (MPH)
  HIGHEST WIND SPEED    14   HIGHEST WIND DIRECTION     S (170)
  HIGHEST GUST SPEED    16   HIGHEST GUST DIRECTION     S (170)
  AVERAGE WIND SPEED     3.7


SKY COVER
  POSSIBLE SUNSHINE  MM
  AVERAGE SKY COVER 0.7


WEATHER CONDITIONS
 THE FOLLOWING WEATHER WAS RECORDED YESTERDAY.
  NO SIGNIFICANT WEATHER WAS OBSERVED.


RELATIVE HUMIDITY (PERCENT)
 HIGHEST    90           400 AM
 LOWEST     58           700 PM
 AVERAGE    74

..........................................................


THE KANSAS CITY INTERNATIONAL MO CLIMATE NORMALS FOR TODAY
                         NORMAL    RECORD    YEAR
 MAXIMUM TEMPERATURE (F)   89       109      1954
                                             1934
 MINIMUM TEMPERATURE (F)   69        54      2009


SUNRISE AND SUNSET
JULY 19 2014..........SUNRISE   608 AM CDT   SUNSET   842 PM CDT
JULY 20 2014..........SUNRISE   609 AM CDT   SUNSET   841 PM CDT


-  INDICATES NEGATIVE NUMBERS.
R  INDICATES RECORD WAS SET OR TIED.
MM INDICATES DATA IS MISSING.
T  INDICATES TRACE AMOUNT.



&&

...MISCELLANEOUS CLIMATE DATA FROM YESTERDAY...

LOCATION                HIGH    LOW      PRECIP
ST. JOSEPH               79      56       0.00
DOWNTOWN KANSAS CITY     80      63       0.00
OLATHE NEW CENTURY       79      60       0.00
OLATHE JO CO EXEC        77      60       0.00
LEES SUMMIT              79      61       0.00
KIRKSVILLE               80      54       0.00
CHILLICOTHE              80      56       0.00
SEDALIA                  81      58       0.00
NWS PLEASANT HILL MO     78      60       0.00


THIS PRODUCT...ALONG WITH OTHER WEATHER...HYDROLOGICAL AND CLIMATE
INFORMATION...IS AVAILABLE ON THE WEB AT HTTP://WWW.CRH.NOAA.GOV/EAX
OR AT HTTP://WEATHER.GOV

$$

73
