646
CDUS43 KEAX 130637
CLIMCI

CLIMATE REPORT
NATIONAL WEATHER SERVICE KANSAS CITY/PLEASANT HILL MO
136 AM CDT FRI OCT 13 2017


...................................

...THE KANSAS CITY INTERNATIONAL MO CLIMATE SUMMARY FOR OCTOBER 12 2017...

CLIMATE NORMAL PERIOD 1981 TO 2010
CLIMATE RECORD PERIOD 1888 TO 2017


WEATHER ITEM   OBSERVED TIME   RECORD YEAR NORMAL DEPARTURE LAST
                VALUE   (LST)  VALUE       VALUE  FROM      YEAR
                                                  NORMAL
..................................................................
TEMPERATURE (F)
 YESTERDAY
  MAXIMUM         69    442 PM  91    1899  68      1       66
  MINIMUM         46    401 AM  28    1909  47     -1       39
  AVERAGE         58                        58      0       53

PRECIPITATION (IN)
  YESTERDAY        0.00          1.98 1969   0.10  -0.10     0.03
  MONTH TO DATE    0.71                      1.38  -0.67     2.47
  SINCE SEP 1      3.51                      6.00  -2.49     7.41
  SINCE JAN 1     41.40                     33.40   8.00    46.84

SNOWFALL (IN)
  YESTERDAY        0.0           0.0    MM   0.0    0.0      0.0
  MONTH TO DATE    0.0                       0.0    0.0      0.0
  SINCE SEP 1      0.0                       0.0    0.0      0.0
  SINCE JUL 1      0.0                       0.0    0.0      0.0
  SNOW DEPTH       0

DEGREE DAYS
 HEATING
  YESTERDAY        7                         8     -1       12
  MONTH TO DATE   36                        81    -45       50
  SINCE SEP 1     52                       146    -94       71
  SINCE JUL 1     56                       148    -92       71

 COOLING
  YESTERDAY        0                         1     -1        0
  MONTH TO DATE   34                        17     17       11
  SINCE SEP 1    239                       176     63      231
  SINCE JAN 1   1317                      1349    -32     1528
..................................................................


WIND (MPH)
  HIGHEST WIND SPEED    20   HIGHEST WIND DIRECTION    SE (140)
  HIGHEST GUST SPEED    24   HIGHEST GUST DIRECTION    SE (140)
  AVERAGE WIND SPEED    11.2


SKY COVER
  POSSIBLE SUNSHINE  MM
  AVERAGE SKY COVER 0.3


WEATHER CONDITIONS
 THE FOLLOWING WEATHER WAS RECORDED YESTERDAY.
  FOG
  FOG W/VISIBILITY <= 1/4 MILE


RELATIVE HUMIDITY (PERCENT)
 HIGHEST   100          1200 AM
 LOWEST     63           300 PM
 AVERAGE    82

..........................................................


THE KANSAS CITY INTERNATIONAL MO CLIMATE NORMALS FOR TODAY
                         NORMAL    RECORD    YEAR
 MAXIMUM TEMPERATURE (F)   68        91      1899
 MINIMUM TEMPERATURE (F)   47        27      1979


SUNRISE AND SUNSET
OCTOBER 13 2017.......SUNRISE   727 AM CDT   SUNSET   642 PM CDT
OCTOBER 14 2017.......SUNRISE   728 AM CDT   SUNSET   641 PM CDT


-  INDICATES NEGATIVE NUMBERS.
R  INDICATES RECORD WAS SET OR TIED.
MM INDICATES DATA IS MISSING.
T  INDICATES TRACE AMOUNT.


&&

...MISCELLANEOUS CLIMATE DATA FROM YESTERDAY...

LOCATION                HIGH    LOW      PRECIP
ST. JOSEPH               69      45       0.00
DOWNTOWN KANSAS CITY     73      50       0.00
OLATHE NEW CENTURY       72      47       0.00
OLATHE JO CO EXEC        70      46       0.00
LEES SUMMIT              71      47       0.00
KIRKSVILLE               59      51       0.00
CHILLICOTHE              65      47       0.00
SEDALIA                  72      47       0.00
NWS PLEASANT HILL MO     71      46       0.00


THIS PRODUCT...ALONG WITH OTHER WEATHER...HYDROLOGICAL AND CLIMATE
INFORMATION...IS AVAILABLE ON THE WEB AT HTTP://WWW.WEATHER.GOV/EAX
OR AT HTTP://WEATHER.GOV

$$
