656
CDUS43 KEAX 050633
CLIMCI

CLIMATE REPORT
NATIONAL WEATHER SERVICE KANSAS CITY/PLEASANT HILL MO
1232 AM CST FRI FEB 5 2016


...................................

...THE KANSAS CITY INTERNATIONAL MO CLIMATE SUMMARY FOR FEBRUARY 4 2016...

CLIMATE NORMAL PERIOD 1981 TO 2010
CLIMATE RECORD PERIOD 1888 TO 2016


WEATHER ITEM   OBSERVED TIME   RECORD YEAR NORMAL DEPARTURE LAST
                VALUE   (LST)  VALUE       VALUE  FROM      YEAR
                                                  NORMAL
..................................................................
TEMPERATURE (F)
 YESTERDAY
  MAXIMUM         45    315 PM  72    1946  40      5       36
  MINIMUM         15    713 AM  -8    1905  21     -6        7
  AVERAGE         30                        30      0       22

PRECIPITATION (IN)
  YESTERDAY        0.00          0.72 1892   0.05  -0.05     0.05
  MONTH TO DATE    0.40                      0.18   0.22     0.39
  SINCE DEC 1      4.40                      2.78   1.62     3.43
  SINCE JAN 1      1.16                      1.25  -0.09     1.59

SNOWFALL (IN)
  YESTERDAY        0.0           7.5  2014   0.2   -0.2      0.8
  MONTH TO DATE    0.0                       0.8   -0.8      3.3
  SINCE DEC 1      5.3                      10.2   -4.9      8.2
  SINCE JUL 1      5.3                      11.6   -6.3      8.7
  SNOW DEPTH       0

DEGREE DAYS
 HEATING
  YESTERDAY       35                        35      0       43
  MONTH TO DATE  116                       140    -24      171
  SINCE DEC 1   1983                      2302   -319     2152
  SINCE JUL 1   2730                      3304   -574     3273

 COOLING
  YESTERDAY        0                         0      0        0
  MONTH TO DATE    0                         0      0        0
  SINCE DEC 1      0                         0      0        0
  SINCE JAN 1      0                         0      0        0
..................................................................


WIND (MPH)
  HIGHEST WIND SPEED    18   HIGHEST WIND DIRECTION     W (260)
  HIGHEST GUST SPEED    22   HIGHEST GUST DIRECTION    SW (230)
  AVERAGE WIND SPEED     8.4


SKY COVER
  POSSIBLE SUNSHINE  MM
  AVERAGE SKY COVER 0.0


WEATHER CONDITIONS
 THE FOLLOWING WEATHER WAS RECORDED YESTERDAY.
  FOG


RELATIVE HUMIDITY (PERCENT)
 HIGHEST    92           200 AM
 LOWEST     31           400 PM
 AVERAGE    62

..........................................................


THE KANSAS CITY INTERNATIONAL MO CLIMATE NORMALS FOR TODAY
                         NORMAL    RECORD    YEAR
 MAXIMUM TEMPERATURE (F)   40        67      1963
                                             1938
 MINIMUM TEMPERATURE (F)   21       -14      1982


SUNRISE AND SUNSET
FEBRUARY  5 2016......SUNRISE   722 AM CST   SUNSET   544 PM CST
FEBRUARY  6 2016......SUNRISE   721 AM CST   SUNSET   545 PM CST


-  INDICATES NEGATIVE NUMBERS.
R  INDICATES RECORD WAS SET OR TIED.
MM INDICATES DATA IS MISSING.
T  INDICATES TRACE AMOUNT.


&&

...MISCELLANEOUS CLIMATE DATA FROM YESTERDAY...

LOCATION                HIGH    LOW      PRECIP
ST. JOSEPH               44      16       0.00
DOWNTOWN KANSAS CITY     47      20       0.00
OLATHE NEW CENTURY       44      16       0.00
OLATHE JO CO EXEC        44      17       0.00
LEES SUMMIT              44      19       0.00
KIRKSVILLE               39      17       0.00
CHILLICOTHE              44      19       0.00
SEDALIA                  42      20       0.00
NWS PLEASANT HILL MO     44      17       0.00


THIS PRODUCT...ALONG WITH OTHER WEATHER...HYDROLOGICAL AND CLIMATE
INFORMATION...IS AVAILABLE ON THE WEB AT HTTP://WWW.WEATHER.GOV/EAX
OR AT HTTP://WEATHER.GOV

$$
