000
CDUS43 KEAX 122232
CLIMCI

CLIMATE REPORT
NATIONAL WEATHER SERVICE KANSAS CITY/PLEASANT HILL MO
430 PM CST FRI JAN 12 2018


...................................

...THE KANSAS CITY INTERNATIONAL MO CLIMATE SUMMARY FOR JANUARY 12 2018...
VALID AS OF 0400 PM LOCAL TIME.

CLIMATE NORMAL PERIOD 1981 TO 2010
CLIMATE RECORD PERIOD 1888 TO 2018


WEATHER ITEM   OBSERVED TIME   RECORD YEAR NORMAL DEPARTURE LAST
                VALUE   (LST)  VALUE       VALUE  FROM      YEAR
                                                  NORMAL
..................................................................
TEMPERATURE (F)
 TODAY
  MAXIMUM         18    206 PM  69    1960  38    -20       30
  MINIMUM          4    802 AM -20    1912  19    -15       17
  AVERAGE         11                        28    -17       24

PRECIPITATION (IN)
  TODAY            0.00          1.33 1910   0.02  -0.02      T
  MONTH TO DATE    0.39                      0.37   0.02     0.39
  SINCE DEC 1      0.58                      1.90  -1.32     1.58
  SINCE JAN 1      0.39                      0.37   0.02     0.39

SNOWFALL (IN)
  TODAY            0.0           4.5  1964   0.2   -0.2       T
  MONTH TO DATE    0.4                       1.7   -1.3      2.2
  SINCE DEC 1      2.6                       6.5   -3.9      4.5
  SINCE JUL 1      2.6                       7.9   -5.3      4.5
  SNOW DEPTH       0

DEGREE DAYS
 HEATING
  TODAY           54                        36     18       41
  MONTH TO DATE  504                       432     72      476
  SINCE DEC 1   1515                      1472     43     1549
  SINCE JUL 1   2395                      2474    -79     2133

 COOLING
  TODAY            0                         0      0        0
  MONTH TO DATE    0                         0      0        0
  SINCE DEC 1      0                         0      0        0
  SINCE JAN 1      0                         0      0        0
..................................................................


WIND (MPH)
  HIGHEST WIND SPEED    22   HIGHEST WIND DIRECTION     N (350)
  HIGHEST GUST SPEED    27   HIGHEST GUST DIRECTION     N (350)
  AVERAGE WIND SPEED    13.6


SKY COVER
  POSSIBLE SUNSHINE  MM
  AVERAGE SKY COVER 0.2


WEATHER CONDITIONS
 THE FOLLOWING WEATHER WAS RECORDED TODAY.
  NO SIGNIFICANT WEATHER WAS OBSERVED.


RELATIVE HUMIDITY (PERCENT)
 HIGHEST    79           800 AM
 LOWEST     56           300 PM
 AVERAGE    68

..........................................................


THE KANSAS CITY INTERNATIONAL MO CLIMATE NORMALS FOR TOMORROW
                         NORMAL    RECORD    YEAR
 MAXIMUM TEMPERATURE (F)   38        68      1996
 MINIMUM TEMPERATURE (F)   19       -14      1916


SUNRISE AND SUNSET
JANUARY 12 2018.......SUNRISE   738 AM CST   SUNSET   517 PM CST
JANUARY 13 2018.......SUNRISE   738 AM CST   SUNSET   518 PM CST


-  INDICATES NEGATIVE NUMBERS.
R  INDICATES RECORD WAS SET OR TIED.
MM INDICATES DATA IS MISSING.
T  INDICATES TRACE AMOUNT.


&&

...MISCELLANEOUS CLIMATE DATA FROM TODAY...

LOCATION                HIGH    LOW      PRECIP
ST. JOSEPH               15       3       0.00
DOWNTOWN KANSAS CITY     21       8       0.00
OLATHE NEW CENTURY       19       5       0.00
OLATHE JO CO EXEC        19       5       0.00
LEES SUMMIT              21       6       0.00
KIRKSVILLE               18       3       0.00
CHILLICOTHE              20       5       0.00
SEDALIA                  22       9       T
NWS PLEASANT HILL MO     22       6       0.00


THIS PRODUCT...ALONG WITH OTHER WEATHER...HYDROLOGICAL AND CLIMATE
INFORMATION...IS AVAILABLE ON THE WEB AT HTTP://WWW.WEATHER.GOV/EAX
OR AT HTTP://WEATHER.GOV

$$
