000
CDUS43 KEAX 180643
CLIMCI

CLIMATE REPORT
NATIONAL WEATHER SERVICE KANSAS CITY/PLEASANT HILL MO
140 AM CDT MON JUL 18 2016


...................................

...THE KANSAS CITY INTERNATIONAL MO CLIMATE SUMMARY FOR JULY 17 2016...

CLIMATE NORMAL PERIOD 1981 TO 2010
CLIMATE RECORD PERIOD 1888 TO 2016


WEATHER ITEM   OBSERVED TIME   RECORD YEAR NORMAL DEPARTURE LAST
                VALUE   (LST)  VALUE       VALUE  FROM      YEAR
                                                  NORMAL
..................................................................
TEMPERATURE (F)
 YESTERDAY
  MAXIMUM         92    442 PM 108    1954  89      3       92
                                      1934
  MINIMUM         76    611 AM  55    2009  69      7       76
  AVERAGE         84                        79      5       84

PRECIPITATION (IN)
  YESTERDAY        0.00          2.40 1938   0.14  -0.14     0.00
  MONTH TO DATE    7.74                      2.65   5.09     3.48
  SINCE JUN 1      8.72                      7.88   0.84    11.06
  SINCE JAN 1     29.25                     21.71   7.54    27.66

SNOWFALL (IN)
  YESTERDAY        0.0           0.0    MM   0.0    0.0      0.0
  MONTH TO DATE    0.0                       0.0    0.0      0.0
  SINCE JUN 1      0.0                       0.0    0.0      0.0
  SINCE JUL 1      0.0                       0.0    0.0      0.0
  SNOW DEPTH       0

DEGREE DAYS
 HEATING
  YESTERDAY        0                         0      0        0
  MONTH TO DATE    0                         0      0        2
  SINCE JUN 1      0                         9     -9        5
  SINCE JUL 1      0                         0      0        2

 COOLING
  YESTERDAY       19                        14      5       19
  MONTH TO DATE  207                       223    -16      195
  SINCE JUN 1    624                       489    135      500
  SINCE JAN 1    695                       605     90      568
..................................................................


WIND (MPH)
  HIGHEST WIND SPEED    22   HIGHEST WIND DIRECTION     S (200)
  HIGHEST GUST SPEED    27   HIGHEST GUST DIRECTION    SW (210)
  AVERAGE WIND SPEED    12.8


SKY COVER
  POSSIBLE SUNSHINE  MM
  AVERAGE SKY COVER 0.3


WEATHER CONDITIONS
 THE FOLLOWING WEATHER WAS RECORDED YESTERDAY.
  NO SIGNIFICANT WEATHER WAS OBSERVED.


RELATIVE HUMIDITY (PERCENT)
 HIGHEST    88           700 AM
 LOWEST     60           200 PM
 AVERAGE    74

..........................................................


THE KANSAS CITY INTERNATIONAL MO CLIMATE NORMALS FOR TODAY
                         NORMAL    RECORD    YEAR
 MAXIMUM TEMPERATURE (F)   89       111      1954
 MINIMUM TEMPERATURE (F)   69        56      2009


SUNRISE AND SUNSET
JULY 18 2016..........SUNRISE   607 AM CDT   SUNSET   842 PM CDT
JULY 19 2016..........SUNRISE   608 AM CDT   SUNSET   842 PM CDT


-  INDICATES NEGATIVE NUMBERS.
R  INDICATES RECORD WAS SET OR TIED.
MM INDICATES DATA IS MISSING.
T  INDICATES TRACE AMOUNT.


&&

...MISCELLANEOUS CLIMATE DATA FROM YESTERDAY...

LOCATION                HIGH    LOW      PRECIP
ST. JOSEPH               91      75       0.00
DOWNTOWN KANSAS CITY     95      78       0.00
OLATHE NEW CENTURY       93      74       0.00
OLATHE JO CO EXEC        91      73       0.00
LEES SUMMIT              95      75       0.00
KIRKSVILLE               91      71       T
CHILLICOTHE              92      75       0.00
SEDALIA                  93      76       0.00
NWS PLEASANT HILL MO     92      73       0.00


THIS PRODUCT...ALONG WITH OTHER WEATHER...HYDROLOGICAL AND CLIMATE
INFORMATION...IS AVAILABLE ON THE WEB AT HTTP://WWW.WEATHER.GOV/EAX
OR AT HTTP://WEATHER.GOV

$$
