000
CDUS43 KEAX 220636
CLIMCI

CLIMATE REPORT
NATIONAL WEATHER SERVICE KANSAS CITY/PLEASANT HILL MO
132 AM CDT FRI MAY 22 2015


...................................

...THE KANSAS CITY INTERNATIONAL MO CLIMATE SUMMARY FOR MAY 21 2015...

CLIMATE NORMAL PERIOD 1981 TO 2010
CLIMATE RECORD PERIOD 1888 TO 2015


WEATHER ITEM   OBSERVED TIME   RECORD YEAR NORMAL DEPARTURE LAST
                VALUE   (LST)  VALUE       VALUE  FROM      YEAR
                                                  NORMAL
..................................................................
TEMPERATURE (F)
 YESTERDAY
  MAXIMUM         68    519 PM  97    1956  76     -8       85
  MINIMUM         44    541 AM  38    1892  56    -12       63
  AVERAGE         56                        66    -10       74

PRECIPITATION (IN)
  YESTERDAY        T             2.25 1891   0.17  -0.17     0.00
  MONTH TO DATE    6.34                      3.55   2.79     0.78
  SINCE MAR 1     10.51                      9.62   0.89     6.32
  SINCE JAN 1     12.69                     12.15   0.54     8.07

SNOWFALL (IN)
  YESTERDAY       MM             0.0    MM   0.0   MM        0.0
  MONTH TO DATE    0.0                       0.0    0.0      0.0
  SINCE MAR 1      T                         2.6   -2.6      3.6
  SINCE JUL 1     14.2                      18.8   -4.6     26.2
  SNOW DEPTH       0

DEGREE DAYS
 HEATING
  YESTERDAY        9                         2      7        0
  MONTH TO DATE   77                        87    -10      113
  SINCE MAR 1    883                      1062   -179     1219
  SINCE JUL 1   5097                      5107    -10     5785

 COOLING
  YESTERDAY        0                         3     -3        9
  MONTH TO DATE   44                        43      1       72
  SINCE MAR 1     53                        71    -18       81
  SINCE JAN 1     53                        71    -18       81
..................................................................


WIND (MPH)
  HIGHEST WIND SPEED    12   HIGHEST WIND DIRECTION     N (10)
  HIGHEST GUST SPEED    17   HIGHEST GUST DIRECTION     N (350)
  AVERAGE WIND SPEED     5.7


SKY COVER
  POSSIBLE SUNSHINE  MM
  AVERAGE SKY COVER 0.5


WEATHER CONDITIONS
 THE FOLLOWING WEATHER WAS RECORDED YESTERDAY.
  LIGHT RAIN
  FOG


RELATIVE HUMIDITY (PERCENT)
 HIGHEST   100          1200 AM
 LOWEST     42           400 PM
 AVERAGE    71

..........................................................


THE KANSAS CITY INTERNATIONAL MO CLIMATE NORMALS FOR TODAY
                         NORMAL    RECORD    YEAR
 MAXIMUM TEMPERATURE (F)   77        93      1956
 MINIMUM TEMPERATURE (F)   56        41      1963


SUNRISE AND SUNSET
MAY 22 2015...........SUNRISE   600 AM CDT   SUNSET   832 PM CDT
MAY 23 2015...........SUNRISE   559 AM CDT   SUNSET   832 PM CDT


-  INDICATES NEGATIVE NUMBERS.
R  INDICATES RECORD WAS SET OR TIED.
MM INDICATES DATA IS MISSING.
T  INDICATES TRACE AMOUNT.




&&

...MISCELLANEOUS CLIMATE DATA FROM YESTERDAY...

LOCATION                HIGH    LOW      PRECIP
ST. JOSEPH               70      42       T
DOWNTOWN KANSAS CITY     69      48       T
OLATHE NEW CENTURY       67      45       0.01
OLATHE JO CO EXEC        68      47       0.05
LEES SUMMIT              68      47       0.01
KIRKSVILLE               70      37       0.00
CHILLICOTHE              71      42       0.00
SEDALIA                  68      46       0.00
NWS PLEASANT HILL MO     67      46       T


THIS PRODUCT...ALONG WITH OTHER WEATHER...HYDROLOGICAL AND CLIMATE
INFORMATION...IS AVAILABLE ON THE WEB AT HTTP://WWW.CRH.NOAA.GOV/EAX
OR AT HTTP://WEATHER.GOV

$$

MJ
