000
CDUS43 KEAX 240648
CLIMCI

CLIMATE REPORT
NATIONAL WEATHER SERVICE KANSAS CITY/PLEASANT HILL MO
1246 AM CST MON NOV 24 2014


...................................

...THE KANSAS CITY INTERNATIONAL MO CLIMATE SUMMARY FOR NOVEMBER 23 2014...

CLIMATE NORMAL PERIOD 1981 TO 2010
CLIMATE RECORD PERIOD 1888 TO 2014


WEATHER ITEM   OBSERVED TIME   RECORD YEAR NORMAL DEPARTURE LAST
                VALUE   (LST)  VALUE       VALUE  FROM      YEAR
                                                  NORMAL
..................................................................
TEMPERATURE (F)
 YESTERDAY
  MAXIMUM         58   1250 PM  75    1966  49      9       27
  MINIMUM         40   1159 PM   6    1898  31      9       13
  AVERAGE         49                        40      9       20

PRECIPITATION (IN)
  YESTERDAY        0.38          1.47 1931   0.07   0.31     0.00
  MONTH TO DATE    0.63                      1.68  -1.05     1.43
  SINCE SEP 1     12.17                      9.46   2.71    11.01
  SINCE JAN 1     38.16                     36.86   1.30    33.68

SNOWFALL (IN)
  YESTERDAY       MM             0.7  1983   0.0   MM        0.0
  MONTH TO DATE    0.5                       0.6   -0.1      0.0
  SINCE SEP 1      0.5                       0.8   -0.3      0.0
  SINCE JUL 1      0.5                       0.8   -0.3      0.0
  SNOW DEPTH       0

DEGREE DAYS
 HEATING
  YESTERDAY       16                        25     -9       45
  MONTH TO DATE  632                       453    179      480
  SINCE SEP 1    932                       811    121      828
  SINCE JUL 1    934                       813    121      828

 COOLING
  YESTERDAY        0                         0      0        0
  MONTH TO DATE    0                         0      0        0
  SINCE SEP 1    144                       185    -41      251
  SINCE JAN 1   1263                      1358    -95     1345
..................................................................


WIND (MPH)
  HIGHEST WIND SPEED    30   HIGHEST WIND DIRECTION     N (340)
  HIGHEST GUST SPEED    42   HIGHEST GUST DIRECTION    NW (330)
  AVERAGE WIND SPEED    12.8


SKY COVER
  POSSIBLE SUNSHINE  MM
  AVERAGE SKY COVER 1.0


WEATHER CONDITIONS
 THE FOLLOWING WEATHER WAS RECORDED YESTERDAY.
  RAIN
  LIGHT RAIN
  FOG


RELATIVE HUMIDITY (PERCENT)
 HIGHEST   100          1100 AM
 LOWEST     79          1100 PM
 AVERAGE    90

..........................................................


THE KANSAS CITY INTERNATIONAL MO CLIMATE NORMALS FOR TODAY
                         NORMAL    RECORD    YEAR
 MAXIMUM TEMPERATURE (F)   49        73      1990
 MINIMUM TEMPERATURE (F)   30         9      1950


SUNRISE AND SUNSET
NOVEMBER 24 2014......SUNRISE   712 AM CST   SUNSET   458 PM CST
NOVEMBER 25 2014......SUNRISE   713 AM CST   SUNSET   458 PM CST


-  INDICATES NEGATIVE NUMBERS.
R  INDICATES RECORD WAS SET OR TIED.
MM INDICATES DATA IS MISSING.
T  INDICATES TRACE AMOUNT.



&&

...MISCELLANEOUS CLIMATE DATA FROM YESTERDAY...

LOCATION                HIGH    LOW      PRECIP
ST. JOSEPH               57      39       0.19
DOWNTOWN KANSAS CITY     59      41       0.11
OLATHE NEW CENTURY       57      39       0.36
OLATHE JO CO EXEC        57      40       0.23
LEES SUMMIT              58      40       0.16
KIRKSVILLE               55      35       0.86
CHILLICOTHE              57      39       1.07
SEDALIA                  57      40       0.95
NWS PLEASANT HILL MO     56      37       0.16


THIS PRODUCT...ALONG WITH OTHER WEATHER...HYDROLOGICAL AND CLIMATE
INFORMATION...IS AVAILABLE ON THE WEB AT HTTP://WWW.CRH.NOAA.GOV/EAX
OR AT HTTP://WEATHER.GOV

$$

CUTTER
