000
CDUS43 KEAX 160641
CLIMCI

CLIMATE REPORT
NATIONAL WEATHER SERVICE KANSAS CITY/PLEASANT HILL MO
138 AM CDT FRI SEP 16 2016


...................................

...THE KANSAS CITY INTERNATIONAL MO CLIMATE SUMMARY FOR SEPTEMBER 15 2016...

CLIMATE NORMAL PERIOD 1981 TO 2010
CLIMATE RECORD PERIOD 1888 TO 2016


WEATHER ITEM   OBSERVED TIME   RECORD YEAR NORMAL DEPARTURE LAST
                VALUE   (LST)  VALUE       VALUE  FROM      YEAR
                                                  NORMAL
..................................................................
TEMPERATURE (F)
 YESTERDAY
  MAXIMUM         84    415 PM  99    1939  79      5       83
                                      1931
  MINIMUM         67    655 AM  37    1993  58      9       68
  AVERAGE         76                        68      8       76

PRECIPITATION (IN)
  YESTERDAY        0.00          4.59 1988   0.16  -0.16     0.00
  MONTH TO DATE    3.96                      2.33   1.63     5.40
  SINCE SEP 1      3.96                      2.33   1.63     5.40
  SINCE JAN 1     43.39                     29.73  13.66    37.31

SNOWFALL (IN)
  YESTERDAY        0.0           0.0    MM   0.0    0.0      0.0
  MONTH TO DATE    0.0                       0.0    0.0      0.0
  SINCE SEP 1      0.0                       0.0    0.0      0.0
  SINCE JUL 1      0.0                       0.0    0.0      0.0
  SNOW DEPTH       0

DEGREE DAYS
 HEATING
  YESTERDAY        0                         2     -2        0
  MONTH TO DATE    1                        12    -11        8
  SINCE SEP 1      1                        12    -11        8
  SINCE JUL 1      1                        14    -13       11

 COOLING
  YESTERDAY       11                         5      6       11
  MONTH TO DATE  125                       107     18      170
  SINCE SEP 1    125                       107     18      170
  SINCE JAN 1   1422                      1280    142     1245
..................................................................


WIND (MPH)
  HIGHEST WIND SPEED    14   HIGHEST WIND DIRECTION     S (170)
  HIGHEST GUST SPEED    MM   HIGHEST GUST DIRECTION    MM
  AVERAGE WIND SPEED     7.9


SKY COVER
  POSSIBLE SUNSHINE  MM
  AVERAGE SKY COVER 0.5


WEATHER CONDITIONS
 THE FOLLOWING WEATHER WAS RECORDED YESTERDAY.
  FOG


RELATIVE HUMIDITY (PERCENT)
 HIGHEST    93           400 AM
 LOWEST     55           200 PM
 AVERAGE    74

..........................................................


THE KANSAS CITY INTERNATIONAL MO CLIMATE NORMALS FOR TODAY
                         NORMAL    RECORD    YEAR
 MAXIMUM TEMPERATURE (F)   79        98      1931
 MINIMUM TEMPERATURE (F)   57        40      1934


SUNRISE AND SUNSET
SEPTEMBER 16 2016.....SUNRISE   701 AM CDT   SUNSET   725 PM CDT
SEPTEMBER 17 2016.....SUNRISE   702 AM CDT   SUNSET   723 PM CDT


-  INDICATES NEGATIVE NUMBERS.
R  INDICATES RECORD WAS SET OR TIED.
MM INDICATES DATA IS MISSING.
T  INDICATES TRACE AMOUNT.


&&

...MISCELLANEOUS CLIMATE DATA FROM YESTERDAY...

LOCATION                HIGH    LOW      PRECIP
ST. JOSEPH               85      66       0.00
DOWNTOWN KANSAS CITY     87      67       0.00
OLATHE NEW CENTURY       85      67       0.00
OLATHE JO CO EXEC        84      65       0.00
LEES SUMMIT              86      66       0.00
KIRKSVILLE               85      64       0.00
CHILLICOTHE              87      65       0.00
SEDALIA                  88      65       0.41
NWS PLEASANT HILL MO     86      65       0.00


THIS PRODUCT...ALONG WITH OTHER WEATHER...HYDROLOGICAL AND CLIMATE
INFORMATION...IS AVAILABLE ON THE WEB AT HTTP://WWW.WEATHER.GOV/EAX
OR AT HTTP://WEATHER.GOV

$$
