000
CDUS43 KEAX 151523 CCA
CLIMCI

CLIMATE REPORT
NATIONAL WEATHER SERVICE KANSAS CITY/PLEASANT HILL MO
1241 AM CST MON DEC 15 2014 CORRECTED TEMPERATURE


...................................

...THE KANSAS CITY INTERNATIONAL MO CLIMATE SUMMARY FOR DECEMBER 14 2014...

CLIMATE NORMAL PERIOD 1981 TO 2010
CLIMATE RECORD PERIOD 1888 TO 2014


WEATHER ITEM   OBSERVED TIME   RECORD YEAR NORMAL DEPARTURE LAST
                VALUE   (LST)  VALUE       VALUE  FROM      YEAR
                                                  NORMAL
..................................................................
TEMPERATURE (F)
 YESTERDAY
  MAXIMUM         62    429 PM  67    1933  40     22       33
  MINIMUM         51    916 PM  -8    1901  23      9       18
  AVERAGE         47                        31     16       26

PRECIPITATION (IN)
  YESTERDAY        0.62          1.66 1975   0.05   0.57     0.04
  MONTH TO DATE    1.29                      0.80   0.49     0.32
  SINCE DEC 1      1.29                      0.80   0.49     0.32
  SINCE JAN 1     39.50                     38.13   1.37    34.00

SNOWFALL (IN)
  YESTERDAY        0.0           9.7  1987   0.2   -0.2      0.2
  MONTH TO DATE    0.0                       2.0   -2.0      2.0
  SINCE DEC 1      0.0                       2.0   -2.0      2.0
  SINCE JUL 1      0.5                       3.4   -2.9      2.0
  SNOW DEPTH       0

DEGREE DAYS
 HEATING
  YESTERDAY       18                        34    -16       39
  MONTH TO DATE  398                       441    -43      546
  SINCE DEC 1    398                       441    -43      546
  SINCE JUL 1   1519                      1443     76     1611

 COOLING
  YESTERDAY        0                         0      0        0
  MONTH TO DATE    0                         0      0        0
  SINCE DEC 1      0                         0      0        0
  SINCE JAN 1   1263                      1360    -97     1345
..................................................................


WIND (MPH)
  HIGHEST WIND SPEED    22   HIGHEST WIND DIRECTION     S (190)
  HIGHEST GUST SPEED    30   HIGHEST GUST DIRECTION     S (190)
  AVERAGE WIND SPEED    14.2


SKY COVER
  POSSIBLE SUNSHINE  MM
  AVERAGE SKY COVER 1.0


WEATHER CONDITIONS
 THE FOLLOWING WEATHER WAS RECORDED YESTERDAY.
  RAIN
  LIGHT RAIN
  FOG


RELATIVE HUMIDITY (PERCENT)
 HIGHEST    93          1200 AM
 LOWEST     67           300 PM
 AVERAGE    80

..........................................................


THE KANSAS CITY INTERNATIONAL MO CLIMATE NORMALS FOR TODAY
                         NORMAL    RECORD    YEAR
 MAXIMUM TEMPERATURE (F)   40        68      2002
 MINIMUM TEMPERATURE (F)   22       -16      1989


SUNRISE AND SUNSET
DECEMBER 15 2014......SUNRISE   731 AM CST   SUNSET   457 PM CST
DECEMBER 16 2014......SUNRISE   732 AM CST   SUNSET   457 PM CST


-  INDICATES NEGATIVE NUMBERS.
R  INDICATES RECORD WAS SET OR TIED.
MM INDICATES DATA IS MISSING.
T  INDICATES TRACE AMOUNT.



&&

...MISCELLANEOUS CLIMATE DATA FROM YESTERDAY...

LOCATION                HIGH    LOW      PRECIP
ST. JOSEPH               62      51       0.33
DOWNTOWN KANSAS CITY     65      51       0.64
OLATHE NEW CENTURY       64      49       0.98
OLATHE JO CO EXEC        64      49       0.91
LEES SUMMIT              63      53       0.63
KIRKSVILLE               60      48       0.00
CHILLICOTHE              61      51       0.09
SEDALIA                  63      47       0.12
NWS PLEASANT HILL MO     62      49       0.69


THIS PRODUCT...ALONG WITH OTHER WEATHER...HYDROLOGICAL AND CLIMATE
INFORMATION...IS AVAILABLE ON THE WEB AT HTTP://WWW.CRH.NOAA.GOV/EAX
OR AT HTTP://WEATHER.GOV

$$

JL
