000
CDUS43 KEAX 220638
CLIMCI

CLIMATE REPORT
NATIONAL WEATHER SERVICE KANSAS CITY/PLEASANT HILL MO
136 AM CDT SAT AUG 22 2015


...................................

...THE KANSAS CITY INTERNATIONAL MO CLIMATE SUMMARY FOR AUGUST 21 2015...

CLIMATE NORMAL PERIOD 1981 TO 2010
CLIMATE RECORD PERIOD 1888 TO 2015


WEATHER ITEM   OBSERVED TIME   RECORD YEAR NORMAL DEPARTURE LAST
                VALUE   (LST)  VALUE       VALUE  FROM      YEAR
                                                  NORMAL
..................................................................
TEMPERATURE (F)
 YESTERDAY
  MAXIMUM         83    336 PM 106    2003  87     -4       94
  MINIMUM         58    546 AM  53    2004  66     -8       77
                                      1956
                                      1950
  AVERAGE         71                        77     -6       86

PRECIPITATION (IN)
  YESTERDAY        0.00          2.55 1938   0.13  -0.13     0.00
  MONTH TO DATE    0.97                      2.55  -1.58     4.73
  SINCE JUN 1     15.30                     12.23   3.07    14.68
  SINCE JAN 1     31.90                     26.06   5.84    23.30

SNOWFALL (IN)
  YESTERDAY        0.0           0.0    MM   0.0    0.0      0.0
  MONTH TO DATE    0.0                       0.0    0.0      0.0
  SINCE JUN 1      0.0                       0.0    0.0      0.0
  SINCE JUL 1      0.0                       0.0    0.0      0.0
  SNOW DEPTH       0

DEGREE DAYS
 HEATING
  YESTERDAY        0                         0      0        0
  MONTH TO DATE    1                         0      1        0
  SINCE JUN 1      6                         9     -3        3
  SINCE JUL 1      3                         0      3        2

 COOLING
  YESTERDAY        6                        12     -6       21
  MONTH TO DATE  233                       269    -36      231
  SINCE JUN 1    936                       949    -13      794
  SINCE JAN 1   1004                      1065    -61      955
..................................................................


WIND (MPH)
  HIGHEST WIND SPEED    22   HIGHEST WIND DIRECTION     S (180)
  HIGHEST GUST SPEED    26   HIGHEST GUST DIRECTION     S (180)
  AVERAGE WIND SPEED    12.4


SKY COVER
  POSSIBLE SUNSHINE  MM
  AVERAGE SKY COVER 0.3


WEATHER CONDITIONS
 THE FOLLOWING WEATHER WAS RECORDED YESTERDAY.
  HAZE


RELATIVE HUMIDITY (PERCENT)
 HIGHEST    84          1200 AM
 LOWEST     47           200 PM
 AVERAGE    66

..........................................................


THE KANSAS CITY INTERNATIONAL MO CLIMATE NORMALS FOR TODAY
                         NORMAL    RECORD    YEAR
 MAXIMUM TEMPERATURE (F)   87       104      1936
 MINIMUM TEMPERATURE (F)   66        52      1923


SUNRISE AND SUNSET
AUGUST 22 2015........SUNRISE   638 AM CDT   SUNSET   805 PM CDT
AUGUST 23 2015........SUNRISE   639 AM CDT   SUNSET   803 PM CDT


-  INDICATES NEGATIVE NUMBERS.
R  INDICATES RECORD WAS SET OR TIED.
MM INDICATES DATA IS MISSING.
T  INDICATES TRACE AMOUNT.


&&

...MISCELLANEOUS CLIMATE DATA FROM YESTERDAY...

LOCATION                HIGH    LOW      PRECIP
ST. JOSEPH               83      58       0.00
DOWNTOWN KANSAS CITY     85      64       0.00
OLATHE NEW CENTURY       82      58       0.00
OLATHE JO CO EXEC        81      57       0.00
LEES SUMMIT              81      62       0.00
KIRKSVILLE               83      60       0.00
CHILLICOTHE              83      59       0.00
SEDALIA                  83      58       0.00
NWS PLEASANT HILL MO     83      57       0.00


THIS PRODUCT...ALONG WITH OTHER WEATHER...HYDROLOGICAL AND CLIMATE
INFORMATION...IS AVAILABLE ON THE WEB AT HTTP://WWW.WEATHER.GOV/EAX
OR AT HTTP://WEATHER.GOV

$$
