000
CDUS43 KEAX 120033
CLIMCI

CLIMATE REPORT
NATIONAL WEATHER SERVICE KANSAS CITY/PLEASANT HILL MO
732 PM CDT MON JUL 11 2016


...................................

...THE KANSAS CITY INTERNATIONAL MO CLIMATE SUMMARY FOR JULY 11 2016...
VALID TODAY AS OF 0700 PM LOCAL TIME.

CLIMATE NORMAL PERIOD 1981 TO 2010
CLIMATE RECORD PERIOD 1888 TO 2016


WEATHER ITEM   OBSERVED TIME   RECORD YEAR NORMAL DEPARTURE LAST
                VALUE   (LST)  VALUE       VALUE  FROM      YEAR
                                                  NORMAL
..................................................................
TEMPERATURE (F)
 TODAY
  MAXIMUM         91    309 PM 108    1954  88      3       90
  MINIMUM         74    547 AM  54    1895  69      5       69
  AVERAGE         83                        78      5       80

PRECIPITATION (IN)
  TODAY            0.00          2.19 2010   0.16  -0.16      T
  MONTH TO DATE    6.06                      1.74   4.32     3.40
  SINCE JUN 1      7.04                      6.97   0.07    10.98
  SINCE JAN 1     27.57                     20.80   6.77    27.58

SNOWFALL (IN)
  TODAY            0.0           0.0    MM   0.0    0.0      0.0
  MONTH TO DATE    0.0                       0.0    0.0      0.0
  SINCE JUN 1      0.0                       0.0    0.0      0.0
  SINCE JUL 1      0.0                       0.0    0.0      0.0
  SNOW DEPTH       0

DEGREE DAYS
 HEATING
  TODAY            0                         0      0        0
  MONTH TO DATE    0                         0      0        2
  SINCE JUN 1      0                         9     -9        5
  SINCE JUL 1      0                         0      0        2

 COOLING
  TODAY           18                        13      5       15
  MONTH TO DATE  132                       141     -9       81
  SINCE JUN 1    549                       407    142      386
  SINCE JAN 1    620                       523     97      454
..................................................................


WIND (MPH)
  HIGHEST WIND SPEED    26   HIGHEST WIND DIRECTION     S (170)
  HIGHEST GUST SPEED    33   HIGHEST GUST DIRECTION     S (170)
  AVERAGE WIND SPEED    16.1


SKY COVER
  POSSIBLE SUNSHINE  MM
  AVERAGE SKY COVER 0.1


WEATHER CONDITIONS
 THE FOLLOWING WEATHER WAS RECORDED TODAY.
  HAZE


RELATIVE HUMIDITY (PERCENT)
 HIGHEST    82           300 AM
 LOWEST     56           300 PM
 AVERAGE    69

..........................................................


THE KANSAS CITY INTERNATIONAL MO CLIMATE NORMALS FOR TOMORROW
                         NORMAL    RECORD    YEAR
 MAXIMUM TEMPERATURE (F)   88       109      1954
 MINIMUM TEMPERATURE (F)   69        56      1990


SUNRISE AND SUNSET
JULY 11 2016..........SUNRISE   602 AM CDT   SUNSET   846 PM CDT
JULY 12 2016..........SUNRISE   603 AM CDT   SUNSET   846 PM CDT


-  INDICATES NEGATIVE NUMBERS.
R  INDICATES RECORD WAS SET OR TIED.
MM INDICATES DATA IS MISSING.
T  INDICATES TRACE AMOUNT.


&&

...MISCELLANEOUS CLIMATE DATA FROM TODAY...

LOCATION                HIGH    LOW      PRECIP
ST. JOSEPH               93      76       0.00
DOWNTOWN KANSAS CITY     93      77       0.00
OLATHE NEW CENTURY       91      73       0.00
OLATHE JO CO EXEC        88      71       0.00
LEES SUMMIT              92      74       0.00
KIRKSVILLE               92      72       0.00
CHILLICOTHE              92      75       0.00
SEDALIA                  91      72       0.00
NWS PLEASANT HILL MO     89      71       0.00


THIS PRODUCT...ALONG WITH OTHER WEATHER...HYDROLOGICAL AND CLIMATE
INFORMATION...IS AVAILABLE ON THE WEB AT HTTP://WWW.WEATHER.GOV/EAX
OR AT HTTP://WEATHER.GOV

$$
