082
CDUS43 KEAX 230634
CLIMCI

CLIMATE REPORT
NATIONAL WEATHER SERVICE KANSAS CITY/PLEASANT HILL MO
132 AM CDT SAT APR 23 2016


...................................

...THE KANSAS CITY INTERNATIONAL MO CLIMATE SUMMARY FOR APRIL 22 2016...

CLIMATE NORMAL PERIOD 1981 TO 2010
CLIMATE RECORD PERIOD 1888 TO 2016


WEATHER ITEM   OBSERVED TIME   RECORD YEAR NORMAL DEPARTURE LAST
                VALUE   (LST)  VALUE       VALUE  FROM      YEAR
                                                  NORMAL
..................................................................
TEMPERATURE (F)
 YESTERDAY
  MAXIMUM         68    441 PM  91    1989  68      0       58
  MINIMUM         50    527 AM  25    1986  46      4       33
  AVERAGE         59                        57      2       46

PRECIPITATION (IN)
  YESTERDAY        0.00          4.18 1944   0.14  -0.14     0.00
  MONTH TO DATE    1.47                      2.50  -1.03     2.73
  SINCE MAR 1      4.19                      4.87  -0.68     3.61
  SINCE JAN 1      5.35                      7.40  -2.05     5.79

SNOWFALL (IN)
  YESTERDAY        0.0           0.0    MM   0.1   -0.1      0.0
  MONTH TO DATE    0.0                       0.6   -0.6      0.0
  SINCE MAR 1      0.6                       2.6   -2.0       T
  SINCE JUL 1      5.9                      18.8  -12.9     14.2
  SNOW DEPTH       0

DEGREE DAYS
 HEATING
  YESTERDAY        6                         9     -3       19
  MONTH TO DATE  202                       268    -66      175
  SINCE MAR 1    645                       914   -269      737
  SINCE JUL 1   4002                      4959   -957     4951

 COOLING
  YESTERDAY        0                         1     -1        0
  MONTH TO DATE    4                        16    -12        7
  SINCE MAR 1      6                        19    -13        9
  SINCE JAN 1      6                        19    -13        9
..................................................................


WIND (MPH)
  HIGHEST WIND SPEED    14   HIGHEST WIND DIRECTION     N (360)
  HIGHEST GUST SPEED    17   HIGHEST GUST DIRECTION     N (340)
  AVERAGE WIND SPEED     7.9


SKY COVER
  POSSIBLE SUNSHINE  MM
  AVERAGE SKY COVER 0.4


WEATHER CONDITIONS
 THE FOLLOWING WEATHER WAS RECORDED YESTERDAY.
  FOG
  HAZE


RELATIVE HUMIDITY (PERCENT)
 HIGHEST    93           800 AM
 LOWEST     58           300 PM
 AVERAGE    76

..........................................................


THE KANSAS CITY INTERNATIONAL MO CLIMATE NORMALS FOR TODAY
                         NORMAL    RECORD    YEAR
 MAXIMUM TEMPERATURE (F)   68        90      1965
 MINIMUM TEMPERATURE (F)   47        32      1893


SUNRISE AND SUNSET
APRIL 23 2016.........SUNRISE   630 AM CDT   SUNSET   805 PM CDT
APRIL 24 2016.........SUNRISE   629 AM CDT   SUNSET   806 PM CDT


-  INDICATES NEGATIVE NUMBERS.
R  INDICATES RECORD WAS SET OR TIED.
MM INDICATES DATA IS MISSING.
T  INDICATES TRACE AMOUNT.


&&

...MISCELLANEOUS CLIMATE DATA FROM YESTERDAY...

LOCATION                HIGH    LOW      PRECIP
ST. JOSEPH               69      49       0.00
DOWNTOWN KANSAS CITY     71      52       0.00
OLATHE NEW CENTURY       70      50       0.00
OLATHE JO CO EXEC        70      51       0.00
LEES SUMMIT              69      51       0.00
KIRKSVILLE               64      48       0.00
CHILLICOTHE              63      46       0.00
SEDALIA                  70      52       0.00
NWS PLEASANT HILL MO     69      50       0.00


THIS PRODUCT...ALONG WITH OTHER WEATHER...HYDROLOGICAL AND CLIMATE
INFORMATION...IS AVAILABLE ON THE WEB AT HTTP://WWW.WEATHER.GOV/EAX
OR AT HTTP://WEATHER.GOV

$$

JW
