000
CDUS43 KEAX 180633
CLIMCI

CLIMATE REPORT
NATIONAL WEATHER SERVICE KANSAS CITY/PLEASANT HILL MO
131 AM CDT FRI JUL 18 2014


...................................

...THE KANSAS CITY INTERNATIONAL MO CLIMATE SUMMARY FOR JULY 17 2014...

CLIMATE NORMAL PERIOD 1981 TO 2010
CLIMATE RECORD PERIOD 1888 TO 2014


WEATHER ITEM   OBSERVED TIME   RECORD YEAR NORMAL DEPARTURE LAST
                VALUE   (LST)  VALUE       VALUE  FROM      YEAR
                                                  NORMAL
..................................................................
TEMPERATURE (F)
 YESTERDAY
  MAXIMUM         77   1250 PM 108    1954  89    -12       93
                                      1934
  MINIMUM         59    527 AM  55    2009  69    -10       72
  AVERAGE         68                        79    -11       83

PRECIPITATION (IN)
  YESTERDAY        0.00          2.40 1938   0.14  -0.14     0.00
  MONTH TO DATE    3.04                      2.65   0.39     0.17
  SINCE JUN 1      9.95                      7.88   2.07     3.29
  SINCE JAN 1     18.57                     21.71  -3.14    18.22

SNOWFALL (IN)
  YESTERDAY        0.0           0.0    MM   0.0    0.0      0.0
  MONTH TO DATE    0.0                       0.0    0.0      0.0
  SINCE JUN 1      0.0                       0.0    0.0      0.0
  SINCE JUL 1      0.0                       0.0    0.0      0.0
  SNOW DEPTH       0

DEGREE DAYS
 HEATING
  YESTERDAY        0                         0      0        0
  MONTH TO DATE    2                         0      2        0
  SINCE JUN 1      3                         9     -6       17
  SINCE JUL 1      2                         0      2        0

 COOLING
  YESTERDAY        3                        14    -11       18
  MONTH TO DATE  140                       223    -83      222
  SINCE JUN 1    417                       489    -72      498
  SINCE JAN 1    578                       605    -27      603
..................................................................


WIND (MPH)
  HIGHEST WIND SPEED    12   HIGHEST WIND DIRECTION     S (190)
  HIGHEST GUST SPEED    14   HIGHEST GUST DIRECTION    SE (150)
  AVERAGE WIND SPEED     5.7


SKY COVER
  POSSIBLE SUNSHINE  MM
  AVERAGE SKY COVER 0.6


WEATHER CONDITIONS
 THE FOLLOWING WEATHER WAS RECORDED YESTERDAY.
  NO SIGNIFICANT WEATHER WAS OBSERVED.


RELATIVE HUMIDITY (PERCENT)
 HIGHEST    78           300 AM
 LOWEST     46           100 PM
 AVERAGE    62

..........................................................


THE KANSAS CITY INTERNATIONAL MO CLIMATE NORMALS FOR TODAY
                         NORMAL    RECORD    YEAR
 MAXIMUM TEMPERATURE (F)   89       111      1954
 MINIMUM TEMPERATURE (F)   69        56      2009


SUNRISE AND SUNSET
JULY 18 2014..........SUNRISE   607 AM CDT   SUNSET   843 PM CDT
JULY 19 2014..........SUNRISE   608 AM CDT   SUNSET   842 PM CDT


-  INDICATES NEGATIVE NUMBERS.
R  INDICATES RECORD WAS SET OR TIED.
MM INDICATES DATA IS MISSING.
T  INDICATES TRACE AMOUNT.



&&

...MISCELLANEOUS CLIMATE DATA FROM YESTERDAY...

LOCATION                HIGH    LOW      PRECIP
ST. JOSEPH               77      51       0.00
DOWNTOWN KANSAS CITY     78      60       0.00
OLATHE NEW CENTURY       77      57       0.00
OLATHE JO CO EXEC        76      57       0.00
LEES SUMMIT              77      58       0.00
KIRKSVILLE               78      51       0.00
CHILLICOTHE              79      53       0.00
SEDALIA                  79      56       0.00
NWS PLEASANT HILL MO     76      57       0.00


THIS PRODUCT...ALONG WITH OTHER WEATHER...HYDROLOGICAL AND CLIMATE
INFORMATION...IS AVAILABLE ON THE WEB AT HTTP://WWW.CRH.NOAA.GOV/EAX
OR AT HTTP://WEATHER.GOV

$$

73
