895
CDUS43 KEAX 222124
CLIMCI

CLIMATE REPORT
NATIONAL WEATHER SERVICE KANSAS CITY/PLEASANT HILL MO
423 PM CDT MON MAY 22 2017


...................................

...THE KANSAS CITY INTERNATIONAL MO CLIMATE SUMMARY FOR MAY 22 2017...
VALID AS OF 0400 PM LOCAL TIME.

CLIMATE NORMAL PERIOD 1981 TO 2010
CLIMATE RECORD PERIOD 1888 TO 2017


WEATHER ITEM   OBSERVED TIME   RECORD YEAR NORMAL DEPARTURE LAST
                VALUE   (LST)  VALUE       VALUE  FROM      YEAR
                                                  NORMAL
..................................................................
TEMPERATURE (F)
 TODAY
  MAXIMUM         68    156 PM  93    1956  77     -9       80
  MINIMUM         48    225 AM  41    1963  56     -8       54
  AVERAGE         58                        66     -8       67

PRECIPITATION (IN)
  TODAY            0.05          2.23 1968   0.17  -0.12     0.00
  MONTH TO DATE    4.74                      3.72   1.02     3.58
  SINCE MAR 1     14.19                      9.79   4.40    13.45
  SINCE JAN 1     15.64                     12.32   3.32    14.61

SNOWFALL (IN)
  TODAY           MM             0.0    MM   0.0   MM        0.0
  MONTH TO DATE    0.0                       0.0    0.0      0.0
  SINCE MAR 1      0.4                       2.6   -2.2      0.6
  SINCE JUL 1      4.9                      18.8  -13.9      5.9
  SNOW DEPTH       0

DEGREE DAYS
 HEATING
  TODAY            7                         2      5        0
  MONTH TO DATE   91                        89      2      120
  SINCE MAR 1    874                      1064   -190      805
  SINCE JUL 1   4128                      5109   -981     4162

 COOLING
  TODAY            0                         4     -4        2
  MONTH TO DATE   56                        47      9       14
  SINCE MAR 1     89                        75     14       28
  SINCE JAN 1     89                        75     14       28
..................................................................


WIND (MPH)
  HIGHEST WIND SPEED    20   HIGHEST WIND DIRECTION    SW (240)
  HIGHEST GUST SPEED    23   HIGHEST GUST DIRECTION    SW (240)
  AVERAGE WIND SPEED     8.5


SKY COVER
  POSSIBLE SUNSHINE  MM
  AVERAGE SKY COVER 0.6


WEATHER CONDITIONS
 THE FOLLOWING WEATHER WAS RECORDED TODAY.
  THUNDERSTORM
  RAIN
  LIGHT RAIN
  FOG


RELATIVE HUMIDITY (PERCENT)
 HIGHEST    93           500 AM
 LOWEST     67           800 AM
 AVERAGE    80

..........................................................


THE KANSAS CITY INTERNATIONAL MO CLIMATE NORMALS FOR TOMORROW
                         NORMAL    RECORD    YEAR
 MAXIMUM TEMPERATURE (F)   77        93      1939
 MINIMUM TEMPERATURE (F)   56        41      1963


SUNRISE AND SUNSET
MAY 22 2017...........SUNRISE   600 AM CDT   SUNSET   832 PM CDT
MAY 23 2017...........SUNRISE   559 AM CDT   SUNSET   833 PM CDT


-  INDICATES NEGATIVE NUMBERS.
R  INDICATES RECORD WAS SET OR TIED.
MM INDICATES DATA IS MISSING.
T  INDICATES TRACE AMOUNT.


&&

...MISCELLANEOUS CLIMATE DATA FROM TODAY...

LOCATION                HIGH    LOW      PRECIP
ST. JOSEPH               63      49       0.40
DOWNTOWN KANSAS CITY     74      54       T
OLATHE NEW CENTURY       74      50       T
OLATHE JO CO EXEC        71      50       T
LEES SUMMIT              72      55       T
KIRKSVILLE               69      41       0.23
CHILLICOTHE              69      45       0.12
SEDALIA                  73      49       T
NWS PLEASANT HILL MO     72      49       0.00


THIS PRODUCT...ALONG WITH OTHER WEATHER...HYDROLOGICAL AND CLIMATE
INFORMATION...IS AVAILABLE ON THE WEB AT HTTP://WWW.WEATHER.GOV/EAX
OR AT HTTP://WEATHER.GOV

$$

CUTTER
