000
CDUS43 KEAX 050633
CLIMCI

CLIMATE REPORT
NATIONAL WEATHER SERVICE KANSAS CITY/PLEASANT HILL MO
1232 AM CST FRI JAN 5 2018


...................................

...THE KANSAS CITY INTERNATIONAL MO CLIMATE SUMMARY FOR JANUARY 4 2018...

CLIMATE NORMAL PERIOD 1981 TO 2010
CLIMATE RECORD PERIOD 1888 TO 2018


WEATHER ITEM   OBSERVED TIME   RECORD YEAR NORMAL DEPARTURE LAST
                VALUE   (LST)  VALUE       VALUE  FROM      YEAR
                                                  NORMAL
..................................................................
TEMPERATURE (F)
 YESTERDAY
  MAXIMUM         23    449 PM  66    1939  38    -15       21
  MINIMUM          2    704 AM -10    1947  20    -18       10
  AVERAGE         13                        29    -16       16

PRECIPITATION (IN)
  YESTERDAY        0.00          1.23 1946   0.04  -0.04     0.15
  MONTH TO DATE    0.00                      0.14  -0.14     0.34
  SINCE DEC 1      0.19                      1.67  -1.48     1.53
  SINCE JAN 1      0.00                      0.14  -0.14     0.34

SNOWFALL (IN)
  YESTERDAY        0.0           3.9  1910   0.2   -0.2      1.5
  MONTH TO DATE    0.0                       0.6   -0.6      1.5
  SINCE DEC 1      2.2                       5.4   -3.2      3.8
  SINCE JUL 1      2.2                       6.8   -4.6      3.8
  SNOW DEPTH       0

DEGREE DAYS
 HEATING
  YESTERDAY       52                        36     16       49
  MONTH TO DATE  223                       144     79      143
  SINCE DEC 1   1234                      1184     50     1216
  SINCE JUL 1   2114                      2186    -72     1800

 COOLING
  YESTERDAY        0                         0      0        0
  MONTH TO DATE    0                         0      0        0
  SINCE DEC 1      0                         0      0        0
  SINCE JAN 1      0                         0      0        0
..................................................................


WIND (MPH)
  HIGHEST WIND SPEED    12   HIGHEST WIND DIRECTION    SE (120)
  HIGHEST GUST SPEED    19   HIGHEST GUST DIRECTION     E (110)
  AVERAGE WIND SPEED     5.4


SKY COVER
  POSSIBLE SUNSHINE  MM
  AVERAGE SKY COVER 0.4


WEATHER CONDITIONS
 THE FOLLOWING WEATHER WAS RECORDED YESTERDAY.
  NO SIGNIFICANT WEATHER WAS OBSERVED.


RELATIVE HUMIDITY (PERCENT)
 HIGHEST    87           700 AM
 LOWEST     44           400 PM
 AVERAGE    66

..........................................................


THE KANSAS CITY INTERNATIONAL MO CLIMATE NORMALS FOR TODAY
                         NORMAL    RECORD    YEAR
 MAXIMUM TEMPERATURE (F)   38        68      1956
 MINIMUM TEMPERATURE (F)   20       -15      1924


SUNRISE AND SUNSET
JANUARY  5 2018.......SUNRISE   739 AM CST   SUNSET   510 PM CST
JANUARY  6 2018.......SUNRISE   739 AM CST   SUNSET   511 PM CST


-  INDICATES NEGATIVE NUMBERS.
R  INDICATES RECORD WAS SET OR TIED.
MM INDICATES DATA IS MISSING.
T  INDICATES TRACE AMOUNT.


&&

...MISCELLANEOUS CLIMATE DATA FROM YESTERDAY...

LOCATION                HIGH    LOW      PRECIP
ST. JOSEPH               28      -1       0.00
DOWNTOWN KANSAS CITY     26       6       0.00
OLATHE NEW CENTURY       27       3       0.00
OLATHE JO CO EXEC        25       5       0.00
LEES SUMMIT              25       4       0.00
KIRKSVILLE               14      -4       0.00
CHILLICOTHE              16       0       0.00
SEDALIA                  21       3       0.00
NWS PLEASANT HILL MO     25       4       0.00


THIS PRODUCT...ALONG WITH OTHER WEATHER...HYDROLOGICAL AND CLIMATE
INFORMATION...IS AVAILABLE ON THE WEB AT HTTP://WWW.WEATHER.GOV/EAX
OR AT HTTP://WEATHER.GOV

$$
