000
CDUS43 KEAX 310637
CLIMCI

CLIMATE REPORT
NATIONAL WEATHER SERVICE KANSAS CITY/PLEASANT HILL MO
1235 AM CST SUN JAN 31 2016


...................................

...THE KANSAS CITY INTERNATIONAL MO CLIMATE SUMMARY FOR JANUARY 30 2016...

CLIMATE NORMAL PERIOD 1981 TO 2010
CLIMATE RECORD PERIOD 1888 TO 2016


WEATHER ITEM   OBSERVED TIME   RECORD YEAR NORMAL DEPARTURE LAST
                VALUE   (LST)  VALUE       VALUE  FROM      YEAR
                                                  NORMAL
..................................................................
TEMPERATURE (F)
 YESTERDAY
  MAXIMUM         58    202 PM  68    1890  39     19       39
  MINIMUM         30    655 AM  -7    1918  20     10       19
  AVERAGE         44                        30     14       29

PRECIPITATION (IN)
  YESTERDAY        0.00          1.37 1999   0.05  -0.05     0.00
  MONTH TO DATE    0.76                      1.03  -0.27     0.21
  SINCE DEC 1      4.00                      2.56   1.44     2.05
  SINCE JAN 1      0.76                      1.03  -0.27     0.21

SNOWFALL (IN)
  YESTERDAY        0.0           2.0  1985   0.1   -0.1      0.0
                                      1980
  MONTH TO DATE    2.8                       4.4   -1.6      1.6
  SINCE DEC 1      5.3                       9.2   -3.9      4.2
  SINCE JUL 1      5.3                      10.6   -5.3      4.7
  SNOW DEPTH       0

DEGREE DAYS
 HEATING
  YESTERDAY       21                        35    -14       36
  MONTH TO DATE 1071                      1079     -8     1009
  SINCE DEC 1   1847                      2119   -272     1952
  SINCE JUL 1   2594                      3121   -527     3073

 COOLING
  YESTERDAY        0                         0      0        0
  MONTH TO DATE    0                         0      0        0
  SINCE DEC 1      0                         0      0        0
  SINCE JAN 1      0                         0      0        0
..................................................................


WIND (MPH)
  HIGHEST WIND SPEED    14   HIGHEST WIND DIRECTION     S (170)
  HIGHEST GUST SPEED    17   HIGHEST GUST DIRECTION     S (170)
  AVERAGE WIND SPEED     6.2


SKY COVER
  POSSIBLE SUNSHINE  MM
  AVERAGE SKY COVER 0.5


WEATHER CONDITIONS
 THE FOLLOWING WEATHER WAS RECORDED YESTERDAY.
  NO SIGNIFICANT WEATHER WAS OBSERVED.


RELATIVE HUMIDITY (PERCENT)
 HIGHEST    96           800 AM
 LOWEST     43           300 PM
 AVERAGE    70

..........................................................


THE KANSAS CITY INTERNATIONAL MO CLIMATE NORMALS FOR TODAY
                         NORMAL    RECORD    YEAR
 MAXIMUM TEMPERATURE (F)   39        70      2009
 MINIMUM TEMPERATURE (F)   20       -10      1985


SUNRISE AND SUNSET
JANUARY 31 2016.......SUNRISE   727 AM CST   SUNSET   538 PM CST
FEBRUARY  1 2016......SUNRISE   726 AM CST   SUNSET   539 PM CST


-  INDICATES NEGATIVE NUMBERS.
R  INDICATES RECORD WAS SET OR TIED.
MM INDICATES DATA IS MISSING.
T  INDICATES TRACE AMOUNT.


&&

...MISCELLANEOUS CLIMATE DATA FROM YESTERDAY...

LOCATION                HIGH    LOW      PRECIP
ST. JOSEPH               57      27       0.00
DOWNTOWN KANSAS CITY     60      34       0.00
OLATHE NEW CENTURY       59      30       0.00
OLATHE JO CO EXEC        58      32       0.00
LEES SUMMIT              59      33       0.00
KIRKSVILLE               53      29       0.00
CHILLICOTHE              52      28       0.00
SEDALIA                  62      36       0.00
NWS PLEASANT HILL MO     58      34       0.00


THIS PRODUCT...ALONG WITH OTHER WEATHER...HYDROLOGICAL AND CLIMATE
INFORMATION...IS AVAILABLE ON THE WEB AT HTTP://WWW.WEATHER.GOV/EAX
OR AT HTTP://WEATHER.GOV

$$
