000
CDUS43 KEAX 140633
CLIMCI

CLIMATE REPORT
NATIONAL WEATHER SERVICE KANSAS CITY/PLEASANT HILL MO
131 AM CDT SUN MAY 14 2017


...................................

...THE KANSAS CITY INTERNATIONAL MO CLIMATE SUMMARY FOR MAY 13 2017...

CLIMATE NORMAL PERIOD 1981 TO 2010
CLIMATE RECORD PERIOD 1888 TO 2017


WEATHER ITEM   OBSERVED TIME   RECORD YEAR NORMAL DEPARTURE LAST
                VALUE   (LST)  VALUE       VALUE  FROM      YEAR
                                                  NORMAL
..................................................................
TEMPERATURE (F)
 YESTERDAY
  MAXIMUM         79    329 PM  90    1962  74      5       79
                                      1956
                                      1940
  MINIMUM         49    535 AM  36    1997  53     -4       46
  AVERAGE         64                        64      0       63

PRECIPITATION (IN)
  YESTERDAY        0.00          2.08 1925   0.17  -0.17     0.36
  MONTH TO DATE    0.89                      2.18  -1.29     2.82
  SINCE MAR 1     10.34                      8.25   2.09    12.69
  SINCE JAN 1     11.79                     10.78   1.01    13.85

SNOWFALL (IN)
  YESTERDAY        0.0           0.0    MM   0.0    0.0      0.0
  MONTH TO DATE    0.0                       0.0    0.0      0.0
  SINCE MAR 1      0.4                       2.6   -2.2      0.6
  SINCE JUL 1      4.9                      18.8  -13.9      5.9
  SNOW DEPTH       0

DEGREE DAYS
 HEATING
  YESTERDAY        1                         4     -3        2
  MONTH TO DATE   66                        63      3       49
  SINCE MAR 1    849                      1038   -189      734
  SINCE JUL 1   4103                      5083   -980     4091

 COOLING
  YESTERDAY        0                         2     -2        0
  MONTH TO DATE   21                        20      1       12
  SINCE MAR 1     54                        48      6       26
  SINCE JAN 1     54                        48      6       26
..................................................................


WIND (MPH)
  HIGHEST WIND SPEED    18   HIGHEST WIND DIRECTION     S (200)
  HIGHEST GUST SPEED    24   HIGHEST GUST DIRECTION     S (170)
  AVERAGE WIND SPEED     6.9


SKY COVER
  POSSIBLE SUNSHINE  MM
  AVERAGE SKY COVER 0.1


WEATHER CONDITIONS
 THE FOLLOWING WEATHER WAS RECORDED YESTERDAY.
  NO SIGNIFICANT WEATHER WAS OBSERVED.


RELATIVE HUMIDITY (PERCENT)
 HIGHEST    80           200 AM
 LOWEST     39           200 PM
 AVERAGE    60

..........................................................


THE KANSAS CITY INTERNATIONAL MO CLIMATE NORMALS FOR TODAY
                         NORMAL    RECORD    YEAR
 MAXIMUM TEMPERATURE (F)   74        91      2013
                                             1941
 MINIMUM TEMPERATURE (F)   54        40      2016
                                             1907


SUNRISE AND SUNSET
MAY 14 2017...........SUNRISE   606 AM CDT   SUNSET   825 PM CDT
MAY 15 2017...........SUNRISE   605 AM CDT   SUNSET   826 PM CDT


-  INDICATES NEGATIVE NUMBERS.
R  INDICATES RECORD WAS SET OR TIED.
MM INDICATES DATA IS MISSING.
T  INDICATES TRACE AMOUNT.


&&

...MISCELLANEOUS CLIMATE DATA FROM YESTERDAY...

LOCATION                HIGH    LOW      PRECIP
ST. JOSEPH               82      42       0.00
DOWNTOWN KANSAS CITY     81      51       0.00
OLATHE NEW CENTURY       78      50       0.00
OLATHE JO CO EXEC        76      50       0.00
LEES SUMMIT              80      50       0.00
KIRKSVILLE               79      43       0.00
CHILLICOTHE              80      43       0.00
SEDALIA                  79      52       0.00
NWS PLEASANT HILL MO     79      50       0.00


THIS PRODUCT...ALONG WITH OTHER WEATHER...HYDROLOGICAL AND CLIMATE
INFORMATION...IS AVAILABLE ON THE WEB AT HTTP://WWW.WEATHER.GOV/EAX
OR AT HTTP://WEATHER.GOV

$$
