000
CDUS43 KEAX 040635
CLIMCI

CLIMATE REPORT
NATIONAL WEATHER SERVICE KANSAS CITY/PLEASANT HILL MO
1233 AM CST THU FEB 4 2016


...................................

...THE KANSAS CITY INTERNATIONAL MO CLIMATE SUMMARY FOR FEBRUARY 3 2016...

CLIMATE NORMAL PERIOD 1981 TO 2010
CLIMATE RECORD PERIOD 1888 TO 2016


WEATHER ITEM   OBSERVED TIME   RECORD YEAR NORMAL DEPARTURE LAST
                VALUE   (LST)  VALUE       VALUE  FROM      YEAR
                                                  NORMAL
..................................................................
TEMPERATURE (F)
 YESTERDAY
  MAXIMUM         35   1206 AM  76    1934  40     -5       46
  MINIMUM         20   1159 PM -12    2011  21     -1       16
                                      1996
  AVERAGE         28                        30     -2       31

PRECIPITATION (IN)
  YESTERDAY        T             0.90 2012   0.04  -0.04     0.00
  MONTH TO DATE    0.40                      0.13   0.27     0.34
  SINCE DEC 1      4.40                      2.73   1.67     3.38
  SINCE JAN 1      1.16                      1.20  -0.04     1.54

SNOWFALL (IN)
  YESTERDAY        0.0           6.0  1901   0.2   -0.2      0.0
  MONTH TO DATE    0.0                       0.6   -0.6      2.5
  SINCE DEC 1      5.3                      10.0   -4.7      7.4
  SINCE JUL 1      5.3                      11.4   -6.1      7.9
  SNOW DEPTH       0

DEGREE DAYS
 HEATING
  YESTERDAY       37                        35      2       34
  MONTH TO DATE   81                       105    -24      128
  SINCE DEC 1   1948                      2267   -319     2109
  SINCE JUL 1   2695                      3269   -574     3230

 COOLING
  YESTERDAY        0                         0      0        0
  MONTH TO DATE    0                         0      0        0
  SINCE DEC 1      0                         0      0        0
  SINCE JAN 1      0                         0      0        0
..................................................................


WIND (MPH)
  HIGHEST WIND SPEED    26   HIGHEST WIND DIRECTION    NW (300)
  HIGHEST GUST SPEED    34   HIGHEST GUST DIRECTION    NW (300)
  AVERAGE WIND SPEED    14.2


SKY COVER
  POSSIBLE SUNSHINE  MM
  AVERAGE SKY COVER 0.9


WEATHER CONDITIONS
 THE FOLLOWING WEATHER WAS RECORDED YESTERDAY.
  LIGHT RAIN
  FOG


RELATIVE HUMIDITY (PERCENT)
 HIGHEST    89          1200 AM
 LOWEST     59           200 PM
 AVERAGE    74

..........................................................


THE KANSAS CITY INTERNATIONAL MO CLIMATE NORMALS FOR TODAY
                         NORMAL    RECORD    YEAR
 MAXIMUM TEMPERATURE (F)   40        72      1946
 MINIMUM TEMPERATURE (F)   21        -8      1905


SUNRISE AND SUNSET
FEBRUARY  4 2016......SUNRISE   723 AM CST   SUNSET   542 PM CST
FEBRUARY  5 2016......SUNRISE   722 AM CST   SUNSET   544 PM CST


-  INDICATES NEGATIVE NUMBERS.
R  INDICATES RECORD WAS SET OR TIED.
MM INDICATES DATA IS MISSING.
T  INDICATES TRACE AMOUNT.


&&

...MISCELLANEOUS CLIMATE DATA FROM YESTERDAY...

LOCATION                HIGH    LOW      PRECIP
ST. JOSEPH               33      19       T
DOWNTOWN KANSAS CITY     37      24       T
OLATHE NEW CENTURY       35      19       T
OLATHE JO CO EXEC        35      21       T
LEES SUMMIT              36      22       T
KIRKSVILLE               38      20       T
CHILLICOTHE              38      22       T
SEDALIA                  37      27       T
NWS PLEASANT HILL MO     35      22       T


THIS PRODUCT...ALONG WITH OTHER WEATHER...HYDROLOGICAL AND CLIMATE
INFORMATION...IS AVAILABLE ON THE WEB AT HTTP://WWW.WEATHER.GOV/EAX
OR AT HTTP://WEATHER.GOV

$$
