000
CDUS43 KEAX 070031
CLIMCI

CLIMATE REPORT
NATIONAL WEATHER SERVICE KANSAS CITY/PLEASANT HILL MO
731 PM CDT SUN APR 6 2014


...................................

...THE KANSAS CITY INTERNATIONAL MO CLIMATE SUMMARY FOR APRIL 6 2014...
VALID TODAY AS OF 0700 PM LOCAL TIME.

CLIMATE NORMAL PERIOD 1981 TO 2010
CLIMATE RECORD PERIOD 1888 TO 2014


WEATHER ITEM   OBSERVED TIME   RECORD YEAR NORMAL DEPARTURE LAST
                VALUE   (LST)  VALUE       VALUE  FROM      YEAR
                                                  NORMAL
..................................................................
TEMPERATURE (F)
 TODAY
  MAXIMUM         64    253 PM  90    1893  63      1       76
  MINIMUM         46    629 AM  20    1982  41      5       52
  AVERAGE         55                        52      3       64

PRECIPITATION (IN)
  TODAY            0.00          2.41 1942   0.11  -0.11     0.00
  MONTH TO DATE    0.57                      0.59  -0.02      T
  SINCE MAR 1      2.18                      2.96  -0.78     1.95
  SINCE JAN 1      3.93                      5.49  -1.56     4.84

SNOWFALL (IN)
  TODAY            0.0           0.0    MM   0.0    0.0      0.0
  MONTH TO DATE    0.0                       0.2   -0.2      0.0
  SINCE MAR 1      3.4                       2.2    1.2      6.1
  SINCE JUL 1     26.0                      18.4    7.6     31.3
  SNOW DEPTH       0

DEGREE DAYS
 HEATING
  TODAY           10                        14     -4        1
  MONTH TO DATE  111                        87     24      104
  SINCE MAR 1    876                       733    143      940
  SINCE JUL 1   5442                      4778    664     4672

 COOLING
  TODAY            0                         0      0        0
  MONTH TO DATE    0                         0      0        0
  SINCE MAR 1      0                         3     -3        0
  SINCE JAN 1      0                         3     -3        0
..................................................................


WIND (MPH)
  HIGHEST WIND SPEED    18   HIGHEST WIND DIRECTION     E (90)
  HIGHEST GUST SPEED    21   HIGHEST GUST DIRECTION     E (90)
  AVERAGE WIND SPEED     6.7


SKY COVER
  POSSIBLE SUNSHINE  MM
  AVERAGE SKY COVER 1.0


WEATHER CONDITIONS
 THE FOLLOWING WEATHER WAS RECORDED TODAY.
  NO SIGNIFICANT WEATHER WAS OBSERVED.


RELATIVE HUMIDITY (PERCENT)
 HIGHEST    50           100 AM
 LOWEST     30           200 PM
 AVERAGE    40

..........................................................


THE KANSAS CITY INTERNATIONAL MO CLIMATE NORMALS FOR TOMORROW
                         NORMAL    RECORD    YEAR
 MAXIMUM TEMPERATURE (F)   63        84      1893
 MINIMUM TEMPERATURE (F)   41        18      2007


SUNRISE AND SUNSET
APRIL  6 2014.........SUNRISE   655 AM CDT   SUNSET   748 PM CDT
APRIL  7 2014.........SUNRISE   654 AM CDT   SUNSET   749 PM CDT


-  INDICATES NEGATIVE NUMBERS.
R  INDICATES RECORD WAS SET OR TIED.
MM INDICATES DATA IS MISSING.
T  INDICATES TRACE AMOUNT.




&&

...MISCELLANEOUS CLIMATE DATA FROM TODAY...

LOCATION                HIGH    LOW      PRECIP
ST. JOSEPH               64      44       0.00
DOWNTOWN KANSAS CITY     65      48       0.00
OLATHE NEW CENTURY       61      43       0.00
OLATHE JO CO EXEC        60      45       0.00
LEES SUMMIT              61      44       0.00
KIRKSVILLE               63      38       0.00
CHILLICOTHE              63      40       0.00
SEDALIA                  63      44       0.00
NWS PLEASANT HILL MO     61      44       0.00


THIS PRODUCT...ALONG WITH OTHER WEATHER...HYDROLOGICAL AND CLIMATE
INFORMATION...IS AVAILABLE ON THE WEB AT HTTP://WWW.CRH.NOAA.GOV/EAX
OR AT HTTP://WEATHER.GOV

$$
