000
CDUS43 KEAX 240652
CLIMCI

CLIMATE REPORT
NATIONAL WEATHER SERVICE KANSAS CITY/PLEASANT HILL MO
1249 AM CST TUE FEB 24 2015


...................................

...THE KANSAS CITY INTERNATIONAL MO CLIMATE SUMMARY FOR FEBRUARY 23 2015...

CLIMATE NORMAL PERIOD 1981 TO 2010
CLIMATE RECORD PERIOD 1888 TO 2015


WEATHER ITEM   OBSERVED TIME   RECORD YEAR NORMAL DEPARTURE LAST
                VALUE   (LST)  VALUE       VALUE  FROM      YEAR
                                                  NORMAL
..................................................................
TEMPERATURE (F)
 YESTERDAY
  MAXIMUM         22    452 PM  73    1933  46    -24       33
  MINIMUM          7    811 AM  -5    1910  26    -19       25
  AVERAGE         15                        36    -21       29

PRECIPITATION (IN)
  YESTERDAY        0.00          1.04 1942   0.06  -0.06      T
  MONTH TO DATE    0.87                      1.17  -0.30     1.36
  SINCE DEC 1      3.91                      3.77   0.14     2.55
  SINCE JAN 1      2.07                      2.24  -0.17     1.75

SNOWFALL (IN)
  YESTERDAY        0.0           7.2  1965   0.2   -0.2      0.0
  MONTH TO DATE    7.5                       4.7    2.8     11.3
  SINCE DEC 1     12.4                      14.1   -1.7     22.6
  SINCE JUL 1     12.9                      15.5   -2.6     22.6
  SNOW DEPTH       0

DEGREE DAYS
 HEATING
  YESTERDAY       50                        29     21       36
  MONTH TO DATE  891                       744    147      925
  SINCE DEC 1   2872                      2906    -34     3304
  SINCE JUL 1   3993                      3908     85     4369

 COOLING
  YESTERDAY        0                         0      0        0
  MONTH TO DATE    0                         0      0        0
  SINCE DEC 1      0                         0      0        0
  SINCE JAN 1      0                         0      0        0
..................................................................


WIND (MPH)
  HIGHEST WIND SPEED    17   HIGHEST WIND DIRECTION    NE (30)
  HIGHEST GUST SPEED    20   HIGHEST GUST DIRECTION    NE (30)
  AVERAGE WIND SPEED     6.4


SKY COVER
  POSSIBLE SUNSHINE  MM
  AVERAGE SKY COVER 0.5


WEATHER CONDITIONS
 THE FOLLOWING WEATHER WAS RECORDED YESTERDAY.
  NO SIGNIFICANT WEATHER WAS OBSERVED.


RELATIVE HUMIDITY (PERCENT)
 HIGHEST    69           700 AM
 LOWEST     33           400 PM
 AVERAGE    51

..........................................................


THE KANSAS CITY INTERNATIONAL MO CLIMATE NORMALS FOR TODAY
                         NORMAL    RECORD    YEAR
 MAXIMUM TEMPERATURE (F)   47        81      1930
 MINIMUM TEMPERATURE (F)   27         2      2010
                                             2003


SUNRISE AND SUNSET
FEBRUARY 24 2015......SUNRISE   659 AM CST   SUNSET   606 PM CST
FEBRUARY 25 2015......SUNRISE   658 AM CST   SUNSET   607 PM CST


-  INDICATES NEGATIVE NUMBERS.
R  INDICATES RECORD WAS SET OR TIED.
MM INDICATES DATA IS MISSING.
T  INDICATES TRACE AMOUNT.



&&

...MISCELLANEOUS CLIMATE DATA FROM YESTERDAY...

LOCATION                HIGH    LOW      PRECIP
ST. JOSEPH               21       4       0.00
DOWNTOWN KANSAS CITY     24       9       0.00
OLATHE NEW CENTURY       23       8       0.00
OLATHE JO CO EXEC        25       8       0.00
LEES SUMMIT              23       8       0.00
KIRKSVILLE               21      -1       0.00
CHILLICOTHE              20       4       0.00
SEDALIA                  23       8       0.00
NWS PLEASANT HILL MO     23       6       0.00


THIS PRODUCT...ALONG WITH OTHER WEATHER...HYDROLOGICAL AND CLIMATE
INFORMATION...IS AVAILABLE ON THE WEB AT HTTP://WWW.CRH.NOAA.GOV/EAX
OR AT HTTP://WEATHER.GOV

$$
