000
CDUS43 KEAX 040038
CLIMCI

CLIMATE REPORT
NATIONAL WEATHER SERVICE KANSAS CITY/PLEASANT HILL MO
636 PM CST FRI FEB 3 2017


...................................

...THE KANSAS CITY INTERNATIONAL MO CLIMATE SUMMARY FOR FEBRUARY 3 2017...
VALID TODAY AS OF 0600 PM LOCAL TIME.

CLIMATE NORMAL PERIOD 1981 TO 2010
CLIMATE RECORD PERIOD 1888 TO 2017


WEATHER ITEM   OBSERVED TIME   RECORD YEAR NORMAL DEPARTURE LAST
                VALUE   (LST)  VALUE       VALUE  FROM      YEAR
                                                  NORMAL
..................................................................
TEMPERATURE (F)
 TODAY
  MAXIMUM         35    255 PM  76    1934  40     -5       35
  MINIMUM         21    704 AM -12    2011  21      0       20
                                      1996
  AVERAGE         28                        30     -2       28

PRECIPITATION (IN)
  TODAY            0.00          0.90 2012   0.04  -0.04      T
  MONTH TO DATE    0.00                      0.13  -0.13     0.40
  SINCE DEC 1      2.58                      2.73  -0.15     4.40
  SINCE JAN 1      1.39                      1.20   0.19     1.16

SNOWFALL (IN)
  TODAY            0.0           6.0  1901   0.2   -0.2      0.0
  MONTH TO DATE    0.0                       0.6   -0.6      0.0
  SINCE DEC 1      4.5                      10.0   -5.5      5.3
  SINCE JUL 1      4.5                      11.4   -6.9      5.3
  SNOW DEPTH       0

DEGREE DAYS
 HEATING
  TODAY           37                        35      2       37
  MONTH TO DATE  109                       105      4       81
  SINCE DEC 1   2187                      2267    -80     1948
  SINCE JUL 1   2771                      3269   -498     2695

 COOLING
  TODAY            0                         0      0        0
  MONTH TO DATE    0                         0      0        0
  SINCE DEC 1      0                         0      0        0
  SINCE JAN 1      0                         0      0        0
..................................................................


WIND (MPH)
  HIGHEST WIND SPEED    13   HIGHEST WIND DIRECTION     N (350)
  HIGHEST GUST SPEED    17   HIGHEST GUST DIRECTION     N (340)
  AVERAGE WIND SPEED     6.5


SKY COVER
  POSSIBLE SUNSHINE  MM
  AVERAGE SKY COVER 0.8


WEATHER CONDITIONS
 THE FOLLOWING WEATHER WAS RECORDED TODAY.
  NO SIGNIFICANT WEATHER WAS OBSERVED.


RELATIVE HUMIDITY (PERCENT)
 HIGHEST    59           500 AM
 LOWEST     32           200 PM
 AVERAGE    46

..........................................................


THE KANSAS CITY INTERNATIONAL MO CLIMATE NORMALS FOR TOMORROW
                         NORMAL    RECORD    YEAR
 MAXIMUM TEMPERATURE (F)   40        72      1946
 MINIMUM TEMPERATURE (F)   21        -8      1905


SUNRISE AND SUNSET
FEBRUARY  3 2017......SUNRISE   724 AM CST   SUNSET   542 PM CST
FEBRUARY  4 2017......SUNRISE   723 AM CST   SUNSET   543 PM CST


-  INDICATES NEGATIVE NUMBERS.
R  INDICATES RECORD WAS SET OR TIED.
MM INDICATES DATA IS MISSING.
T  INDICATES TRACE AMOUNT.


&&

...MISCELLANEOUS CLIMATE DATA FROM TODAY...

LOCATION                HIGH    LOW      PRECIP
ST. JOSEPH               34      20       0.00
DOWNTOWN KANSAS CITY     36      24       T
OLATHE NEW CENTURY       34      21       T
OLATHE JO CO EXEC        34      22       0.00
LEES SUMMIT              35      22       0.00
KIRKSVILLE               33      19       0.00
CHILLICOTHE              35      21       0.00
SEDALIA                  36      24       0.00
NWS PLEASANT HILL MO     35      23       0.00


THIS PRODUCT...ALONG WITH OTHER WEATHER...HYDROLOGICAL AND CLIMATE
INFORMATION...IS AVAILABLE ON THE WEB AT HTTP://WWW.WEATHER.GOV/EAX
OR AT HTTP://WEATHER.GOV

$$
