000
CDUS43 KEAX 302223
CLIMCI

CLIMATE REPORT
NATIONAL WEATHER SERVICE KANSAS CITY/PLEASANT HILL MO
422 PM CST THU NOV 30 2017


...................................

...THE KANSAS CITY INTERNATIONAL MO CLIMATE SUMMARY FOR NOVEMBER 30 2017...
VALID AS OF 0400 PM LOCAL TIME.

CLIMATE NORMAL PERIOD 1981 TO 2010
CLIMATE RECORD PERIOD 1888 TO 2017


WEATHER ITEM   OBSERVED TIME   RECORD YEAR NORMAL DEPARTURE LAST
                VALUE   (LST)  VALUE       VALUE  FROM      YEAR
                                                  NORMAL
..................................................................
TEMPERATURE (F)
 TODAY
  MAXIMUM         58    144 PM  72    1995  46     12       41
                                      1970
  MINIMUM         36    758 AM   5    1896  27      9       29
  AVERAGE         47                        36     11       35

PRECIPITATION (IN)
  TODAY            0.00          1.32 1981   0.07  -0.07     0.00
  MONTH TO DATE    0.27                      2.15  -1.88     0.51
  SINCE SEP 1      7.94                      9.93  -1.99     8.03
  SINCE JAN 1     45.83                     37.33   8.50    47.46

SNOWFALL (IN)
  TODAY            0.0           4.8  1996   0.1   -0.1      0.0
  MONTH TO DATE    0.0                       1.2   -1.2      0.0
  SINCE SEP 1      T                         1.4   -1.4      0.0
  SINCE JUL 1      T                         1.4   -1.4      0.0
  SNOW DEPTH       0

DEGREE DAYS
 HEATING
  TODAY           18                        29    -11       30
  MONTH TO DATE  599                       644    -45      419
  SINCE SEP 1    876                      1000   -124      584
  SINCE JUL 1    880                      1002   -122      584

 COOLING
  TODAY            0                         0      0        0
  MONTH TO DATE    0                         2     -2       13
  SINCE SEP 1    247                       187     60      288
  SINCE JAN 1   1325                      1360    -35     1585
..................................................................


WIND (MPH)
  HIGHEST WIND SPEED    16   HIGHEST WIND DIRECTION     N (350)
  HIGHEST GUST SPEED    20   HIGHEST GUST DIRECTION     N (350)
  AVERAGE WIND SPEED     8.4


SKY COVER
  POSSIBLE SUNSHINE  MM
  AVERAGE SKY COVER 0.3


WEATHER CONDITIONS
 THE FOLLOWING WEATHER WAS RECORDED TODAY.
  NO SIGNIFICANT WEATHER WAS OBSERVED.


RELATIVE HUMIDITY (PERCENT)
 HIGHEST    70           800 AM
 LOWEST     25           200 PM
 AVERAGE    48

..........................................................


THE KANSAS CITY INTERNATIONAL MO CLIMATE NORMALS FOR TOMORROW
                         NORMAL    RECORD    YEAR
 MAXIMUM TEMPERATURE (F)   45        70      1970
 MINIMUM TEMPERATURE (F)   27         2      1893


SUNRISE AND SUNSET
NOVEMBER 30 2017......SUNRISE   719 AM CST   SUNSET   456 PM CST
DECEMBER  1 2017......SUNRISE   720 AM CST   SUNSET   456 PM CST


-  INDICATES NEGATIVE NUMBERS.
R  INDICATES RECORD WAS SET OR TIED.
MM INDICATES DATA IS MISSING.
T  INDICATES TRACE AMOUNT.


&&

...MISCELLANEOUS CLIMATE DATA FROM TODAY...

LOCATION                HIGH    LOW      PRECIP
ST. JOSEPH               57      29       0.00
DOWNTOWN KANSAS CITY     59      41       0.00
OLATHE NEW CENTURY       57      35       0.00
OLATHE JO CO EXEC        56      39       0.00
LEES SUMMIT              58      40       0.00
KIRKSVILLE               56      39       0.00
CHILLICOTHE              56      36       0.00
SEDALIA                  59      40       0.00
NWS PLEASANT HILL MO     57      31       0.00


THIS PRODUCT...ALONG WITH OTHER WEATHER...HYDROLOGICAL AND CLIMATE
INFORMATION...IS AVAILABLE ON THE WEB AT HTTP://WWW.WEATHER.GOV/EAX
OR AT HTTP://WEATHER.GOV

$$

JL
