000
CDUS43 KEAX 140633
CLIMCI

CLIMATE REPORT
NATIONAL WEATHER SERVICE KANSAS CITY/PLEASANT HILL MO
132 AM CDT FRI APR 14 2017


...................................

...THE KANSAS CITY INTERNATIONAL MO CLIMATE SUMMARY FOR APRIL 13 2017...

CLIMATE NORMAL PERIOD 1981 TO 2010
CLIMATE RECORD PERIOD 1888 TO 2017


WEATHER ITEM   OBSERVED TIME   RECORD YEAR NORMAL DEPARTURE LAST
                VALUE   (LST)  VALUE       VALUE  FROM      YEAR
                                                  NORMAL
..................................................................
TEMPERATURE (F)
 YESTERDAY
  MAXIMUM         79    331 PM  92    2006  65     14       72
  MINIMUM         55    459 AM  22    1950  43     12       38
  AVERAGE         67                        54     13       55

PRECIPITATION (IN)
  YESTERDAY        0.00          1.36 1987   0.12  -0.12     0.00
  MONTH TO DATE    3.20                      1.36   1.84     0.34
  SINCE MAR 1      6.01                      3.73   2.28     3.06
  SINCE JAN 1      7.46                      6.26   1.20     4.22

SNOWFALL (IN)
  YESTERDAY        0.0           2.0  1933   0.0    0.0      0.0
  MONTH TO DATE    0.0                       0.4   -0.4      0.0
  SINCE MAR 1      0.4                       2.4   -2.0      0.6
  SINCE JUL 1      4.9                      18.6  -13.7      5.9
  SNOW DEPTH       0

DEGREE DAYS
 HEATING
  YESTERDAY        0                        12    -12       10
  MONTH TO DATE  125                       176    -51      167
  SINCE MAR 1    650                       822   -172      610
  SINCE JUL 1   3904                      4867   -963     3967

 COOLING
  YESTERDAY        2                         1      1        0
  MONTH TO DATE    9                         7      2        0
  SINCE MAR 1     15                        10      5        2
  SINCE JAN 1     15                        10      5        2
..................................................................


WIND (MPH)
  HIGHEST WIND SPEED    17   HIGHEST WIND DIRECTION     S (180)
  HIGHEST GUST SPEED    22   HIGHEST GUST DIRECTION     S (180)
  AVERAGE WIND SPEED     9.3


SKY COVER
  POSSIBLE SUNSHINE  MM
  AVERAGE SKY COVER 0.7


WEATHER CONDITIONS
 THE FOLLOWING WEATHER WAS RECORDED YESTERDAY.
  HAZE


RELATIVE HUMIDITY (PERCENT)
 HIGHEST    86           400 AM
 LOWEST     47           300 PM
 AVERAGE    67

..........................................................


THE KANSAS CITY INTERNATIONAL MO CLIMATE NORMALS FOR TODAY
                         NORMAL    RECORD    YEAR
 MAXIMUM TEMPERATURE (F)   65        92      1972
 MINIMUM TEMPERATURE (F)   44        25      1928


SUNRISE AND SUNSET
APRIL 14 2017.........SUNRISE   643 AM CDT   SUNSET   756 PM CDT
APRIL 15 2017.........SUNRISE   641 AM CDT   SUNSET   757 PM CDT


-  INDICATES NEGATIVE NUMBERS.
R  INDICATES RECORD WAS SET OR TIED.
MM INDICATES DATA IS MISSING.
T  INDICATES TRACE AMOUNT.


&&

...MISCELLANEOUS CLIMATE DATA FROM YESTERDAY...

LOCATION                HIGH    LOW      PRECIP
ST. JOSEPH               78      49       0.00
DOWNTOWN KANSAS CITY     81      61       0.00
OLATHE NEW CENTURY       79      54       0.00
OLATHE JO CO EXEC        77      55       0.00
LEES SUMMIT              79      61       0.00
KIRKSVILLE               80      52       0.00
CHILLICOTHE              79      57       0.00
SEDALIA                  81      59       0.00
NWS PLEASANT HILL MO     78      58       0.00


THIS PRODUCT...ALONG WITH OTHER WEATHER...HYDROLOGICAL AND CLIMATE
INFORMATION...IS AVAILABLE ON THE WEB AT HTTP://WWW.WEATHER.GOV/EAX
OR AT HTTP://WEATHER.GOV

$$

CDB
