000
CDUS43 KEAX 112123
CLIMCI

CLIMATE REPORT
NATIONAL WEATHER SERVICE KANSAS CITY/PLEASANT HILL MO
420 PM CDT WED MAY 11 2016


...................................

...THE KANSAS CITY INTERNATIONAL MO CLIMATE SUMMARY FOR MAY 11 2016...
VALID AS OF 0400 PM LOCAL TIME.

CLIMATE NORMAL PERIOD 1981 TO 2010
CLIMATE RECORD PERIOD 1888 TO 2016


WEATHER ITEM   OBSERVED TIME   RECORD YEAR NORMAL DEPARTURE LAST
                VALUE   (LST)  VALUE       VALUE  FROM      YEAR
                                                  NORMAL
..................................................................
TEMPERATURE (F)
 TODAY
  MAXIMUM         75    137 PM  92    1962  73      2       61
  MINIMUM         62    901 AM  34    1981  53      9       44
  AVERAGE         69                        63      6       53

PRECIPITATION (IN)
  TODAY            1.35          2.60 1929   0.17   1.18     0.00
  MONTH TO DATE    2.46                      1.84   0.62     2.21
  SINCE MAR 1     12.33                      7.91   4.42     6.38
  SINCE JAN 1     13.49                     10.44   3.05     8.56

SNOWFALL (IN)
  TODAY            0.0           T    2005   0.0    0.0      0.0
  MONTH TO DATE    0.0                       0.0    0.0      0.0
  SINCE MAR 1      0.6                       2.6   -2.0       T
  SINCE JUL 1      5.9                      18.8  -12.9     14.2
  SNOW DEPTH       0

DEGREE DAYS
 HEATING
  TODAY            0                         4     -4       12
  MONTH TO DATE   42                        55    -13       18
  SINCE MAR 1    727                      1030   -303      824
  SINCE JUL 1   4084                      5075   -991     5038

 COOLING
  TODAY            4                         2      2        0
  MONTH TO DATE   15                        16     -1       27
  SINCE MAR 1     29                        44    -15       36
  SINCE JAN 1     29                        44    -15       36
..................................................................


WIND (MPH)
  HIGHEST WIND SPEED    22   HIGHEST WIND DIRECTION    SE (120)
  HIGHEST GUST SPEED    30   HIGHEST GUST DIRECTION    NW (320)
  AVERAGE WIND SPEED    10.8


SKY COVER
  POSSIBLE SUNSHINE  MM
  AVERAGE SKY COVER 0.7


WEATHER CONDITIONS
 THE FOLLOWING WEATHER WAS RECORDED TODAY.
  THUNDERSTORM
  HEAVY RAIN
  RAIN
  LIGHT RAIN
  FOG


RELATIVE HUMIDITY (PERCENT)
 HIGHEST    81           300 AM
 LOWEST     68          1100 AM
 AVERAGE    75

..........................................................


THE KANSAS CITY INTERNATIONAL MO CLIMATE NORMALS FOR TOMORROW
                         NORMAL    RECORD    YEAR
 MAXIMUM TEMPERATURE (F)   74        93      1962
 MINIMUM TEMPERATURE (F)   53        33      2013


SUNRISE AND SUNSET
MAY 11 2016...........SUNRISE   609 AM CDT   SUNSET   822 PM CDT
MAY 12 2016...........SUNRISE   608 AM CDT   SUNSET   823 PM CDT


-  INDICATES NEGATIVE NUMBERS.
R  INDICATES RECORD WAS SET OR TIED.
MM INDICATES DATA IS MISSING.
T  INDICATES TRACE AMOUNT.


&&

...MISCELLANEOUS CLIMATE DATA FROM TODAY...

LOCATION                HIGH    LOW      PRECIP
ST. JOSEPH               72      62       0.58
DOWNTOWN KANSAS CITY     78      63       0.77
OLATHE NEW CENTURY       76      60       0.63
OLATHE JO CO EXEC        76      60       0.19
LEES SUMMIT              78      61       0.39
KIRKSVILLE               77      58       0.26
CHILLICOTHE              78      60       0.40
SEDALIA                  85      62       0.10
NWS PLEASANT HILL MO     79      61       0.11


THIS PRODUCT...ALONG WITH OTHER WEATHER...HYDROLOGICAL AND CLIMATE
INFORMATION...IS AVAILABLE ON THE WEB AT HTTP://WWW.WEATHER.GOV/EAX
OR AT HTTP://WEATHER.GOV

$$
