000
CDUS43 KEAX 200033
CLIMCI

CLIMATE REPORT
NATIONAL WEATHER SERVICE KANSAS CITY/PLEASANT HILL MO
732 PM CDT TUE MAY 19 2015


...................................

...THE KANSAS CITY INTERNATIONAL MO CLIMATE SUMMARY FOR MAY 19 2015...
VALID TODAY AS OF 0700 PM LOCAL TIME.

CLIMATE NORMAL PERIOD 1981 TO 2010
CLIMATE RECORD PERIOD 1888 TO 2015


WEATHER ITEM   OBSERVED TIME   RECORD YEAR NORMAL DEPARTURE LAST
                VALUE   (LST)  VALUE       VALUE  FROM      YEAR
                                                  NORMAL
..................................................................
TEMPERATURE (F)
 TODAY
  MAXIMUM         58    326 PM  95    2006  76    -18       83
  MINIMUM         42    429 AM  39    1894  55    -13       59
  AVERAGE         50                        65    -15       71

PRECIPITATION (IN)
  TODAY            0.00          2.35 1915   0.17  -0.17     0.00
  MONTH TO DATE    5.29                      3.20   2.09     0.78
  SINCE MAR 1      9.46                      9.27   0.19     6.32
  SINCE JAN 1     11.64                     11.80  -0.16     8.07

SNOWFALL (IN)
  TODAY            0.0           0.0    MM   0.0    0.0      0.0
  MONTH TO DATE    0.0                       0.0    0.0      0.0
  SINCE MAR 1      T                         2.6   -2.6      3.6
  SINCE JUL 1     14.2                      18.8   -4.6     26.2
  SNOW DEPTH       0

DEGREE DAYS
 HEATING
  TODAY           15                         3     12        0
  MONTH TO DATE   54                        82    -28      113
  SINCE MAR 1    860                      1057   -197     1219
  SINCE JUL 1   5074                      5102    -28     5785

 COOLING
  TODAY            0                         3     -3        6
  MONTH TO DATE   44                        37      7       53
  SINCE MAR 1     53                        65    -12       62
  SINCE JAN 1     53                        65    -12       62
..................................................................


WIND (MPH)
  HIGHEST WIND SPEED    16   HIGHEST WIND DIRECTION    NE (50)
  HIGHEST GUST SPEED    21   HIGHEST GUST DIRECTION    NE (50)
  AVERAGE WIND SPEED    10.7


SKY COVER
  POSSIBLE SUNSHINE  MM
  AVERAGE SKY COVER 0.6


WEATHER CONDITIONS
 THE FOLLOWING WEATHER WAS RECORDED TODAY.
  NO SIGNIFICANT WEATHER WAS OBSERVED.


RELATIVE HUMIDITY (PERCENT)
 HIGHEST    83           400 AM
 LOWEST     61           100 PM
 AVERAGE    72

..........................................................


THE KANSAS CITY INTERNATIONAL MO CLIMATE NORMALS FOR TOMORROW
                         NORMAL    RECORD    YEAR
 MAXIMUM TEMPERATURE (F)   76        90      1970
                                             1964
                                             1959
 MINIMUM TEMPERATURE (F)   55        40      1981


SUNRISE AND SUNSET
MAY 19 2015...........SUNRISE   602 AM CDT   SUNSET   829 PM CDT
MAY 20 2015...........SUNRISE   601 AM CDT   SUNSET   830 PM CDT


-  INDICATES NEGATIVE NUMBERS.
R  INDICATES RECORD WAS SET OR TIED.
MM INDICATES DATA IS MISSING.
T  INDICATES TRACE AMOUNT.




&&

...MISCELLANEOUS CLIMATE DATA FROM TODAY...

LOCATION                HIGH    LOW      PRECIP
ST. JOSEPH               57      42       0.00
DOWNTOWN KANSAS CITY     60      46       0.00
OLATHE NEW CENTURY       60      44       0.00
OLATHE JO CO EXEC        61      46       0.00
LEES SUMMIT              59      44       0.00
KIRKSVILLE               59      39       0.00
CHILLICOTHE              59      42       0.00
SEDALIA                  64      46       0.00
NWS PLEASANT HILL MO     60      44       0.00


THIS PRODUCT...ALONG WITH OTHER WEATHER...HYDROLOGICAL AND CLIMATE
INFORMATION...IS AVAILABLE ON THE WEB AT HTTP://WWW.CRH.NOAA.GOV/EAX
OR AT HTTP://WEATHER.GOV

$$

PM
