022
CDUS43 KEAX 010635
CLIMCI

CLIMATE REPORT
NATIONAL WEATHER SERVICE KANSAS CITY/PLEASANT HILL MO
1234 AM CST MON FEB 1 2016


...................................

...THE KANSAS CITY INTERNATIONAL MO CLIMATE SUMMARY FOR JANUARY 31 2016...

CLIMATE NORMAL PERIOD 1981 TO 2010
CLIMATE RECORD PERIOD 1888 TO 2016


WEATHER ITEM   OBSERVED TIME   RECORD YEAR NORMAL DEPARTURE LAST
                VALUE   (LST)  VALUE       VALUE  FROM      YEAR
                                                  NORMAL
..................................................................
TEMPERATURE (F)
 YESTERDAY
  MAXIMUM         53    331 PM  70    2009  39     14       39
  MINIMUM         37    528 AM -10    1985  20     17       32
  AVERAGE         45                        30     15       36

PRECIPITATION (IN)
  YESTERDAY        0.00          0.99 2015   0.04  -0.04     0.99
  MONTH TO DATE    0.76                      1.07  -0.31     1.20
  SINCE DEC 1      4.00                      2.60   1.40     3.04
  SINCE JAN 1      0.76                      1.07  -0.31     1.20

SNOWFALL (IN)
  YESTERDAY        0.0           4.0  1981   0.2   -0.2      0.7
  MONTH TO DATE    2.8                       4.6   -1.8      2.3
  SINCE DEC 1      5.3                       9.4   -4.1      4.9
  SINCE JUL 1      5.3                      10.8   -5.5      5.4
  SNOW DEPTH       0

DEGREE DAYS
 HEATING
  YESTERDAY       20                        35    -15       29
  MONTH TO DATE 1091                      1114    -23     1038
  SINCE DEC 1   1867                      2162   -295     1981
  SINCE JUL 1   2614                      3164   -550     3102

 COOLING
  YESTERDAY        0                         0      0        0
  MONTH TO DATE    0                         0      0        0
  SINCE DEC 1      0                         0      0        0
  SINCE JAN 1      0                         0      0        0
..................................................................


WIND (MPH)
  HIGHEST WIND SPEED    21   HIGHEST WIND DIRECTION    NW (320)
  HIGHEST GUST SPEED    26   HIGHEST GUST DIRECTION    NW (310)
  AVERAGE WIND SPEED     9.2


SKY COVER
  POSSIBLE SUNSHINE  MM
  AVERAGE SKY COVER 0.7


WEATHER CONDITIONS
 THE FOLLOWING WEATHER WAS RECORDED YESTERDAY.
  NO SIGNIFICANT WEATHER WAS OBSERVED.


RELATIVE HUMIDITY (PERCENT)
 HIGHEST    92           500 AM
 LOWEST     46           500 PM
 AVERAGE    69

..........................................................


THE KANSAS CITY INTERNATIONAL MO CLIMATE NORMALS FOR TODAY
                         NORMAL    RECORD    YEAR
 MAXIMUM TEMPERATURE (F)   39        71      1911
 MINIMUM TEMPERATURE (F)   20       -12      1985
                                             1979


SUNRISE AND SUNSET
FEBRUARY  1 2016......SUNRISE   726 AM CST   SUNSET   539 PM CST
FEBRUARY  2 2016......SUNRISE   725 AM CST   SUNSET   540 PM CST


-  INDICATES NEGATIVE NUMBERS.
R  INDICATES RECORD WAS SET OR TIED.
MM INDICATES DATA IS MISSING.
T  INDICATES TRACE AMOUNT.


&&

...MISCELLANEOUS CLIMATE DATA FROM YESTERDAY...

LOCATION                HIGH    LOW      PRECIP
ST. JOSEPH               53      29       T
DOWNTOWN KANSAS CITY     54      37       0.00
OLATHE NEW CENTURY       53      37       0.00
OLATHE JO CO EXEC        53      39       0.00
LEES SUMMIT              53      37       0.00
KIRKSVILLE               49      33       0.00
CHILLICOTHE              53      34       0.00
SEDALIA                  52      41       0.00
NWS PLEASANT HILL MO     53      39       0.00


THIS PRODUCT...ALONG WITH OTHER WEATHER...HYDROLOGICAL AND CLIMATE
INFORMATION...IS AVAILABLE ON THE WEB AT HTTP://WWW.WEATHER.GOV/EAX
OR AT HTTP://WEATHER.GOV

$$

CUTTER
