000
CDUS43 KEAX 110034
CLIMCI

CLIMATE REPORT
NATIONAL WEATHER SERVICE KANSAS CITY/PLEASANT HILL MO
733 PM CDT SAT SEP 10 2016


...................................

...THE KANSAS CITY INTERNATIONAL MO CLIMATE SUMMARY FOR SEPTEMBER 10 2016...
VALID TODAY AS OF 0700 PM LOCAL TIME.

CLIMATE NORMAL PERIOD 1981 TO 2010
CLIMATE RECORD PERIOD 1888 TO 2016


WEATHER ITEM   OBSERVED TIME   RECORD YEAR NORMAL DEPARTURE LAST
                VALUE   (LST)  VALUE       VALUE  FROM      YEAR
                                                  NORMAL
..................................................................
TEMPERATURE (F)
 TODAY
  MAXIMUM         75    242 PM 101    1936  81     -6       89
  MINIMUM         57    631 AM  48    1995  60     -3       63
                                      1992
                                      1962
  AVERAGE         66                        71     -5       76

PRECIPITATION (IN)
  TODAY            0.00          4.28 2015   0.16  -0.16     4.28
  MONTH TO DATE    1.56                      1.54   0.02     5.40
  SINCE SEP 1      1.56                      1.54   0.02     5.40
  SINCE JAN 1     40.99                     28.94  12.05    37.31

SNOWFALL (IN)
  TODAY            0.0           0.0    MM   0.0    0.0      0.0
  MONTH TO DATE    0.0                       0.0    0.0      0.0
  SINCE SEP 1      0.0                       0.0    0.0      0.0
  SINCE JUL 1      0.0                       0.0    0.0      0.0
  SNOW DEPTH       0

DEGREE DAYS
 HEATING
  TODAY            0                         1     -1        0
  MONTH TO DATE    0                         5     -5        0
  SINCE SEP 1      0                         5     -5        0
  SINCE JUL 1      0                         7     -7        3

 COOLING
  TODAY            1                         7     -6       11
  MONTH TO DATE   92                        79     13      150
  SINCE SEP 1     92                        79     13      150
  SINCE JAN 1   1389                      1252    137     1225
..................................................................


WIND (MPH)
  HIGHEST WIND SPEED    20   HIGHEST WIND DIRECTION     N (340)
  HIGHEST GUST SPEED    26   HIGHEST GUST DIRECTION     N (340)
  AVERAGE WIND SPEED    10.9


SKY COVER
  POSSIBLE SUNSHINE  MM
  AVERAGE SKY COVER 0.4


WEATHER CONDITIONS
 THE FOLLOWING WEATHER WAS RECORDED TODAY.
  NO SIGNIFICANT WEATHER WAS OBSERVED.


RELATIVE HUMIDITY (PERCENT)
 HIGHEST    84           100 AM
 LOWEST     41           200 PM
 AVERAGE    63

..........................................................


THE KANSAS CITY INTERNATIONAL MO CLIMATE NORMALS FOR TOMORROW
                         NORMAL    RECORD    YEAR
 MAXIMUM TEMPERATURE (F)   81       102      2000
 MINIMUM TEMPERATURE (F)   59        44      1940


SUNRISE AND SUNSET
SEPTEMBER 10 2016.....SUNRISE   656 AM CDT   SUNSET   734 PM CDT
SEPTEMBER 11 2016.....SUNRISE   657 AM CDT   SUNSET   733 PM CDT


-  INDICATES NEGATIVE NUMBERS.
R  INDICATES RECORD WAS SET OR TIED.
MM INDICATES DATA IS MISSING.
T  INDICATES TRACE AMOUNT.


&&

...MISCELLANEOUS CLIMATE DATA FROM TODAY...

LOCATION                HIGH    LOW      PRECIP
ST. JOSEPH               75      56       0.00
DOWNTOWN KANSAS CITY     76      60       0.01
OLATHE NEW CENTURY       74      57       T
OLATHE JO CO EXEC        74      57       T
LEES SUMMIT              74      58       0.02
KIRKSVILLE               73      58       0.33
CHILLICOTHE              75      59       0.04
SEDALIA                  76      63       0.58
NWS PLEASANT HILL MO     74      58       0.08


THIS PRODUCT...ALONG WITH OTHER WEATHER...HYDROLOGICAL AND CLIMATE
INFORMATION...IS AVAILABLE ON THE WEB AT HTTP://WWW.WEATHER.GOV/EAX
OR AT HTTP://WEATHER.GOV

$$

CDB
