000
CDUS43 KEAX 160638
CLIMCI

CLIMATE REPORT
NATIONAL WEATHER SERVICE KANSAS CITY/PLEASANT HILL MO
135 AM CDT TUE SEP 16 2014


...................................

...THE KANSAS CITY INTERNATIONAL MO CLIMATE SUMMARY FOR SEPTEMBER 15 2014...

CLIMATE NORMAL PERIOD 1981 TO 2010
CLIMATE RECORD PERIOD 1888 TO 2014


WEATHER ITEM   OBSERVED TIME   RECORD YEAR NORMAL DEPARTURE LAST
                VALUE   (LST)  VALUE       VALUE  FROM      YEAR
                                                  NORMAL
..................................................................
TEMPERATURE (F)
 YESTERDAY
  MAXIMUM         69    327 PM  99    1939  79    -10       82
                                      1931
  MINIMUM         50   1159 PM  37    1993  58     -8       61
  AVERAGE         60                        68     -8       72

PRECIPITATION (IN)
  YESTERDAY        0.02          4.59 1988   0.16  -0.14     0.17
  MONTH TO DATE    2.10                      2.33  -0.23     1.02
  SINCE SEP 1      2.10                      2.33  -0.23     1.02
  SINCE JAN 1     28.09                     29.73  -1.64    23.69

SNOWFALL (IN)
  YESTERDAY        0.0           0.0    MM   0.0    0.0      0.0
  MONTH TO DATE    0.0                       0.0    0.0      0.0
  SINCE SEP 1      0.0                       0.0    0.0      0.0
  SINCE JUL 1      0.0                       0.0    0.0      0.0
  SNOW DEPTH       0

DEGREE DAYS
 HEATING
  YESTERDAY        5                         2      3        0
  MONTH TO DATE   49                        12     37        0
  SINCE SEP 1     49                        12     37        0
  SINCE JUL 1     51                        14     37        0

 COOLING
  YESTERDAY        0                         5     -5        7
  MONTH TO DATE   78                       107    -29      169
  SINCE SEP 1     78                       107    -29      169
  SINCE JAN 1   1197                      1280    -83     1263
..................................................................


WIND (MPH)
  HIGHEST WIND SPEED    20   HIGHEST WIND DIRECTION     N (20)
  HIGHEST GUST SPEED    25   HIGHEST GUST DIRECTION     N (10)
  AVERAGE WIND SPEED     9.2


SKY COVER
  POSSIBLE SUNSHINE  MM
  AVERAGE SKY COVER 0.7


WEATHER CONDITIONS
 THE FOLLOWING WEATHER WAS RECORDED YESTERDAY.
  LIGHT RAIN
  FOG


RELATIVE HUMIDITY (PERCENT)
 HIGHEST    93           500 AM
 LOWEST     72           600 PM
 AVERAGE    83

..........................................................


THE KANSAS CITY INTERNATIONAL MO CLIMATE NORMALS FOR TODAY
                         NORMAL    RECORD    YEAR
 MAXIMUM TEMPERATURE (F)   79        98      1931
 MINIMUM TEMPERATURE (F)   57        40      1934


SUNRISE AND SUNSET
SEPTEMBER 16 2014.....SUNRISE   701 AM CDT   SUNSET   726 PM CDT
SEPTEMBER 17 2014.....SUNRISE   702 AM CDT   SUNSET   724 PM CDT


-  INDICATES NEGATIVE NUMBERS.
R  INDICATES RECORD WAS SET OR TIED.
MM INDICATES DATA IS MISSING.
T  INDICATES TRACE AMOUNT.




&&

...MISCELLANEOUS CLIMATE DATA FROM YESTERDAY...

LOCATION                HIGH    LOW      PRECIP
ST. JOSEPH               71      50       0.05
DOWNTOWN KANSAS CITY     71      53       T
OLATHE NEW CENTURY       72      50       T
OLATHE JO CO EXEC        71      53       T
LEES SUMMIT              71      53       T
KIRKSVILLE               67      52       0.10
CHILLICOTHE              70      49       0.28
SEDALIA                  77      56       T
NWS PLEASANT HILL MO     71      52       T


THIS PRODUCT...ALONG WITH OTHER WEATHER...HYDROLOGICAL AND CLIMATE
INFORMATION...IS AVAILABLE ON THE WEB AT HTTP://WWW.CRH.NOAA.GOV/EAX
OR AT HTTP://WEATHER.GOV

$$
