000
CDUS43 KEAX 112203
CLIMCI

CLIMATE REPORT
NATIONAL WEATHER SERVICE KANSAS CITY/PLEASANT HILL MO
423 PM CDT THU AUG 11 2016


...................................

...THE KANSAS CITY INTERNATIONAL MO CLIMATE SUMMARY FOR AUGUST 11 2016...
VALID AS OF 0400 PM LOCAL TIME.

CLIMATE NORMAL PERIOD 1981 TO 2010
CLIMATE RECORD PERIOD 1888 TO 2016


WEATHER ITEM   OBSERVED TIME   RECORD YEAR NORMAL DEPARTURE LAST
                VALUE   (LST)  VALUE       VALUE  FROM      YEAR
                                                  NORMAL
..................................................................
TEMPERATURE (F)
 TODAY
  MAXIMUM         98    259 PM 107    1934  88     10       84
  MINIMUM         77    442 AM  55    2004  68      9       63
  AVERAGE         88                        78     10       74

PRECIPITATION (IN)
  TODAY            0.00          2.16 1888   0.12  -0.12     0.00
  MONTH TO DATE    0.21                      1.32  -1.11     0.35
  SINCE JUN 1      9.95                     11.00  -1.05    14.68
  SINCE JAN 1     30.48                     24.83   5.65    31.28

SNOWFALL (IN)
  TODAY            0.0           0.0    MM   0.0    0.0      0.0
  MONTH TO DATE    0.0                       0.0    0.0      0.0
  SINCE JUN 1      0.0                       0.0    0.0      0.0
  SINCE JUL 1      0.0                       0.0    0.0      0.0
  SNOW DEPTH       0

DEGREE DAYS
 HEATING
  TODAY            0                         0      0        0
  MONTH TO DATE    0                         0      0        0
  SINCE JUN 1      0                         9     -9        5
  SINCE JUL 1      0                         0      0        2

 COOLING
  TODAY           23                        13     10        9
  MONTH TO DATE  165                       144     21      146
  SINCE JUN 1   1010                       824    186      849
  SINCE JAN 1   1081                       940    141      917
..................................................................


WIND (MPH)
  HIGHEST WIND SPEED    20   HIGHEST WIND DIRECTION     S (190)
  HIGHEST GUST SPEED    25   HIGHEST GUST DIRECTION    SW (210)
  AVERAGE WIND SPEED    12.5


SKY COVER
  POSSIBLE SUNSHINE  MM
  AVERAGE SKY COVER 0.2


WEATHER CONDITIONS
 THE FOLLOWING WEATHER WAS RECORDED TODAY.
  HAZE


RELATIVE HUMIDITY (PERCENT)
 HIGHEST    79           100 AM
 LOWEST     42           300 PM
 AVERAGE    61

..........................................................


THE KANSAS CITY INTERNATIONAL MO CLIMATE NORMALS FOR TOMORROW
                         NORMAL    RECORD    YEAR
 MAXIMUM TEMPERATURE (F)   88       109      1936
 MINIMUM TEMPERATURE (F)   68        49      2004


SUNRISE AND SUNSET
AUGUST 11 2016........SUNRISE   629 AM CDT   SUNSET   819 PM CDT
AUGUST 12 2016........SUNRISE   629 AM CDT   SUNSET   817 PM CDT


-  INDICATES NEGATIVE NUMBERS.
R  INDICATES RECORD WAS SET OR TIED.
MM INDICATES DATA IS MISSING.
T  INDICATES TRACE AMOUNT.


&&

...MISCELLANEOUS CLIMATE DATA FROM TODAY...

LOCATION                HIGH    LOW      PRECIP
ST. JOSEPH               97      78       0.00
DOWNTOWN KANSAS CITY     101     82       0.00
OLATHE NEW CENTURY       98      76       0.00
OLATHE JO CO EXEC        95      75       0.00
LEES SUMMIT              96      78       0.00
KIRKSVILLE               95      73       0.00
CHILLICOTHE              95      78       0.00
SEDALIA                  95      77       0.00
NWS PLEASANT HILL MO     94      75       0.00


THIS PRODUCT...ALONG WITH OTHER WEATHER...HYDROLOGICAL AND CLIMATE
INFORMATION...IS AVAILABLE ON THE WEB AT HTTP://WWW.WEATHER.GOV/EAX
OR AT HTTP://WEATHER.GOV

$$
