000
CDUS43 KEAX 110642
CLIMCI

CLIMATE REPORT
NATIONAL WEATHER SERVICE KANSAS CITY/PLEASANT HILL MO
141 AM CDT SUN JUN 11 2017


...................................

...THE KANSAS CITY INTERNATIONAL MO CLIMATE SUMMARY FOR JUNE 10 2017...

CLIMATE NORMAL PERIOD 1981 TO 2010
CLIMATE RECORD PERIOD 1888 TO 2017


WEATHER ITEM   OBSERVED TIME   RECORD YEAR NORMAL DEPARTURE LAST
                VALUE   (LST)  VALUE       VALUE  FROM      YEAR
                                                  NORMAL
..................................................................
TEMPERATURE (F)
 YESTERDAY
  MAXIMUM         89    314 PM  99    1953  82      7       91
                                      1952
                                      1933
  MINIMUM         67    513 AM  47    1988  62      5       72
                                      1966
  AVERAGE         78                        72      6       82

PRECIPITATION (IN)
  YESTERDAY        0.00          2.85 1939   0.18  -0.18     0.00
  MONTH TO DATE    0.03                      1.79  -1.76     0.13
  SINCE JUN 1      0.03                      1.79  -1.76     0.13
  SINCE JAN 1     16.30                     15.62   0.68    20.66

SNOWFALL (IN)
  YESTERDAY        0.0           0.0    MM   0.0    0.0      0.0
  MONTH TO DATE    0.0                       0.0    0.0      0.0
  SINCE JUN 1      0.0                       0.0    0.0      0.0
  SINCE JUL 1      4.9                      18.8  -13.9      5.9
  SNOW DEPTH       0

DEGREE DAYS
 HEATING
  YESTERDAY        0                         0      0        0
  MONTH TO DATE    0                         7     -7        0
  SINCE JUN 1      0                         7     -7        0
  SINCE JUL 1   4146                      5131   -985     4162

 COOLING
  YESTERDAY       13                         7      6       17
  MONTH TO DATE   92                        64     28       88
  SINCE JUN 1     92                        64     28       88
  SINCE JAN 1    203                       180     23      159
..................................................................


WIND (MPH)
  HIGHEST WIND SPEED    28   HIGHEST WIND DIRECTION     S (180)
  HIGHEST GUST SPEED    36   HIGHEST GUST DIRECTION     S (180)
  AVERAGE WIND SPEED    18.4


SKY COVER
  POSSIBLE SUNSHINE  MM
  AVERAGE SKY COVER 0.3


WEATHER CONDITIONS
 THE FOLLOWING WEATHER WAS RECORDED YESTERDAY.
  NO SIGNIFICANT WEATHER WAS OBSERVED.


RELATIVE HUMIDITY (PERCENT)
 HIGHEST    74          1100 PM
 LOWEST     55           200 PM
 AVERAGE    65

..........................................................


THE KANSAS CITY INTERNATIONAL MO CLIMATE NORMALS FOR TODAY
                         NORMAL    RECORD    YEAR
 MAXIMUM TEMPERATURE (F)   82       104      1953
 MINIMUM TEMPERATURE (F)   62        52      1995


SUNRISE AND SUNSET
JUNE 11 2017..........SUNRISE   552 AM CDT   SUNSET   846 PM CDT
JUNE 12 2017..........SUNRISE   552 AM CDT   SUNSET   846 PM CDT


-  INDICATES NEGATIVE NUMBERS.
R  INDICATES RECORD WAS SET OR TIED.
MM INDICATES DATA IS MISSING.
T  INDICATES TRACE AMOUNT.


&&

...MISCELLANEOUS CLIMATE DATA FROM YESTERDAY...

LOCATION                HIGH    LOW      PRECIP
ST. JOSEPH               92      69       0.00
DOWNTOWN KANSAS CITY     90      69       0.00
OLATHE NEW CENTURY       88      65       0.00
OLATHE JO CO EXEC        85      64       0.00
LEES SUMMIT              89      67       0.00
KIRKSVILLE               89      63       0.00
CHILLICOTHE              89      67       0.00
SEDALIA                  88      64       0.00
NWS PLEASANT HILL MO     87      65       0.00


THIS PRODUCT...ALONG WITH OTHER WEATHER...HYDROLOGICAL AND CLIMATE
INFORMATION...IS AVAILABLE ON THE WEB AT HTTP://WWW.WEATHER.GOV/EAX
OR AT HTTP://WEATHER.GOV

$$

JL
