000
CDUS43 KEAX 110035
CLIMCI

CLIMATE REPORT
NATIONAL WEATHER SERVICE KANSAS CITY/PLEASANT HILL MO
734 PM CDT TUE MAY 10 2016


...................................

...THE KANSAS CITY INTERNATIONAL MO CLIMATE SUMMARY FOR MAY 10 2016...
VALID TODAY AS OF 0700 PM LOCAL TIME.

CLIMATE NORMAL PERIOD 1981 TO 2010
CLIMATE RECORD PERIOD 1888 TO 2016


WEATHER ITEM   OBSERVED TIME   RECORD YEAR NORMAL DEPARTURE LAST
                VALUE   (LST)  VALUE       VALUE  FROM      YEAR
                                                  NORMAL
..................................................................
TEMPERATURE (F)
 TODAY
  MAXIMUM         80    458 PM  92    1962  73      7       74
  MINIMUM         54    619 AM  37    1989  52      2       55
  AVERAGE         67                        63      4       65

PRECIPITATION (IN)
  TODAY            0.00          1.54 1993   0.17  -0.17     0.46
  MONTH TO DATE    1.11                      1.67  -0.56     2.21
  SINCE MAR 1     10.98                      7.74   3.24     6.38
  SINCE JAN 1     12.14                     10.27   1.87     8.56

SNOWFALL (IN)
  TODAY            0.0           T    1966   0.0    0.0      0.0
  MONTH TO DATE    0.0                       0.0    0.0      0.0
  SINCE MAR 1      0.6                       2.6   -2.0       T
  SINCE JUL 1      5.9                      18.8  -12.9     14.2
  SNOW DEPTH       0

DEGREE DAYS
 HEATING
  TODAY            0                         4     -4        0
  MONTH TO DATE   42                        51     -9        6
  SINCE MAR 1    727                      1026   -299      812
  SINCE JUL 1   4084                      5071   -987     5026

 COOLING
  TODAY            2                         2      0        0
  MONTH TO DATE   11                        14     -3       27
  SINCE MAR 1     25                        42    -17       36
  SINCE JAN 1     25                        42    -17       36
..................................................................


WIND (MPH)
  HIGHEST WIND SPEED    12   HIGHEST WIND DIRECTION    SE (130)
  HIGHEST GUST SPEED    14   HIGHEST GUST DIRECTION    SE (120)
  AVERAGE WIND SPEED     3.5


SKY COVER
  POSSIBLE SUNSHINE  MM
  AVERAGE SKY COVER 0.5


WEATHER CONDITIONS
 THE FOLLOWING WEATHER WAS RECORDED TODAY.
  FOG
  FOG W/VISIBILITY <= 1/4 MILE


RELATIVE HUMIDITY (PERCENT)
 HIGHEST   100           500 AM
 LOWEST     45           500 PM
 AVERAGE    73

..........................................................


THE KANSAS CITY INTERNATIONAL MO CLIMATE NORMALS FOR TOMORROW
                         NORMAL    RECORD    YEAR
 MAXIMUM TEMPERATURE (F)   73        92      1962
 MINIMUM TEMPERATURE (F)   53        34      1981


SUNRISE AND SUNSET
MAY 10 2016...........SUNRISE   610 AM CDT   SUNSET   821 PM CDT
MAY 11 2016...........SUNRISE   609 AM CDT   SUNSET   822 PM CDT


-  INDICATES NEGATIVE NUMBERS.
R  INDICATES RECORD WAS SET OR TIED.
MM INDICATES DATA IS MISSING.
T  INDICATES TRACE AMOUNT.


&&

...MISCELLANEOUS CLIMATE DATA FROM TODAY...

LOCATION                HIGH    LOW      PRECIP
ST. JOSEPH               81      53       0.01
DOWNTOWN KANSAS CITY     83      57       0.00
OLATHE NEW CENTURY       81      54       0.00
OLATHE JO CO EXEC        79      53       0.00
LEES SUMMIT              80      57       0.00
KIRKSVILLE               77      56       0.19
CHILLICOTHE              81      59       0.01
SEDALIA                  81      58       0.09
NWS PLEASANT HILL MO     81      56       0.00


THIS PRODUCT...ALONG WITH OTHER WEATHER...HYDROLOGICAL AND CLIMATE
INFORMATION...IS AVAILABLE ON THE WEB AT HTTP://WWW.WEATHER.GOV/EAX
OR AT HTTP://WEATHER.GOV

$$

JL
