000
CDUS43 KEAX 042235
CLIMCI

CLIMATE REPORT
NATIONAL WEATHER SERVICE KANSAS CITY/PLEASANT HILL MO
433 PM CST SAT FEB 4 2017


...................................

...THE KANSAS CITY INTERNATIONAL MO CLIMATE SUMMARY FOR FEBRUARY 4 2017...
VALID AS OF 0400 PM LOCAL TIME.

CLIMATE NORMAL PERIOD 1981 TO 2010
CLIMATE RECORD PERIOD 1888 TO 2017


WEATHER ITEM   OBSERVED TIME   RECORD YEAR NORMAL DEPARTURE LAST
                VALUE   (LST)  VALUE       VALUE  FROM      YEAR
                                                  NORMAL
..................................................................
TEMPERATURE (F)
 TODAY
  MAXIMUM         46    259 PM  72    1946  40      6       45
  MINIMUM         21   1250 AM  -8    1905  21      0       15
  AVERAGE         34                        30      4       30

PRECIPITATION (IN)
  TODAY            0.00          0.72 1892   0.05  -0.05     0.00
  MONTH TO DATE    0.00                      0.18  -0.18     0.40
  SINCE DEC 1      2.58                      2.78  -0.20     4.40
  SINCE JAN 1      1.39                      1.25   0.14     1.16

SNOWFALL (IN)
  TODAY            0.0           7.5  2014   0.2   -0.2      0.0
  MONTH TO DATE    0.0                       0.8   -0.8      0.0
  SINCE DEC 1      4.5                      10.2   -5.7      5.3
  SINCE JUL 1      4.5                      11.6   -7.1      5.3
  SNOW DEPTH       0

DEGREE DAYS
 HEATING
  TODAY           31                        35     -4       35
  MONTH TO DATE  141                       140      1      116
  SINCE DEC 1   2219                      2302    -83     1983
  SINCE JUL 1   2803                      3304   -501     2730

 COOLING
  TODAY            0                         0      0        0
  MONTH TO DATE    0                         0      0        0
  SINCE DEC 1      0                         0      0        0
  SINCE JAN 1      0                         0      0        0
..................................................................


WIND (MPH)
  HIGHEST WIND SPEED    30   HIGHEST WIND DIRECTION    SW (210)
  HIGHEST GUST SPEED    40   HIGHEST GUST DIRECTION     S (180)
  AVERAGE WIND SPEED    17.4


SKY COVER
  POSSIBLE SUNSHINE  MM
  AVERAGE SKY COVER 0.6


WEATHER CONDITIONS
 THE FOLLOWING WEATHER WAS RECORDED TODAY.
  NO SIGNIFICANT WEATHER WAS OBSERVED.


RELATIVE HUMIDITY (PERCENT)
 HIGHEST    62           100 AM
 LOWEST     36           100 PM
 AVERAGE    49

..........................................................


THE KANSAS CITY INTERNATIONAL MO CLIMATE NORMALS FOR TOMORROW
                         NORMAL    RECORD    YEAR
 MAXIMUM TEMPERATURE (F)   40        67      1963
                                             1938
 MINIMUM TEMPERATURE (F)   21       -14      1982


SUNRISE AND SUNSET
FEBRUARY  4 2017......SUNRISE   723 AM CST   SUNSET   543 PM CST
FEBRUARY  5 2017......SUNRISE   722 AM CST   SUNSET   545 PM CST


-  INDICATES NEGATIVE NUMBERS.
R  INDICATES RECORD WAS SET OR TIED.
MM INDICATES DATA IS MISSING.
T  INDICATES TRACE AMOUNT.


&&

...MISCELLANEOUS CLIMATE DATA FROM TODAY...

LOCATION                HIGH    LOW      PRECIP
ST. JOSEPH               48      20       0.00
DOWNTOWN KANSAS CITY     47      27       0.00
OLATHE NEW CENTURY       46      23       0.00
OLATHE JO CO EXEC        44      21       0.00
LEES SUMMIT              44      24       0.00
KIRKSVILLE               39      16       0.00
CHILLICOTHE              43      19       0.00
SEDALIA                  42      20       0.00
NWS PLEASANT HILL MO     44      21       0.00


THIS PRODUCT...ALONG WITH OTHER WEATHER...HYDROLOGICAL AND CLIMATE
INFORMATION...IS AVAILABLE ON THE WEB AT HTTP://WWW.WEATHER.GOV/EAX
OR AT HTTP://WEATHER.GOV

$$
