000
CDUS43 KEAX 060633
CLIMCI

CLIMATE REPORT
NATIONAL WEATHER SERVICE KANSAS CITY/PLEASANT HILL MO
131 AM CDT FRI OCT 6 2017


...................................

...THE KANSAS CITY INTERNATIONAL MO CLIMATE SUMMARY FOR OCTOBER 5 2017...

CLIMATE NORMAL PERIOD 1981 TO 2010
CLIMATE RECORD PERIOD 1888 TO 2017


WEATHER ITEM   OBSERVED TIME   RECORD YEAR NORMAL DEPARTURE LAST
                VALUE   (LST)  VALUE       VALUE  FROM      YEAR
                                                  NORMAL
..................................................................
TEMPERATURE (F)
 YESTERDAY
  MAXIMUM         75    459 PM  97    1963  71      4       78
  MINIMUM         60   1208 AM  34    1988  49     11       57
  AVERAGE         68                        60      8       68

PRECIPITATION (IN)
  YESTERDAY        0.03          2.90 1967   0.12  -0.09     0.88
  MONTH TO DATE    0.07                      0.62  -0.55     1.51
  SINCE SEP 1      2.87                      5.24  -2.37     6.45
  SINCE JAN 1     40.76                     32.64   8.12    45.88

SNOWFALL (IN)
  YESTERDAY        0.0           0.0    MM   0.0    0.0      0.0
  MONTH TO DATE    0.0                       0.0    0.0      0.0
  SINCE SEP 1      0.0                       0.0    0.0      0.0
  SINCE JUL 1      0.0                       0.0    0.0      0.0
  SNOW DEPTH       0

DEGREE DAYS
 HEATING
  YESTERDAY        0                         6     -6        0
  MONTH TO DATE    2                        29    -27        9
  SINCE SEP 1     18                        94    -76       30
  SINCE JUL 1     22                        96    -74       30

 COOLING
  YESTERDAY        3                         2      1        3
  MONTH TO DATE   26                        10     16       10
  SINCE SEP 1    231                       169     62      230
  SINCE JAN 1   1309                      1342    -33     1527
..................................................................


WIND (MPH)
  HIGHEST WIND SPEED    14   HIGHEST WIND DIRECTION     S (200)
  HIGHEST GUST SPEED    18   HIGHEST GUST DIRECTION     S (200)
  AVERAGE WIND SPEED     8.5


SKY COVER
  POSSIBLE SUNSHINE  MM
  AVERAGE SKY COVER 0.9


WEATHER CONDITIONS
 THE FOLLOWING WEATHER WAS RECORDED YESTERDAY.
  LIGHT RAIN
  FOG


RELATIVE HUMIDITY (PERCENT)
 HIGHEST   100           200 AM
 LOWEST     82           500 PM
 AVERAGE    91

..........................................................


THE KANSAS CITY INTERNATIONAL MO CLIMATE NORMALS FOR TODAY
                         NORMAL    RECORD    YEAR
 MAXIMUM TEMPERATURE (F)   71        95      1963
 MINIMUM TEMPERATURE (F)   49        31      1991
                                             1935


SUNRISE AND SUNSET
OCTOBER  6 2017.......SUNRISE   720 AM CDT   SUNSET   653 PM CDT
OCTOBER  7 2017.......SUNRISE   721 AM CDT   SUNSET   652 PM CDT


-  INDICATES NEGATIVE NUMBERS.
R  INDICATES RECORD WAS SET OR TIED.
MM INDICATES DATA IS MISSING.
T  INDICATES TRACE AMOUNT.


&&

...MISCELLANEOUS CLIMATE DATA FROM YESTERDAY...

LOCATION                HIGH    LOW      PRECIP
ST. JOSEPH               72      60       0.32
DOWNTOWN KANSAS CITY     77      63       0.03
OLATHE NEW CENTURY       75      62       0.11
OLATHE JO CO EXEC        74      60       0.09
LEES SUMMIT              76      61       0.09
KIRKSVILLE               70      60       1.47
CHILLICOTHE              72      61       0.57
SEDALIA                  76      65       0.14
NWS PLEASANT HILL MO     75      62       0.25


THIS PRODUCT...ALONG WITH OTHER WEATHER...HYDROLOGICAL AND CLIMATE
INFORMATION...IS AVAILABLE ON THE WEB AT HTTP://WWW.WEATHER.GOV/EAX
OR AT HTTP://WEATHER.GOV

$$
