000
CDUS43 KEAX 090633
CLIMCI

CLIMATE REPORT
NATIONAL WEATHER SERVICE KANSAS CITY/PLEASANT HILL MO
1232 AM CST MON JAN 9 2017


...................................

...THE KANSAS CITY INTERNATIONAL MO CLIMATE SUMMARY FOR JANUARY 8 2017...

CLIMATE NORMAL PERIOD 1981 TO 2010
CLIMATE RECORD PERIOD 1888 TO 2017


WEATHER ITEM   OBSERVED TIME   RECORD YEAR NORMAL DEPARTURE LAST
                VALUE   (LST)  VALUE       VALUE  FROM      YEAR
                                                  NORMAL
..................................................................
TEMPERATURE (F)
 YESTERDAY
  MAXIMUM         33    435 PM  71    2003  38     -5       45
  MINIMUM          6    245 AM -10    1979  20    -14       32
  AVERAGE         20                        29     -9       39

PRECIPITATION (IN)
  YESTERDAY        0.00          0.41 1930   0.03  -0.03     0.21
  MONTH TO DATE    0.38                      0.26   0.12     0.60
  SINCE DEC 1      1.57                      1.79  -0.22     3.84
  SINCE JAN 1      0.38                      0.26   0.12     0.60

SNOWFALL (IN)
  YESTERDAY        0.0           4.8  1930   0.1   -0.1      0.0
  MONTH TO DATE    2.2                       1.1    1.1       T
  SINCE DEC 1      4.5                       5.9   -1.4      2.5
  SINCE JUL 1      4.5                       7.3   -2.8      2.5
  SNOW DEPTH       0

DEGREE DAYS
 HEATING
  YESTERDAY       45                        36      9       26
  MONTH TO DATE  358                       288     70      262
  SINCE DEC 1   1431                      1328    103     1038
  SINCE JUL 1   2015                      2330   -315     1785

 COOLING
  YESTERDAY        0                         0      0        0
  MONTH TO DATE    0                         0      0        0
  SINCE DEC 1      0                         0      0        0
  SINCE JAN 1      0                         0      0        0
..................................................................


WIND (MPH)
  HIGHEST WIND SPEED    23   HIGHEST WIND DIRECTION     S (160)
  HIGHEST GUST SPEED    28   HIGHEST GUST DIRECTION     S (160)
  AVERAGE WIND SPEED    12.8


SKY COVER
  POSSIBLE SUNSHINE  MM
  AVERAGE SKY COVER 0.4


WEATHER CONDITIONS
 THE FOLLOWING WEATHER WAS RECORDED YESTERDAY.
  FOG
  HAZE


RELATIVE HUMIDITY (PERCENT)
 HIGHEST    83           100 AM
 LOWEST     47           800 PM
 AVERAGE    65

..........................................................


THE KANSAS CITY INTERNATIONAL MO CLIMATE NORMALS FOR TODAY
                         NORMAL    RECORD    YEAR
 MAXIMUM TEMPERATURE (F)   38        64      1902
 MINIMUM TEMPERATURE (F)   20       -10      1977


SUNRISE AND SUNSET
JANUARY  9 2017.......SUNRISE   739 AM CST   SUNSET   514 PM CST
JANUARY 10 2017.......SUNRISE   738 AM CST   SUNSET   515 PM CST


-  INDICATES NEGATIVE NUMBERS.
R  INDICATES RECORD WAS SET OR TIED.
MM INDICATES DATA IS MISSING.
T  INDICATES TRACE AMOUNT.


&&

...MISCELLANEOUS CLIMATE DATA FROM YESTERDAY...

LOCATION                HIGH    LOW      PRECIP
ST. JOSEPH               M       M         0.00
DOWNTOWN KANSAS CITY     36       9       0.00
OLATHE NEW CENTURY       37       5       0.00
OLATHE JO CO EXEC        36       6       0.00
LEES SUMMIT              34       8       0.00
KIRKSVILLE               25       1       0.00
CHILLICOTHE              27       0       0.00
SEDALIA                  31       8       0.00
NWS PLEASANT HILL MO     33       6       0.00


THIS PRODUCT...ALONG WITH OTHER WEATHER...HYDROLOGICAL AND CLIMATE
INFORMATION...IS AVAILABLE ON THE WEB AT HTTP://WWW.WEATHER.GOV/EAX
OR AT HTTP://WEATHER.GOV

$$
