154
CDUS43 KEAX 210641
CLIMCI

CLIMATE REPORT
NATIONAL WEATHER SERVICE KANSAS CITY/PLEASANT HILL MO
140 AM CDT SUN AUG 21 2016


...................................

...THE KANSAS CITY INTERNATIONAL MO CLIMATE SUMMARY FOR AUGUST 20 2016...

CLIMATE NORMAL PERIOD 1981 TO 2010
CLIMATE RECORD PERIOD 1888 TO 2016


WEATHER ITEM   OBSERVED TIME   RECORD YEAR NORMAL DEPARTURE LAST
                VALUE   (LST)  VALUE       VALUE  FROM      YEAR
                                                  NORMAL
..................................................................
TEMPERATURE (F)
 YESTERDAY
  MAXIMUM         74    223 PM 103    2003  87    -13       82
                                      1936
  MINIMUM         56   1159 PM  49    1950  67    -11       55
  AVERAGE         65                        77    -12       69

PRECIPITATION (IN)
  YESTERDAY        T             2.40 2011   0.12  -0.12     0.00
  MONTH TO DATE    1.57                      2.42  -0.85     0.97
  SINCE JUN 1     11.31                     12.10  -0.79    15.30
  SINCE JAN 1     31.84                     25.93   5.91    31.90

SNOWFALL (IN)
  YESTERDAY        0.0           0.0    MM   0.0    0.0      0.0
  MONTH TO DATE    0.0                       0.0    0.0      0.0
  SINCE JUN 1      0.0                       0.0    0.0      0.0
  SINCE JUL 1      0.0                       0.0    0.0      0.0
  SNOW DEPTH       0

DEGREE DAYS
 HEATING
  YESTERDAY        0                         0      0        0
  MONTH TO DATE    0                         0      0        1
  SINCE JUN 1      0                         9     -9        6
  SINCE JUL 1      0                         0      0        3

 COOLING
  YESTERDAY        0                        12    -12        4
  MONTH TO DATE  265                       257      8      227
  SINCE JUN 1   1110                       937    173      930
  SINCE JAN 1   1181                      1053    128      998
..................................................................


WIND (MPH)
  HIGHEST WIND SPEED    17   HIGHEST WIND DIRECTION    NW (330)
  HIGHEST GUST SPEED    22   HIGHEST GUST DIRECTION    NW (330)
  AVERAGE WIND SPEED     8.8


SKY COVER
  POSSIBLE SUNSHINE  MM
  AVERAGE SKY COVER 0.6


WEATHER CONDITIONS
 THE FOLLOWING WEATHER WAS RECORDED YESTERDAY.
  LIGHT RAIN
  FOG


RELATIVE HUMIDITY (PERCENT)
 HIGHEST   100          1200 AM
 LOWEST     57           300 PM
 AVERAGE    79

..........................................................


THE KANSAS CITY INTERNATIONAL MO CLIMATE NORMALS FOR TODAY
                         NORMAL    RECORD    YEAR
 MAXIMUM TEMPERATURE (F)   87       106      2003
 MINIMUM TEMPERATURE (F)   66        53      2004
                                             1956
                                             1950


SUNRISE AND SUNSET
AUGUST 21 2016........SUNRISE   638 AM CDT   SUNSET   805 PM CDT
AUGUST 22 2016........SUNRISE   639 AM CDT   SUNSET   804 PM CDT


-  INDICATES NEGATIVE NUMBERS.
R  INDICATES RECORD WAS SET OR TIED.
MM INDICATES DATA IS MISSING.
T  INDICATES TRACE AMOUNT.


&&

...MISCELLANEOUS CLIMATE DATA FROM YESTERDAY...

LOCATION                HIGH    LOW      PRECIP
ST. JOSEPH               73      56       0.00
DOWNTOWN KANSAS CITY     77      63       0.00
OLATHE NEW CENTURY       77      59       0.00
OLATHE JO CO EXEC        76      60       T
LEES SUMMIT              76      61       0.00
KIRKSVILLE               77      60       0.03
CHILLICOTHE              76      59       0.00
SEDALIA                  79      61       0.01
NWS PLEASANT HILL MO     75      59       T


THIS PRODUCT...ALONG WITH OTHER WEATHER...HYDROLOGICAL AND CLIMATE
INFORMATION...IS AVAILABLE ON THE WEB AT HTTP://WWW.WEATHER.GOV/EAX
OR AT HTTP://WEATHER.GOV

$$

JL
