000
CDUS43 KEAX 050043
CLIMCI

CLIMATE REPORT
NATIONAL WEATHER SERVICE KANSAS CITY/PLEASANT HILL MO
739 PM CDT FRI JUL 4 2014


...................................

...THE KANSAS CITY INTERNATIONAL MO CLIMATE SUMMARY FOR JULY 4 2014...
VALID TODAY AS OF 0700 PM LOCAL TIME.

CLIMATE NORMAL PERIOD 1981 TO 2010
CLIMATE RECORD PERIOD 1888 TO 2014


WEATHER ITEM   OBSERVED TIME   RECORD YEAR NORMAL DEPARTURE LAST
                VALUE   (LST)  VALUE       VALUE  FROM      YEAR
                                                  NORMAL
..................................................................
TEMPERATURE (F)
 TODAY
  MAXIMUM         82    309 PM 108    1936  88     -6       85
  MINIMUM         59    509 AM  54    1997  68     -9       57
  AVERAGE         71                        78     -7       71

PRECIPITATION (IN)
  TODAY            0.00          3.63 1984   0.15  -0.15     0.00
  MONTH TO DATE    0.00                      0.64  -0.64      T
  SINCE JUN 1      6.91                      5.87   1.04     3.12
  SINCE JAN 1     15.53                     19.70  -4.17    18.05

SNOWFALL (IN)
  TODAY            0.0           0.0    MM   0.0    0.0      0.0
  MONTH TO DATE    0.0                       0.0    0.0      0.0
  SINCE JUN 1      0.0                       0.0    0.0      0.0
  SINCE JUL 1      0.0                       0.0    0.0      0.0
  SNOW DEPTH       0

DEGREE DAYS
 HEATING
  TODAY            0                         0      0        0
  MONTH TO DATE    1                         0      1        0
  SINCE JUN 1      2                         9     -7       17
  SINCE JUL 1      1                         0      1        0

 COOLING
  TODAY            6                        13     -7        6
  MONTH TO DATE   17                        50    -33       23
  SINCE JUN 1    294                       316    -22      299
  SINCE JAN 1    455                       432     23      404
..................................................................


WIND (MPH)
  HIGHEST WIND SPEED    16   HIGHEST WIND DIRECTION    SE (140)
  HIGHEST GUST SPEED    20   HIGHEST GUST DIRECTION    SE (150)
  AVERAGE WIND SPEED     8.4


SKY COVER
  POSSIBLE SUNSHINE  MM
  AVERAGE SKY COVER 0.5


WEATHER CONDITIONS
 THE FOLLOWING WEATHER WAS RECORDED TODAY.
  NO SIGNIFICANT WEATHER WAS OBSERVED.


RELATIVE HUMIDITY (PERCENT)
 HIGHEST    84           600 AM
 LOWEST     48          1100 AM
 AVERAGE    66

..........................................................


THE KANSAS CITY INTERNATIONAL MO CLIMATE NORMALS FOR TOMORROW
                         NORMAL    RECORD    YEAR
 MAXIMUM TEMPERATURE (F)   88       104      1934
                                             1911
 MINIMUM TEMPERATURE (F)   68        51      1997


SUNRISE AND SUNSET
JULY  4 2014..........SUNRISE   557 AM CDT   SUNSET   849 PM CDT
JULY  5 2014..........SUNRISE   558 AM CDT   SUNSET   849 PM CDT


-  INDICATES NEGATIVE NUMBERS.
R  INDICATES RECORD WAS SET OR TIED.
MM INDICATES DATA IS MISSING.
T  INDICATES TRACE AMOUNT.



&&

...MISCELLANEOUS CLIMATE DATA FROM TODAY...

LOCATION                HIGH    LOW      PRECIP
ST. JOSEPH               83      56       0.00
DOWNTOWN KANSAS CITY     83      64       0.00
OLATHE NEW CENTURY       83      57       0.00
OLATHE JO CO EXEC        80      60       0.00
LEES SUMMIT              81      62       0.00
KIRKSVILLE               80      53       0.00
CHILLICOTHE              82      56       0.00
SEDALIA                  82      56       0.00
NWS PLEASANT HILL MO     80      60       0.00


THIS PRODUCT...ALONG WITH OTHER WEATHER...HYDROLOGICAL AND CLIMATE
INFORMATION...IS AVAILABLE ON THE WEB AT HTTP://WWW.CRH.NOAA.GOV/EAX
OR AT HTTP://WEATHER.GOV

$$

JA
