000
CDUS43 KEAX 202137
CLIMCI

CLIMATE REPORT
NATIONAL WEATHER SERVICE KANSAS CITY/PLEASANT HILL MO
436 PM CDT MON JUL 20 2015


...................................

...THE KANSAS CITY INTERNATIONAL MO CLIMATE SUMMARY FOR JULY 20 2015...
VALID AS OF 0400 PM LOCAL TIME.

CLIMATE NORMAL PERIOD 1981 TO 2010
CLIMATE RECORD PERIOD 1888 TO 2015


WEATHER ITEM   OBSERVED TIME   RECORD YEAR NORMAL DEPARTURE LAST
                VALUE   (LST)  VALUE       VALUE  FROM      YEAR
                                                  NORMAL
..................................................................
TEMPERATURE (F)
 TODAY
  MAXIMUM         87    259 PM 109    1934  89     -2       84
  MINIMUM         71    648 AM  60    2014  69      2       60
                                      1971
                                      1950
  AVERAGE         79                        79      0       72

PRECIPITATION (IN)
  TODAY            0.89          3.23 1985   0.14   0.75     0.00
  MONTH TO DATE    5.18                      3.07   2.11     3.04
  SINCE JUN 1     12.76                      8.30   4.46     9.95
  SINCE JAN 1     29.36                     22.13   7.23    18.57

SNOWFALL (IN)
  TODAY            0.0           0.0    MM   0.0    0.0      0.0
  MONTH TO DATE    0.0                       0.0    0.0      0.0
  SINCE JUN 1      0.0                       0.0    0.0      0.0
  SINCE JUL 1      0.0                       0.0    0.0      0.0
  SNOW DEPTH       0

DEGREE DAYS
 HEATING
  TODAY            0                         0      0        0
  MONTH TO DATE    2                         0      2        2
  SINCE JUN 1      5                         9     -4        3
  SINCE JUL 1      2                         0      2        2

 COOLING
  TODAY           14                        14      0        7
  MONTH TO DATE  241                       265    -24      156
  SINCE JUN 1    546                       531     15      433
  SINCE JAN 1    614                       647    -33      594
..................................................................


WIND (MPH)
  HIGHEST WIND SPEED    21   HIGHEST WIND DIRECTION    NW (300)
  HIGHEST GUST SPEED    27   HIGHEST GUST DIRECTION     W (290)
  AVERAGE WIND SPEED     7.4


SKY COVER
  POSSIBLE SUNSHINE  MM
  AVERAGE SKY COVER 0.7


WEATHER CONDITIONS
 THE FOLLOWING WEATHER WAS RECORDED TODAY.
  THUNDERSTORM
  HEAVY RAIN
  RAIN
  LIGHT RAIN
  FOG


RELATIVE HUMIDITY (PERCENT)
 HIGHEST    94          1200 AM
 LOWEST     61           200 PM
 AVERAGE    78

..........................................................


THE KANSAS CITY INTERNATIONAL MO CLIMATE NORMALS FOR TOMORROW
                         NORMAL    RECORD    YEAR
 MAXIMUM TEMPERATURE (F)   89       107      1974
 MINIMUM TEMPERATURE (F)   69        56      1988
                                             1970


SUNRISE AND SUNSET
JULY 20 2015..........SUNRISE   608 AM CDT   SUNSET   842 PM CDT
JULY 21 2015..........SUNRISE   609 AM CDT   SUNSET   841 PM CDT


-  INDICATES NEGATIVE NUMBERS.
R  INDICATES RECORD WAS SET OR TIED.
MM INDICATES DATA IS MISSING.
T  INDICATES TRACE AMOUNT.


&&

...MISCELLANEOUS CLIMATE DATA FROM TODAY...

LOCATION                HIGH    LOW      PRECIP
ST. JOSEPH               86      70       1.54
DOWNTOWN KANSAS CITY     88      71       1.51
OLATHE NEW CENTURY       87      70       M
OLATHE JO CO EXEC        86      69       2.63
LEES SUMMIT              87      69       1.15
KIRKSVILLE               86      69       0.10
CHILLICOTHE              87      74       0.28
SEDALIA                  86      74       0.72
NWS PLEASANT HILL MO     88      68       1.14


THIS PRODUCT...ALONG WITH OTHER WEATHER...HYDROLOGICAL AND CLIMATE
INFORMATION...IS AVAILABLE ON THE WEB AT HTTP://WWW.WEATHER.GOV/EAX
OR AT HTTP://WEATHER.GOV

$$
