000
CDUS43 KEAX 082148
CLIMCI

CLIMATE REPORT
NATIONAL WEATHER SERVICE KANSAS CITY/PLEASANT HILL MO
431 PM CDT THU SEP 8 2016


...................................

...THE KANSAS CITY INTERNATIONAL MO CLIMATE SUMMARY FOR SEPTEMBER 8 2016...
VALID AS OF 0400 PM LOCAL TIME.

CLIMATE NORMAL PERIOD 1981 TO 2010
CLIMATE RECORD PERIOD 1888 TO 2016


WEATHER ITEM   OBSERVED TIME   RECORD YEAR NORMAL DEPARTURE LAST
                VALUE   (LST)  VALUE       VALUE  FROM      YEAR
                                                  NORMAL
..................................................................
TEMPERATURE (F)
 TODAY
  MAXIMUM         81    259 PM 102    1947  82     -1       81
  MINIMUM         73    513 AM  43    1986  61     12       70
  AVERAGE         77                        71      6       76

PRECIPITATION (IN)
  TODAY            0.71          4.26 1989   0.16   0.55     0.00
  MONTH TO DATE    0.76                      1.22  -0.46     1.12
  SINCE SEP 1      0.76                      1.22  -0.46     1.12
  SINCE JAN 1     40.19                     28.62  11.57    33.03

SNOWFALL (IN)
  TODAY            0.0           0.0    MM   0.0    0.0      0.0
  MONTH TO DATE    0.0                       0.0    0.0      0.0
  SINCE SEP 1      0.0                       0.0    0.0      0.0
  SINCE JUL 1      0.0                       0.0    0.0      0.0
  SNOW DEPTH       0

DEGREE DAYS
 HEATING
  TODAY            0                         1     -1        0
  MONTH TO DATE    0                         3     -3        0
  SINCE SEP 1      0                         3     -3        0
  SINCE JUL 1      0                         5     -5        3

 COOLING
  TODAY           12                         7      5       11
  MONTH TO DATE   81                        65     16      129
  SINCE SEP 1     81                        65     16      129
  SINCE JAN 1   1378                      1238    140     1204
..................................................................


WIND (MPH)
  HIGHEST WIND SPEED    18   HIGHEST WIND DIRECTION    SW (210)
  HIGHEST GUST SPEED    24   HIGHEST GUST DIRECTION     W (290)
  AVERAGE WIND SPEED     8.1


SKY COVER
  POSSIBLE SUNSHINE  MM
  AVERAGE SKY COVER 0.8


WEATHER CONDITIONS
 THE FOLLOWING WEATHER WAS RECORDED TODAY.
  THUNDERSTORM
  HEAVY RAIN
  RAIN
  LIGHT RAIN
  FOG


RELATIVE HUMIDITY (PERCENT)
 HIGHEST    93           500 AM
 LOWEST     74           300 PM
 AVERAGE    84

..........................................................


THE KANSAS CITY INTERNATIONAL MO CLIMATE NORMALS FOR TOMORROW
                         NORMAL    RECORD    YEAR
 MAXIMUM TEMPERATURE (F)   82        99      1970
                                             1947
                                             1938
 MINIMUM TEMPERATURE (F)   60        46      2008
                                             1943


SUNRISE AND SUNSET
SEPTEMBER  8 2016.....SUNRISE   654 AM CDT   SUNSET   738 PM CDT
SEPTEMBER  9 2016.....SUNRISE   655 AM CDT   SUNSET   736 PM CDT


-  INDICATES NEGATIVE NUMBERS.
R  INDICATES RECORD WAS SET OR TIED.
MM INDICATES DATA IS MISSING.
T  INDICATES TRACE AMOUNT.


&&

...MISCELLANEOUS CLIMATE DATA FROM TODAY...

LOCATION                HIGH    LOW      PRECIP
ST. JOSEPH               83      74       0.37
DOWNTOWN KANSAS CITY     84      75       0.74
OLATHE NEW CENTURY       82      72       0.63
OLATHE JO CO EXEC        79      71       0.29
LEES SUMMIT              81      73       0.53
KIRKSVILLE               79      69       0.70
CHILLICOTHE              81      72       0.76
SEDALIA                  81      74       0.46
NWS PLEASANT HILL MO     79      71       0.90


THIS PRODUCT...ALONG WITH OTHER WEATHER...HYDROLOGICAL AND CLIMATE
INFORMATION...IS AVAILABLE ON THE WEB AT HTTP://WWW.WEATHER.GOV/EAX
OR AT HTTP://WEATHER.GOV

$$
