000
CDUS43 KEAX 280034
CLIMCI

CLIMATE REPORT
NATIONAL WEATHER SERVICE KANSAS CITY/PLEASANT HILL MO
634 PM CST MON NOV 27 2017


...................................

...THE KANSAS CITY INTERNATIONAL MO CLIMATE SUMMARY FOR NOVEMBER 27 2017...
VALID TODAY AS OF 0600 PM LOCAL TIME.

CLIMATE NORMAL PERIOD 1981 TO 2010
CLIMATE RECORD PERIOD 1888 TO 2017


WEATHER ITEM   OBSERVED TIME   RECORD YEAR NORMAL DEPARTURE LAST
                VALUE   (LST)  VALUE       VALUE  FROM      YEAR
                                                  NORMAL
..................................................................
TEMPERATURE (F)
 TODAY
  MAXIMUM         69    254 PM  71    1960  47     22       57
  MINIMUM         41    238 AM   9    1896  29     12       44
  AVERAGE         55                        38     17       51

PRECIPITATION (IN)
  TODAY            0.00          0.84 2006   0.07  -0.07     0.11
  MONTH TO DATE    0.27                      1.95  -1.68     0.51
  SINCE SEP 1      7.94                      9.73  -1.79     8.03
  SINCE JAN 1     45.83                     37.13   8.70    47.46

SNOWFALL (IN)
  TODAY            0.0           4.5  1958   0.1   -0.1      0.0
  MONTH TO DATE    0.0                       0.9   -0.9      0.0
  SINCE SEP 1      T                         1.1   -1.1      0.0
  SINCE JUL 1      T                         1.1   -1.1      0.0
  SNOW DEPTH       0

DEGREE DAYS
 HEATING
  TODAY           10                        27    -17       14
  MONTH TO DATE  552                       559     -7      352
  SINCE SEP 1    829                       917    -88      517
  SINCE JUL 1    833                       919    -86      517

 COOLING
  TODAY            0                         0      0        0
  MONTH TO DATE    0                         0      0       13
  SINCE SEP 1    247                       185     62      288
  SINCE JAN 1   1325                      1358    -33     1585
..................................................................


WIND (MPH)
  HIGHEST WIND SPEED    24   HIGHEST WIND DIRECTION     S (200)
  HIGHEST GUST SPEED    31   HIGHEST GUST DIRECTION     S (190)
  AVERAGE WIND SPEED    14.3


SKY COVER
  POSSIBLE SUNSHINE  MM
  AVERAGE SKY COVER 0.4


WEATHER CONDITIONS
 THE FOLLOWING WEATHER WAS RECORDED TODAY.
  HAZE


RELATIVE HUMIDITY (PERCENT)
 HIGHEST    67           300 AM
 LOWEST     44           200 PM
 AVERAGE    56

..........................................................


THE KANSAS CITY INTERNATIONAL MO CLIMATE NORMALS FOR TOMORROW
                         NORMAL    RECORD    YEAR
 MAXIMUM TEMPERATURE (F)   47        71      1998
 MINIMUM TEMPERATURE (F)   28         1      1976


SUNRISE AND SUNSET
NOVEMBER 27 2017......SUNRISE   716 AM CST   SUNSET   457 PM CST
NOVEMBER 28 2017......SUNRISE   717 AM CST   SUNSET   457 PM CST


-  INDICATES NEGATIVE NUMBERS.
R  INDICATES RECORD WAS SET OR TIED.
MM INDICATES DATA IS MISSING.
T  INDICATES TRACE AMOUNT.


&&

...MISCELLANEOUS CLIMATE DATA FROM TODAY...

LOCATION                HIGH    LOW      PRECIP
ST. JOSEPH               69      33       0.00
DOWNTOWN KANSAS CITY     71      46       0.00
OLATHE NEW CENTURY       67      39       0.00
OLATHE JO CO EXEC        66      42       0.00
LEES SUMMIT              68      44       0.00
KIRKSVILLE               66      38       0.00
CHILLICOTHE              68      33       0.00
SEDALIA                  69      43       0.00
NWS PLEASANT HILL MO     67      40       0.00


THIS PRODUCT...ALONG WITH OTHER WEATHER...HYDROLOGICAL AND CLIMATE
INFORMATION...IS AVAILABLE ON THE WEB AT HTTP://WWW.WEATHER.GOV/EAX
OR AT HTTP://WEATHER.GOV

$$

CUTTER
