000
CDUS43 KEAX 302124
CLIMCI

CLIMATE REPORT
NATIONAL WEATHER SERVICE KANSAS CITY/PLEASANT HILL MO
423 PM CDT SAT JUL 30 2016


...................................

...THE KANSAS CITY INTERNATIONAL MO CLIMATE SUMMARY FOR JULY 30 2016...
VALID AS OF 0400 PM LOCAL TIME.

CLIMATE NORMAL PERIOD 1981 TO 2010
CLIMATE RECORD PERIOD 1888 TO 2016


WEATHER ITEM   OBSERVED TIME   RECORD YEAR NORMAL DEPARTURE LAST
                VALUE   (LST)  VALUE       VALUE  FROM      YEAR
                                                  NORMAL
..................................................................
TEMPERATURE (F)
 TODAY
  MAXIMUM         84    147 PM 107    1947  89     -5       86
  MINIMUM         62    444 AM  52    1971  69     -7       64
  AVERAGE         73                        79     -6       75

PRECIPITATION (IN)
  TODAY            0.00          3.82 1958   0.12  -0.12     0.00
  MONTH TO DATE    7.74                      4.32   3.42     6.75
  SINCE JUN 1      8.72                      9.55  -0.83    14.33
  SINCE JAN 1     29.25                     23.38   5.87    30.93

SNOWFALL (IN)
  TODAY            0.0           0.0    MM   0.0    0.0      0.0
  MONTH TO DATE    0.0                       0.0    0.0      0.0
  SINCE JUN 1      0.0                       0.0    0.0      0.0
  SINCE JUL 1      0.0                       0.0    0.0      0.0
  SNOW DEPTH       0

DEGREE DAYS
 HEATING
  TODAY            0                         0      0        0
  MONTH TO DATE    0                         0      0        2
  SINCE JUN 1      0                         9     -9        5
  SINCE JUL 1      0                         0      0        2

 COOLING
  TODAY            8                        14     -6       10
  MONTH TO DATE  418                       405     13      387
  SINCE JUN 1    835                       671    164      692
  SINCE JAN 1    906                       787    119      760
..................................................................


WIND (MPH)
  HIGHEST WIND SPEED     9   HIGHEST WIND DIRECTION    NE (50)
  HIGHEST GUST SPEED    11   HIGHEST GUST DIRECTION    NE (50)
  AVERAGE WIND SPEED     4.2


SKY COVER
  POSSIBLE SUNSHINE  MM
  AVERAGE SKY COVER 0.4


WEATHER CONDITIONS
 THE FOLLOWING WEATHER WAS RECORDED TODAY.
  NO SIGNIFICANT WEATHER WAS OBSERVED.


RELATIVE HUMIDITY (PERCENT)
 HIGHEST    93           400 AM
 LOWEST     46          1200 PM
 AVERAGE    70

..........................................................


THE KANSAS CITY INTERNATIONAL MO CLIMATE NORMALS FOR TOMORROW
                         NORMAL    RECORD    YEAR
 MAXIMUM TEMPERATURE (F)   89       106      1970
 MINIMUM TEMPERATURE (F)   68        54      1925


SUNRISE AND SUNSET
JULY 30 2016..........SUNRISE   618 AM CDT   SUNSET   832 PM CDT
JULY 31 2016..........SUNRISE   618 AM CDT   SUNSET   831 PM CDT


-  INDICATES NEGATIVE NUMBERS.
R  INDICATES RECORD WAS SET OR TIED.
MM INDICATES DATA IS MISSING.
T  INDICATES TRACE AMOUNT.


&&

...MISCELLANEOUS CLIMATE DATA FROM TODAY...

LOCATION                HIGH    LOW      PRECIP
ST. JOSEPH               82      59       0.03
DOWNTOWN KANSAS CITY     89      67       0.00
OLATHE NEW CENTURY       88      64       0.00
OLATHE JO CO EXEC        85      65       0.00
LEES SUMMIT              85      66       0.00
KIRKSVILLE               82      62       0.00
CHILLICOTHE              86      62       0.00
SEDALIA                  85      65       0.00
NWS PLEASANT HILL MO     85      65       0.00


THIS PRODUCT...ALONG WITH OTHER WEATHER...HYDROLOGICAL AND CLIMATE
INFORMATION...IS AVAILABLE ON THE WEB AT HTTP://WWW.WEATHER.GOV/EAX
OR AT HTTP://WEATHER.GOV

$$

JL
