000
CDUS43 KEAX 052125
CLIMCI

CLIMATE REPORT
NATIONAL WEATHER SERVICE KANSAS CITY/PLEASANT HILL MO
424 PM CDT SUN JUL 5 2015


...................................

...THE KANSAS CITY INTERNATIONAL MO CLIMATE SUMMARY FOR JULY 5 2015...
VALID AS OF 0400 PM LOCAL TIME.

CLIMATE NORMAL PERIOD 1981 TO 2010
CLIMATE RECORD PERIOD 1888 TO 2015


WEATHER ITEM   OBSERVED TIME   RECORD YEAR NORMAL DEPARTURE LAST
                VALUE   (LST)  VALUE       VALUE  FROM      YEAR
                                                  NORMAL
..................................................................
TEMPERATURE (F)
 TODAY
  MAXIMUM         88    235 PM 104    1934  88      0       84
                                      1911
  MINIMUM         67    220 AM  51    1997  68     -1       69
  AVERAGE         78                        78      0       77

PRECIPITATION (IN)
  TODAY            0.00          2.76 1961   0.16  -0.16     0.07
  MONTH TO DATE    0.57                      0.80  -0.23     0.07
  SINCE JUN 1      8.15                      6.03   2.12     6.98
  SINCE JAN 1     24.75                     19.86   4.89    15.60

SNOWFALL (IN)
  TODAY            0.0           0.0    MM   0.0    0.0      0.0
  MONTH TO DATE    0.0                       0.0    0.0      0.0
  SINCE JUN 1      0.0                       0.0    0.0      0.0
  SINCE JUL 1      0.0                       0.0    0.0      0.0
  SNOW DEPTH       0

DEGREE DAYS
 HEATING
  TODAY            0                         0      0        0
  MONTH TO DATE    0                         0      0        1
  SINCE JUN 1      3                         9     -6        2
  SINCE JUL 1      0                         0      0        1

 COOLING
  TODAY           13                        13      0       12
  MONTH TO DATE   43                        63    -20       29
  SINCE JUN 1    348                       329     19      306
  SINCE JAN 1    416                       445    -29      467
..................................................................


WIND (MPH)
  HIGHEST WIND SPEED    18   HIGHEST WIND DIRECTION     S (160)
  HIGHEST GUST SPEED    22   HIGHEST GUST DIRECTION    SE (150)
  AVERAGE WIND SPEED    10.6


SKY COVER
  POSSIBLE SUNSHINE  MM
  AVERAGE SKY COVER 0.5


WEATHER CONDITIONS
 THE FOLLOWING WEATHER WAS RECORDED TODAY.
  FOG
  HAZE


RELATIVE HUMIDITY (PERCENT)
 HIGHEST    90           600 AM
 LOWEST     68           200 PM
 AVERAGE    79

..........................................................


THE KANSAS CITY INTERNATIONAL MO CLIMATE NORMALS FOR TOMORROW
                         NORMAL    RECORD    YEAR
 MAXIMUM TEMPERATURE (F)   88       104      2012
 MINIMUM TEMPERATURE (F)   68        54      1967


SUNRISE AND SUNSET
JULY  5 2015..........SUNRISE   558 AM CDT   SUNSET   849 PM CDT
JULY  6 2015..........SUNRISE   558 AM CDT   SUNSET   848 PM CDT


-  INDICATES NEGATIVE NUMBERS.
R  INDICATES RECORD WAS SET OR TIED.
MM INDICATES DATA IS MISSING.
T  INDICATES TRACE AMOUNT.




&&

...MISCELLANEOUS CLIMATE DATA FROM TODAY...

LOCATION                HIGH    LOW      PRECIP
ST. JOSEPH               89      67       0.00
DOWNTOWN KANSAS CITY     89      70       0.00
OLATHE NEW CENTURY       90      67       0.00
OLATHE JO CO EXEC        87      66       0.00
LEES SUMMIT              87      69       0.00
KIRKSVILLE               86      61       0.00
CHILLICOTHE              89      64       0.00
SEDALIA                  89      67       0.00
NWS PLEASANT HILL MO     89      65       0.00


THIS PRODUCT...ALONG WITH OTHER WEATHER...HYDROLOGICAL AND CLIMATE
INFORMATION...IS AVAILABLE ON THE WEB AT HTTP://WWW.CRH.NOAA.GOV/EAX
OR AT HTTP://WEATHER.GOV

$$

CDB
