000
CDUS43 KEAX 082223
CLIMCI

CLIMATE REPORT
NATIONAL WEATHER SERVICE KANSAS CITY/PLEASANT HILL MO
422 PM CST MON JAN 8 2018


...................................

...THE KANSAS CITY INTERNATIONAL MO CLIMATE SUMMARY FOR JANUARY 8 2018...
VALID AS OF 0400 PM LOCAL TIME.

CLIMATE NORMAL PERIOD 1981 TO 2010
CLIMATE RECORD PERIOD 1888 TO 2018


WEATHER ITEM   OBSERVED TIME   RECORD YEAR NORMAL DEPARTURE LAST
                VALUE   (LST)  VALUE       VALUE  FROM      YEAR
                                                  NORMAL
..................................................................
TEMPERATURE (F)
 TODAY
  MAXIMUM         49    257 PM  71    2003  38     11       33
  MINIMUM         25    737 AM -10    1979  20      5        6
  AVERAGE         37                        29      8       20

PRECIPITATION (IN)
  TODAY            0.00          0.41 1930   0.03  -0.03     0.00
  MONTH TO DATE    0.18                      0.26  -0.08     0.38
  SINCE DEC 1      0.37                      1.79  -1.42     1.57
  SINCE JAN 1      0.18                      0.26  -0.08     0.38

SNOWFALL (IN)
  TODAY            0.0           4.8  1930   0.1   -0.1      0.0
  MONTH TO DATE    0.0                       1.1   -1.1      2.2
  SINCE DEC 1      2.2                       5.9   -3.7      4.5
  SINCE JUL 1      2.2                       7.3   -5.1      4.5
  SNOW DEPTH       0

DEGREE DAYS
 HEATING
  TODAY           28                        36     -8       45
  MONTH TO DATE  371                       288     83      358
  SINCE DEC 1   1382                      1328     54     1431
  SINCE JUL 1   2262                      2330    -68     2015

 COOLING
  TODAY            0                         0      0        0
  MONTH TO DATE    0                         0      0        0
  SINCE DEC 1      0                         0      0        0
  SINCE JAN 1      0                         0      0        0
..................................................................


WIND (MPH)
  HIGHEST WIND SPEED    10   HIGHEST WIND DIRECTION    NW (320)
  HIGHEST GUST SPEED    13   HIGHEST GUST DIRECTION    NW (320)
  AVERAGE WIND SPEED     6.0


SKY COVER
  POSSIBLE SUNSHINE  MM
  AVERAGE SKY COVER 0.1


WEATHER CONDITIONS
 THE FOLLOWING WEATHER WAS RECORDED TODAY.
  FOG


RELATIVE HUMIDITY (PERCENT)
 HIGHEST   100           500 AM
 LOWEST     46           300 PM
 AVERAGE    73

..........................................................


THE KANSAS CITY INTERNATIONAL MO CLIMATE NORMALS FOR TOMORROW
                         NORMAL    RECORD    YEAR
 MAXIMUM TEMPERATURE (F)   38        64      1902
 MINIMUM TEMPERATURE (F)   20       -10      1977


SUNRISE AND SUNSET
JANUARY  8 2018.......SUNRISE   739 AM CST   SUNSET   513 PM CST
JANUARY  9 2018.......SUNRISE   739 AM CST   SUNSET   514 PM CST


-  INDICATES NEGATIVE NUMBERS.
R  INDICATES RECORD WAS SET OR TIED.
MM INDICATES DATA IS MISSING.
T  INDICATES TRACE AMOUNT.


&&

...MISCELLANEOUS CLIMATE DATA FROM TODAY...

LOCATION                HIGH    LOW      PRECIP
ST. JOSEPH               50      M         0.00
DOWNTOWN KANSAS CITY     50      26       0.00
OLATHE NEW CENTURY       48      24       0.00
OLATHE JO CO EXEC        47      27       0.00
LEES SUMMIT              48      28       0.00
KIRKSVILLE               39      30       0.00
CHILLICOTHE              37      27       0.00
SEDALIA                  46      32       0.00
NWS PLEASANT HILL MO     48      26       0.00


THIS PRODUCT...ALONG WITH OTHER WEATHER...HYDROLOGICAL AND CLIMATE
INFORMATION...IS AVAILABLE ON THE WEB AT HTTP://WWW.WEATHER.GOV/EAX
OR AT HTTP://WEATHER.GOV

$$
