000
CDUS43 KEAX 080635
CLIMCI

CLIMATE REPORT
NATIONAL WEATHER SERVICE KANSAS CITY/PLEASANT HILL MO
1233 AM CST WED MAR 8 2017


...................................

...THE KANSAS CITY INTERNATIONAL MO CLIMATE SUMMARY FOR MARCH 7 2017...

CLIMATE NORMAL PERIOD 1981 TO 2010
CLIMATE RECORD PERIOD 1888 TO 2017


WEATHER ITEM   OBSERVED TIME   RECORD YEAR NORMAL DEPARTURE LAST
                VALUE   (LST)  VALUE       VALUE  FROM      YEAR
                                                  NORMAL
..................................................................
TEMPERATURE (F)
 YESTERDAY
  MAXIMUM         59    431 PM  82    1974  52      7       70
  MINIMUM         32    438 AM   2    1996  30      2       63
                                      1943
  AVERAGE         46                        41      5       67

PRECIPITATION (IN)
  YESTERDAY        0.00          1.77 1921   0.07  -0.07     0.00
  MONTH TO DATE    0.32                      0.46  -0.14      T
  SINCE MAR 1      0.32                      0.46  -0.14      T
  SINCE JAN 1      1.77                      2.99  -1.22     1.16

SNOWFALL (IN)
  YESTERDAY        0.0           6.9  1931   0.1   -0.1      0.0
  MONTH TO DATE    0.0                       0.6   -0.6      0.0
  SINCE MAR 1      0.0                       0.6   -0.6      0.0
  SINCE JUL 1      4.5                      16.8  -12.3      5.3
  SNOW DEPTH       0

DEGREE DAYS
 HEATING
  YESTERDAY       19                        24     -5        0
  MONTH TO DATE  110                       177    -67      112
  SINCE MAR 1    110                       177    -67      112
  SINCE JUL 1   3364                      4222   -858     3469

 COOLING
  YESTERDAY        0                         0      0        2
  MONTH TO DATE    0                         0      0        2
  SINCE MAR 1      0                         0      0        2
  SINCE JAN 1      0                         0      0        2
..................................................................


WIND (MPH)
  HIGHEST WIND SPEED    30   HIGHEST WIND DIRECTION     W (270)
  HIGHEST GUST SPEED    41   HIGHEST GUST DIRECTION     W (260)
  AVERAGE WIND SPEED    11.4


SKY COVER
  POSSIBLE SUNSHINE  MM
  AVERAGE SKY COVER 0.2


WEATHER CONDITIONS
 THE FOLLOWING WEATHER WAS RECORDED YESTERDAY.
  NO SIGNIFICANT WEATHER WAS OBSERVED.


RELATIVE HUMIDITY (PERCENT)
 HIGHEST    75           400 AM
 LOWEST     14           300 PM
 AVERAGE    45

..........................................................


THE KANSAS CITY INTERNATIONAL MO CLIMATE NORMALS FOR TODAY
                         NORMAL    RECORD    YEAR
 MAXIMUM TEMPERATURE (F)   52        79      2006
 MINIMUM TEMPERATURE (F)   31         0      1996


SUNRISE AND SUNSET
MARCH  8 2017.........SUNRISE   641 AM CST   SUNSET   619 PM CST
MARCH  9 2017.........SUNRISE   639 AM CST   SUNSET   620 PM CST


-  INDICATES NEGATIVE NUMBERS.
R  INDICATES RECORD WAS SET OR TIED.
MM INDICATES DATA IS MISSING.
T  INDICATES TRACE AMOUNT.


&&

...MISCELLANEOUS CLIMATE DATA FROM YESTERDAY...

LOCATION                HIGH    LOW      PRECIP
ST. JOSEPH               60      33       0.00
DOWNTOWN KANSAS CITY     61      M         0.00
OLATHE NEW CENTURY       60      32       0.00
OLATHE JO CO EXEC        59      36       0.00
LEES SUMMIT              59      36       0.00
KIRKSVILLE               57      36       0.00
CHILLICOTHE              58      36       0.00
SEDALIA                  59      39       0.00
NWS PLEASANT HILL MO     59      35       0.00


THIS PRODUCT...ALONG WITH OTHER WEATHER...HYDROLOGICAL AND CLIMATE
INFORMATION...IS AVAILABLE ON THE WEB AT HTTP://WWW.WEATHER.GOV/EAX
OR AT HTTP://WEATHER.GOV

$$

73
