000
CDUS43 KEAX 160638
CLIMCI

CLIMATE REPORT
NATIONAL WEATHER SERVICE KANSAS CITY/PLEASANT HILL MO
137 AM CDT WED JUL 16 2014


...................................

...THE KANSAS CITY INTERNATIONAL MO CLIMATE SUMMARY FOR JULY 15 2014...

CLIMATE NORMAL PERIOD 1981 TO 2010
CLIMATE RECORD PERIOD 1888 TO 2014


WEATHER ITEM   OBSERVED TIME   RECORD YEAR NORMAL DEPARTURE LAST
                VALUE   (LST)  VALUE       VALUE  FROM      YEAR
                                                  NORMAL
..................................................................
TEMPERATURE (F)
 YESTERDAY
  MAXIMUM         74    437 PM 109    1934  89    -15       89
  MINIMUM         54R   533 AM  56    1990  69    -15       69
  AVERAGE         64                        79    -15       79

PRECIPITATION (IN)
  YESTERDAY        0.00          4.16 1989   0.15  -0.15     0.00
  MONTH TO DATE    3.04                      2.36   0.68     0.17
  SINCE JUN 1      9.95                      7.59   2.36     3.29
  SINCE JAN 1     18.57                     21.42  -2.85    18.22

SNOWFALL (IN)
  YESTERDAY        0.0           0.0    MM   0.0    0.0      0.0
  MONTH TO DATE    0.0                       0.0    0.0      0.0
  SINCE JUN 1      0.0                       0.0    0.0      0.0
  SINCE JUL 1      0.0                       0.0    0.0      0.0
  SNOW DEPTH       0

DEGREE DAYS
 HEATING
  YESTERDAY        1                         0      1        0
  MONTH TO DATE    2                         0      2        0
  SINCE JUN 1      3                         9     -6       17
  SINCE JUL 1      2                         0      2        0

 COOLING
  YESTERDAY        0                        14    -14       14
  MONTH TO DATE  136                       195    -59      187
  SINCE JUN 1    413                       461    -48      463
  SINCE JAN 1    574                       577     -3      568
..................................................................


WIND (MPH)
  HIGHEST WIND SPEED    18   HIGHEST WIND DIRECTION     N (340)
  HIGHEST GUST SPEED    24   HIGHEST GUST DIRECTION     N (350)
  AVERAGE WIND SPEED     7.7


SKY COVER
  POSSIBLE SUNSHINE  MM
  AVERAGE SKY COVER 0.3


WEATHER CONDITIONS
 THE FOLLOWING WEATHER WAS RECORDED YESTERDAY.
  NO SIGNIFICANT WEATHER WAS OBSERVED.


RELATIVE HUMIDITY (PERCENT)
 HIGHEST    89           400 AM
 LOWEST     53          1200 PM
 AVERAGE    71

..........................................................


THE KANSAS CITY INTERNATIONAL MO CLIMATE NORMALS FOR TODAY
                         NORMAL    RECORD    YEAR
 MAXIMUM TEMPERATURE (F)   89       107      1934
 MINIMUM TEMPERATURE (F)   69        57      1985


SUNRISE AND SUNSET
JULY 16 2014..........SUNRISE   605 AM CDT   SUNSET   844 PM CDT
JULY 17 2014..........SUNRISE   606 AM CDT   SUNSET   843 PM CDT


-  INDICATES NEGATIVE NUMBERS.
R  INDICATES RECORD WAS SET OR TIED.
MM INDICATES DATA IS MISSING.
T  INDICATES TRACE AMOUNT.



&&

...MISCELLANEOUS CLIMATE DATA FROM YESTERDAY...

LOCATION                HIGH    LOW      PRECIP
ST. JOSEPH               74      53       0.00
DOWNTOWN KANSAS CITY     76      58       0.00
OLATHE NEW CENTURY       74      53       0.00
OLATHE JO CO EXEC        74      55       0.00
LEES SUMMIT              74      54       0.00
KIRKSVILLE               72      53       0.00
CHILLICOTHE              74      57       0.00
SEDALIA                  74      55       0.00
NWS PLEASANT HILL MO     73      53       0.00


THIS PRODUCT...ALONG WITH OTHER WEATHER...HYDROLOGICAL AND CLIMATE
INFORMATION...IS AVAILABLE ON THE WEB AT HTTP://WWW.CRH.NOAA.GOV/EAX
OR AT HTTP://WEATHER.GOV

$$

AB
