000
CDUS43 KEAX 090637
CLIMCI

CLIMATE REPORT
NATIONAL WEATHER SERVICE KANSAS CITY/PLEASANT HILL MO
134 AM CDT TUE SEP 9 2014


...................................

...THE KANSAS CITY INTERNATIONAL MO CLIMATE SUMMARY FOR SEPTEMBER 8 2014...

CLIMATE NORMAL PERIOD 1981 TO 2010
CLIMATE RECORD PERIOD 1888 TO 2014


WEATHER ITEM   OBSERVED TIME   RECORD YEAR NORMAL DEPARTURE LAST
                VALUE   (LST)  VALUE       VALUE  FROM      YEAR
                                                  NORMAL
..................................................................
TEMPERATURE (F)
 YESTERDAY
  MAXIMUM         84    253 PM 102    1947  82      2      100
  MINIMUM         57    413 AM  43    1986  61     -4       71
  AVERAGE         71                        71      0       86

PRECIPITATION (IN)
  YESTERDAY        0.00          4.26 1989   0.16  -0.16     0.00
  MONTH TO DATE    1.21                      1.22  -0.01     0.81
  SINCE SEP 1      1.21                      1.22  -0.01     0.81
  SINCE JAN 1     27.20                     28.62  -1.42    23.48

SNOWFALL (IN)
  YESTERDAY        0.0           0.0    MM   0.0    0.0      0.0
  MONTH TO DATE    0.0                       0.0    0.0      0.0
  SINCE SEP 1      0.0                       0.0    0.0      0.0
  SINCE JUL 1      0.0                       0.0    0.0      0.0
  SNOW DEPTH       0

DEGREE DAYS
 HEATING
  YESTERDAY        0                         1     -1        0
  MONTH TO DATE    0                         3     -3        0
  SINCE SEP 1      0                         3     -3        0
  SINCE JUL 1      2                         5     -3        0

 COOLING
  YESTERDAY        6                         7     -1       21
  MONTH TO DATE   59                        65     -6       97
  SINCE SEP 1     59                        65     -6       97
  SINCE JAN 1   1178                      1238    -60     1191
..................................................................


WIND (MPH)
  HIGHEST WIND SPEED    18   HIGHEST WIND DIRECTION     S (190)
  HIGHEST GUST SPEED    25   HIGHEST GUST DIRECTION     S (200)
  AVERAGE WIND SPEED    11.0


SKY COVER
  POSSIBLE SUNSHINE  MM
  AVERAGE SKY COVER 0.3


WEATHER CONDITIONS
 THE FOLLOWING WEATHER WAS RECORDED YESTERDAY.
  NO SIGNIFICANT WEATHER WAS OBSERVED.


RELATIVE HUMIDITY (PERCENT)
 HIGHEST    86           200 AM
 LOWEST     61           300 PM
 AVERAGE    74

..........................................................


THE KANSAS CITY INTERNATIONAL MO CLIMATE NORMALS FOR TODAY
                         NORMAL    RECORD    YEAR
 MAXIMUM TEMPERATURE (F)   82        99      1970
                                             1947
                                             1938
 MINIMUM TEMPERATURE (F)   60        46      2008
                                             1943


SUNRISE AND SUNSET
SEPTEMBER  9 2014.....SUNRISE   655 AM CDT   SUNSET   737 PM CDT
SEPTEMBER 10 2014.....SUNRISE   656 AM CDT   SUNSET   735 PM CDT


-  INDICATES NEGATIVE NUMBERS.
R  INDICATES RECORD WAS SET OR TIED.
MM INDICATES DATA IS MISSING.
T  INDICATES TRACE AMOUNT.




&&

...MISCELLANEOUS CLIMATE DATA FROM YESTERDAY...

LOCATION                HIGH    LOW      PRECIP
ST. JOSEPH               85      51       0.00
DOWNTOWN KANSAS CITY     85      60       0.00
OLATHE NEW CENTURY       84      58       0.00
OLATHE JO CO EXEC        82      57       0.00
LEES SUMMIT              83      59       0.00
KIRKSVILLE               81      50       0.00
CHILLICOTHE              83      52       0.00
SEDALIA                  83      58       0.00
NWS PLEASANT HILL MO     82      56       0.00


THIS PRODUCT...ALONG WITH OTHER WEATHER...HYDROLOGICAL AND CLIMATE
INFORMATION...IS AVAILABLE ON THE WEB AT HTTP://WWW.CRH.NOAA.GOV/EAX
OR AT HTTP://WEATHER.GOV

$$

MJ
