000
CDUS43 KEAX 140634
CLIMCI

CLIMATE REPORT
NATIONAL WEATHER SERVICE KANSAS CITY/PLEASANT HILL MO
1233 AM CST SAT JAN 14 2017


...................................

...THE KANSAS CITY INTERNATIONAL MO CLIMATE SUMMARY FOR JANUARY 13 2017...

CLIMATE NORMAL PERIOD 1981 TO 2010
CLIMATE RECORD PERIOD 1888 TO 2017


WEATHER ITEM   OBSERVED TIME   RECORD YEAR NORMAL DEPARTURE LAST
                VALUE   (LST)  VALUE       VALUE  FROM      YEAR
                                                  NORMAL
..................................................................
TEMPERATURE (F)
 YESTERDAY
  MAXIMUM         27   1132 PM  68    1996  38    -11       48
  MINIMUM         19    352 AM -14    1916  19      0       17
  AVERAGE         23                        28     -5       33

PRECIPITATION (IN)
  YESTERDAY        0.10          0.59 1940   0.03   0.07     0.00
  MONTH TO DATE    0.49                      0.40   0.09     0.60
  SINCE DEC 1      1.68                      1.93  -0.25     3.84
  SINCE JAN 1      0.49                      0.40   0.09     0.60

SNOWFALL (IN)
  YESTERDAY        0.0           6.2  1927   0.1   -0.1      0.0
  MONTH TO DATE    2.2                       1.8    0.4       T
  SINCE DEC 1      4.5                       6.6   -2.1      2.5
  SINCE JUL 1      4.5                       8.0   -3.5      2.5
  SNOW DEPTH       0

DEGREE DAYS
 HEATING
  YESTERDAY       42                        36      6       32
  MONTH TO DATE  518                       468     50      468
  SINCE DEC 1   1591                      1508     83     1244
  SINCE JUL 1   2175                      2510   -335     1991

 COOLING
  YESTERDAY        0                         0      0        0
  MONTH TO DATE    0                         0      0        0
  SINCE DEC 1      0                         0      0        0
  SINCE JAN 1      0                         0      0        0
..................................................................


WIND (MPH)
  HIGHEST WIND SPEED    20   HIGHEST WIND DIRECTION     E (80)
  HIGHEST GUST SPEED    24   HIGHEST GUST DIRECTION    NE (50)
  AVERAGE WIND SPEED    10.5


SKY COVER
  POSSIBLE SUNSHINE  MM
  AVERAGE SKY COVER 0.8


WEATHER CONDITIONS
 THE FOLLOWING WEATHER WAS RECORDED YESTERDAY.
  LT FREEZING RAIN
  HAZE


RELATIVE HUMIDITY (PERCENT)
 HIGHEST    75          1100 PM
 LOWEST     46          1100 AM
 AVERAGE    61

..........................................................


THE KANSAS CITY INTERNATIONAL MO CLIMATE NORMALS FOR TODAY
                         NORMAL    RECORD    YEAR
 MAXIMUM TEMPERATURE (F)   38        69      1952
 MINIMUM TEMPERATURE (F)   19       -10      1979


SUNRISE AND SUNSET
JANUARY 14 2017.......SUNRISE   737 AM CST   SUNSET   519 PM CST
JANUARY 15 2017.......SUNRISE   737 AM CST   SUNSET   520 PM CST


-  INDICATES NEGATIVE NUMBERS.
R  INDICATES RECORD WAS SET OR TIED.
MM INDICATES DATA IS MISSING.
T  INDICATES TRACE AMOUNT.


&&

...MISCELLANEOUS CLIMATE DATA FROM YESTERDAY...

LOCATION                HIGH    LOW      PRECIP
ST. JOSEPH               28      16       0.00
DOWNTOWN KANSAS CITY     29      20       0.04
OLATHE NEW CENTURY       27      21       T
OLATHE JO CO EXEC        26      20       T
LEES SUMMIT              27      20       T
KIRKSVILLE               29      15       0.00
CHILLICOTHE              29      16       0.00
SEDALIA                  28      22       T
NWS PLEASANT HILL MO     26      20       0.02


THIS PRODUCT...ALONG WITH OTHER WEATHER...HYDROLOGICAL AND CLIMATE
INFORMATION...IS AVAILABLE ON THE WEB AT HTTP://WWW.WEATHER.GOV/EAX
OR AT HTTP://WEATHER.GOV

$$

JW
