000
CDUS43 KEAX 130632
CLIMCI

CLIMATE REPORT
NATIONAL WEATHER SERVICE KANSAS CITY/PLEASANT HILL MO
1231 AM CST WED DEC 13 2017


...................................

...THE KANSAS CITY INTERNATIONAL MO CLIMATE SUMMARY FOR DECEMBER 12 2017...

CLIMATE NORMAL PERIOD 1981 TO 2010
CLIMATE RECORD PERIOD 1888 TO 2017


WEATHER ITEM   OBSERVED TIME   RECORD YEAR NORMAL DEPARTURE LAST
                VALUE   (LST)  VALUE       VALUE  FROM      YEAR
                                                  NORMAL
..................................................................
TEMPERATURE (F)
 YESTERDAY
  MAXIMUM         40    319 PM  70    1889  41     -1       32
  MINIMUM         18    751 AM  -5    1989  23     -5       13
  AVERAGE         29                        32     -3       23

PRECIPITATION (IN)
  YESTERDAY        0.00          0.67 2001   0.05  -0.05     0.00
  MONTH TO DATE    T                         0.69  -0.69     0.70
  SINCE DEC 1      T                         0.69  -0.69     0.70
  SINCE JAN 1     45.83                     38.02   7.81    48.16

SNOWFALL (IN)
  YESTERDAY        0.0           4.0  1914   0.2   -0.2      0.0
  MONTH TO DATE    T                         1.7   -1.7      0.3
  SINCE DEC 1      T                         1.7   -1.7      0.3
  SINCE JUL 1      T                         3.1   -3.1      0.3
  SNOW DEPTH       0

DEGREE DAYS
 HEATING
  YESTERDAY       36                        33      3       42
  MONTH TO DATE  319                       374    -55      408
  SINCE DEC 1    319                       374    -55      408
  SINCE JUL 1   1199                      1376   -177      992

 COOLING
  YESTERDAY        0                         0      0        0
  MONTH TO DATE    0                         0      0        0
  SINCE DEC 1      0                         0      0        0
  SINCE JAN 1   1325                      1360    -35     1585
..................................................................


WIND (MPH)
  HIGHEST WIND SPEED    17   HIGHEST WIND DIRECTION     N (350)
  HIGHEST GUST SPEED    24   HIGHEST GUST DIRECTION     N (340)
  AVERAGE WIND SPEED     9.4


SKY COVER
  POSSIBLE SUNSHINE  MM
  AVERAGE SKY COVER 0.1


WEATHER CONDITIONS
 THE FOLLOWING WEATHER WAS RECORDED YESTERDAY.
  HAZE


RELATIVE HUMIDITY (PERCENT)
 HIGHEST    78           900 PM
 LOWEST     35           100 PM
 AVERAGE    57

..........................................................


THE KANSAS CITY INTERNATIONAL MO CLIMATE NORMALS FOR TODAY
                         NORMAL    RECORD    YEAR
 MAXIMUM TEMPERATURE (F)   40        73      1948
 MINIMUM TEMPERATURE (F)   23        -6      1917


SUNRISE AND SUNSET
DECEMBER 13 2017......SUNRISE   730 AM CST   SUNSET   456 PM CST
DECEMBER 14 2017......SUNRISE   731 AM CST   SUNSET   456 PM CST


-  INDICATES NEGATIVE NUMBERS.
R  INDICATES RECORD WAS SET OR TIED.
MM INDICATES DATA IS MISSING.
T  INDICATES TRACE AMOUNT.


&&

...MISCELLANEOUS CLIMATE DATA FROM YESTERDAY...

LOCATION                HIGH    LOW      PRECIP
ST. JOSEPH               40      14       0.00
DOWNTOWN KANSAS CITY     41      23       0.00
OLATHE NEW CENTURY       41      20       0.00
OLATHE JO CO EXEC        40      21       0.00
LEES SUMMIT              39      20       0.00
KIRKSVILLE               34      17       0.00
CHILLICOTHE              37      18       0.00
SEDALIA                  39      21       0.00
NWS PLEASANT HILL MO     39      20       0.00


THIS PRODUCT...ALONG WITH OTHER WEATHER...HYDROLOGICAL AND CLIMATE
INFORMATION...IS AVAILABLE ON THE WEB AT HTTP://WWW.WEATHER.GOV/EAX
OR AT HTTP://WEATHER.GOV

$$
