000
CDUS43 KEAX 270638
CLIMCI

CLIMATE REPORT
NATIONAL WEATHER SERVICE KANSAS CITY/PLEASANT HILL MO
136 AM CDT THU APR 27 2017


...................................

...THE KANSAS CITY INTERNATIONAL MO CLIMATE SUMMARY FOR APRIL 26 2017...

CLIMATE NORMAL PERIOD 1981 TO 2010
CLIMATE RECORD PERIOD 1888 TO 2017


WEATHER ITEM   OBSERVED TIME   RECORD YEAR NORMAL DEPARTURE LAST
                VALUE   (LST)  VALUE       VALUE  FROM      YEAR
                                                  NORMAL
..................................................................
TEMPERATURE (F)
 YESTERDAY
  MAXIMUM         50    405 PM  92    1989  69    -19       71
  MINIMUM         41    857 AM  34    2008  48     -7       56
                                      1907
  AVERAGE         46                        58    -12       64

PRECIPITATION (IN)
  YESTERDAY        0.01          3.65 2016   0.14  -0.13     3.65
  MONTH TO DATE    4.40                      3.08   1.32     5.68
  SINCE MAR 1      7.21                      5.45   1.76     8.40
  SINCE JAN 1      8.66                      7.98   0.68     9.56

SNOWFALL (IN)
  YESTERDAY        0.0           0.0    MM   0.0    0.0      0.0
  MONTH TO DATE    0.0                       0.6   -0.6      0.0
  SINCE MAR 1      0.4                       2.6   -2.2      0.6
  SINCE JUL 1      4.9                      18.8  -13.9      5.9
  SNOW DEPTH       0

DEGREE DAYS
 HEATING
  YESTERDAY       19                         8     11        1
  MONTH TO DATE  199                       301   -102      204
  SINCE MAR 1    724                       947   -223      647
  SINCE JUL 1   3978                      4992  -1014     4004

 COOLING
  YESTERDAY        0                         1     -1        0
  MONTH TO DATE   27                        20      7       12
  SINCE MAR 1     33                        23     10       14
  SINCE JAN 1     33                        23     10       14
..................................................................


WIND (MPH)
  HIGHEST WIND SPEED    20   HIGHEST WIND DIRECTION    NW (330)
  HIGHEST GUST SPEED    26   HIGHEST GUST DIRECTION    NW (330)
  AVERAGE WIND SPEED    12.1


SKY COVER
  POSSIBLE SUNSHINE  MM
  AVERAGE SKY COVER 1.0


WEATHER CONDITIONS
 THE FOLLOWING WEATHER WAS RECORDED YESTERDAY.
  LIGHT RAIN
  FOG


RELATIVE HUMIDITY (PERCENT)
 HIGHEST   100           300 AM
 LOWEST     65           700 PM
 AVERAGE    83

..........................................................


THE KANSAS CITY INTERNATIONAL MO CLIMATE NORMALS FOR TODAY
                         NORMAL    RECORD    YEAR
 MAXIMUM TEMPERATURE (F)   69        90      1989
                                             1970
 MINIMUM TEMPERATURE (F)   48        32      1988
                                             1967


SUNRISE AND SUNSET
APRIL 27 2017.........SUNRISE   625 AM CDT   SUNSET   809 PM CDT
APRIL 28 2017.........SUNRISE   624 AM CDT   SUNSET   810 PM CDT


-  INDICATES NEGATIVE NUMBERS.
R  INDICATES RECORD WAS SET OR TIED.
MM INDICATES DATA IS MISSING.
T  INDICATES TRACE AMOUNT.


&&

...MISCELLANEOUS CLIMATE DATA FROM YESTERDAY...

LOCATION                HIGH    LOW      PRECIP
ST. JOSEPH               51      41       0.08
DOWNTOWN KANSAS CITY     52      43       0.08
OLATHE NEW CENTURY       50      41       0.09
OLATHE JO CO EXEC        50      41       M
LEES SUMMIT              53      42       0.14
KIRKSVILLE               62      42       0.61
CHILLICOTHE              55      44       0.15
SEDALIA                  64      45       0.83
NWS PLEASANT HILL MO     54      42       0.37


THIS PRODUCT...ALONG WITH OTHER WEATHER...HYDROLOGICAL AND CLIMATE
INFORMATION...IS AVAILABLE ON THE WEB AT HTTP://WWW.WEATHER.GOV/EAX
OR AT HTTP://WEATHER.GOV

$$
