000
CDUS43 KEAX 252223
CLIMCI

CLIMATE REPORT
NATIONAL WEATHER SERVICE KANSAS CITY/PLEASANT HILL MO
422 PM CST SUN JAN 25 2015


...................................

...THE KANSAS CITY INTERNATIONAL MO CLIMATE SUMMARY FOR JANUARY 25 2015...
VALID AS OF 0400 PM LOCAL TIME.

CLIMATE NORMAL PERIOD 1981 TO 2010
CLIMATE RECORD PERIOD 1888 TO 2015


WEATHER ITEM   OBSERVED TIME   RECORD YEAR NORMAL DEPARTURE LAST
                VALUE   (LST)  VALUE       VALUE  FROM      YEAR
                                                  NORMAL
..................................................................
TEMPERATURE (F)
 TODAY
  MAXIMUM         45    431 AM  64    1944  38      7       48
                                      1910
  MINIMUM         36   1031 AM -11    1905  20     16       24
  AVERAGE         41                        29     12       36

PRECIPITATION (IN)
  TODAY            0.03          0.94 1898   0.04  -0.01      T
  MONTH TO DATE    0.21                      0.82  -0.61     0.36
  SINCE DEC 1      2.05                      2.35  -0.30     1.16
  SINCE JAN 1      0.21                      0.82  -0.61     0.36

SNOWFALL (IN)
  TODAY            0.0           6.2  1991   0.2   -0.2      0.0
  MONTH TO DATE    1.6                       3.6   -2.0      5.1
  SINCE DEC 1      4.2                       8.4   -4.2     10.8
  SINCE JUL 1      4.7                       9.8   -5.1     10.8
  SNOW DEPTH       0

DEGREE DAYS
 HEATING
  TODAY           24                        36    -12       29
  MONTH TO DATE  887                       900    -13     1002
  SINCE DEC 1   1830                      1940   -110     2134
  SINCE JUL 1   2951                      2942      9     3199

 COOLING
  TODAY            0                         0      0        0
  MONTH TO DATE    0                         0      0        0
  SINCE DEC 1      0                         0      0        0
  SINCE JAN 1      0                         0      0        0
..................................................................


WIND (MPH)
  HIGHEST WIND SPEED    28   HIGHEST WIND DIRECTION     N (350)
  HIGHEST GUST SPEED    35   HIGHEST GUST DIRECTION     N (360)
  AVERAGE WIND SPEED    17.4


SKY COVER
  POSSIBLE SUNSHINE  MM
  AVERAGE SKY COVER 0.7


WEATHER CONDITIONS
 THE FOLLOWING WEATHER WAS RECORDED TODAY.
  LIGHT RAIN
  FOG


RELATIVE HUMIDITY (PERCENT)
 HIGHEST    92          1000 AM
 LOWEST     76           600 AM
 AVERAGE    84

..........................................................


THE KANSAS CITY INTERNATIONAL MO CLIMATE NORMALS FOR TOMORROW
                         NORMAL    RECORD    YEAR
 MAXIMUM TEMPERATURE (F)   39        67      2006
 MINIMUM TEMPERATURE (F)   20       -10      1940


SUNRISE AND SUNSET
JANUARY 25 2015.......SUNRISE   732 AM CST   SUNSET   531 PM CST
JANUARY 26 2015.......SUNRISE   731 AM CST   SUNSET   532 PM CST


-  INDICATES NEGATIVE NUMBERS.
R  INDICATES RECORD WAS SET OR TIED.
MM INDICATES DATA IS MISSING.
T  INDICATES TRACE AMOUNT.




&&

...MISCELLANEOUS CLIMATE DATA FROM TODAY...

LOCATION                HIGH    LOW      PRECIP
ST. JOSEPH               46      36       0.02
DOWNTOWN KANSAS CITY     48      38       T
OLATHE NEW CENTURY       47      36       0.02
OLATHE JO CO EXEC        47      37       0.04
LEES SUMMIT              47      37       0.01
KIRKSVILLE               46      32       0.20
CHILLICOTHE              46      36       0.11
SEDALIA                  48      37       0.13
NWS PLEASANT HILL MO     45      35       0.01


THIS PRODUCT...ALONG WITH OTHER WEATHER...HYDROLOGICAL AND CLIMATE
INFORMATION...IS AVAILABLE ON THE WEB AT HTTP://WWW.CRH.NOAA.GOV/EAX
OR AT HTTP://WEATHER.GOV

$$
