000
CDUS43 KEAX 170632
CLIMCI

CLIMATE REPORT
NATIONAL WEATHER SERVICE KANSAS CITY/PLEASANT HILL MO
1231 AM CST SAT FEB 17 2018


...................................

...THE KANSAS CITY INTERNATIONAL MO CLIMATE SUMMARY FOR FEBRUARY 16 2018...

CLIMATE NORMAL PERIOD 1981 TO 2010
CLIMATE RECORD PERIOD 1888 TO 2018


WEATHER ITEM   OBSERVED TIME   RECORD YEAR NORMAL DEPARTURE LAST
                VALUE   (LST)  VALUE       VALUE  FROM      YEAR
                                                  NORMAL
..................................................................
TEMPERATURE (F)
 YESTERDAY
  MAXIMUM         37    336 PM  74    1961  44     -7       73
  MINIMUM         22    905 AM  -8    1979  24     -2       33
  AVERAGE         30                        34     -4       53

PRECIPITATION (IN)
  YESTERDAY        T             1.50 1911   0.05  -0.05     0.00
  MONTH TO DATE    0.09                      0.79  -0.70      T
  SINCE DEC 1      1.41                      3.39  -1.98     2.58
  SINCE JAN 1      1.22                      1.86  -0.64     1.39

SNOWFALL (IN)
  YESTERDAY        T             1.4  2007   0.2   -0.2      0.0
  MONTH TO DATE    0.5                       3.4   -2.9      0.0
  SINCE DEC 1      5.4                      12.8   -7.4      4.5
  SINCE JUL 1      5.4                      14.2   -8.8      4.5
  SNOW DEPTH       0

DEGREE DAYS
 HEATING
  YESTERDAY       35                        31      4       12
  MONTH TO DATE  597                       535     62      428
  SINCE DEC 1   2734                      2697     37     2506
  SINCE JUL 1   3614                      3699    -85     3090

 COOLING
  YESTERDAY        0                         0      0        0
  MONTH TO DATE    0                         0      0        0
  SINCE DEC 1      0                         0      0        0
  SINCE JAN 1      0                         0      0        0
..................................................................


WIND (MPH)
  HIGHEST WIND SPEED    26   HIGHEST WIND DIRECTION     N (350)
  HIGHEST GUST SPEED    33   HIGHEST GUST DIRECTION     N (350)
  AVERAGE WIND SPEED     9.5


SKY COVER
  POSSIBLE SUNSHINE  MM
  AVERAGE SKY COVER 0.8


WEATHER CONDITIONS
 THE FOLLOWING WEATHER WAS RECORDED YESTERDAY.
  LIGHT SNOW


RELATIVE HUMIDITY (PERCENT)
 HIGHEST    75           100 AM
 LOWEST     27           300 PM
 AVERAGE    51

..........................................................


THE KANSAS CITY INTERNATIONAL MO CLIMATE NORMALS FOR TODAY
                         NORMAL    RECORD    YEAR
 MAXIMUM TEMPERATURE (F)   44        74      2017
                                             2011
 MINIMUM TEMPERATURE (F)   24        -9      1903


SUNRISE AND SUNSET
FEBRUARY 17 2018......SUNRISE   708 AM CST   SUNSET   558 PM CST
FEBRUARY 18 2018......SUNRISE   707 AM CST   SUNSET   559 PM CST


-  INDICATES NEGATIVE NUMBERS.
R  INDICATES RECORD WAS SET OR TIED.
MM INDICATES DATA IS MISSING.
T  INDICATES TRACE AMOUNT.


&&

...MISCELLANEOUS CLIMATE DATA FROM YESTERDAY...

LOCATION                HIGH    LOW      PRECIP
ST. JOSEPH               35      19       0.00
DOWNTOWN KANSAS CITY     38      25       0.00
OLATHE NEW CENTURY       37      24       T
OLATHE JO CO EXEC        38      23       T
LEES SUMMIT              38      24       T
KIRKSVILLE               35      20       0.00
CHILLICOTHE              37      20       0.00
SEDALIA                  41      28       T
NWS PLEASANT HILL MO     38      25       T


THIS PRODUCT...ALONG WITH OTHER WEATHER...HYDROLOGICAL AND CLIMATE
INFORMATION...IS AVAILABLE ON THE WEB AT HTTP://WWW.WEATHER.GOV/EAX
OR AT HTTP://WEATHER.GOV

$$
