000
CDUS43 KEAX 270643
CLIMCI

CLIMATE REPORT
NATIONAL WEATHER SERVICE KANSAS CITY/PLEASANT HILL MO
1243 AM CST THU NOV 27 2014


...................................

...THE KANSAS CITY INTERNATIONAL MO CLIMATE SUMMARY FOR NOVEMBER 26 2014...

CLIMATE NORMAL PERIOD 1981 TO 2010
CLIMATE RECORD PERIOD 1888 TO 2014


WEATHER ITEM   OBSERVED TIME   RECORD YEAR NORMAL DEPARTURE LAST
                VALUE   (LST)  VALUE       VALUE  FROM      YEAR
                                                  NORMAL
..................................................................
TEMPERATURE (F)
 YESTERDAY
  MAXIMUM         41   1104 AM  78    1990  48     -7       38
  MINIMUM         27   1159 PM   8    1898  29     -2       18
  AVERAGE         34                        38     -4       28

PRECIPITATION (IN)
  YESTERDAY        0.05          1.19 1896   0.06  -0.01     0.00
  MONTH TO DATE    0.68                      1.88  -1.20     1.43
  SINCE SEP 1     12.22                      9.66   2.56    11.01
  SINCE JAN 1     38.21                     37.06   1.15    33.68

SNOWFALL (IN)
  YESTERDAY        T             3.9  1975   0.0    0.0      0.0
  MONTH TO DATE    0.5                       0.8   -0.3       T
  SINCE SEP 1      0.5                       1.0   -0.5       T
  SINCE JUL 1      0.5                       1.0   -0.5       T
  SNOW DEPTH       0

DEGREE DAYS
 HEATING
  YESTERDAY       31                        27      4       37
  MONTH TO DATE  727                       532    195      593
  SINCE SEP 1   1027                       890    137      941
  SINCE JUL 1   1029                       892    137      941

 COOLING
  YESTERDAY        0                         0      0        0
  MONTH TO DATE    0                         0      0        0
  SINCE SEP 1    144                       185    -41      251
  SINCE JAN 1   1263                      1358    -95     1345
..................................................................


WIND (MPH)
  HIGHEST WIND SPEED    26   HIGHEST WIND DIRECTION    NW (330)
  HIGHEST GUST SPEED    34   HIGHEST GUST DIRECTION    NW (320)
  AVERAGE WIND SPEED    15.6


SKY COVER
  POSSIBLE SUNSHINE  MM
  AVERAGE SKY COVER 0.9


WEATHER CONDITIONS
 THE FOLLOWING WEATHER WAS RECORDED YESTERDAY.
  LIGHT RAIN
  LIGHT SNOW


RELATIVE HUMIDITY (PERCENT)
 HIGHEST    92           700 AM
 LOWEST     48          1200 AM
 AVERAGE    70

..........................................................


THE KANSAS CITY INTERNATIONAL MO CLIMATE NORMALS FOR TODAY
                         NORMAL    RECORD    YEAR
 MAXIMUM TEMPERATURE (F)   47        71      1960
 MINIMUM TEMPERATURE (F)   29         9      1896


SUNRISE AND SUNSET
NOVEMBER 27 2014......SUNRISE   716 AM CST   SUNSET   457 PM CST
NOVEMBER 28 2014......SUNRISE   717 AM CST   SUNSET   457 PM CST


-  INDICATES NEGATIVE NUMBERS.
R  INDICATES RECORD WAS SET OR TIED.
MM INDICATES DATA IS MISSING.
T  INDICATES TRACE AMOUNT.



&&

...MISCELLANEOUS CLIMATE DATA FROM YESTERDAY...

LOCATION                HIGH    LOW      PRECIP
ST. JOSEPH               40      26       0.01
DOWNTOWN KANSAS CITY     43      29       0.04
OLATHE NEW CENTURY       44      28       0.07
OLATHE JO CO EXEC        42      28       0.05
LEES SUMMIT              42      28       0.05
KIRKSVILLE               34      27       0.13
CHILLICOTHE              40      29       0.10
SEDALIA                  44      31       0.04
NWS PLEASANT HILL MO     42      27       0.04


THIS PRODUCT...ALONG WITH OTHER WEATHER...HYDROLOGICAL AND CLIMATE
INFORMATION...IS AVAILABLE ON THE WEB AT HTTP://WWW.CRH.NOAA.GOV/EAX
OR AT HTTP://WEATHER.GOV

$$

CUTTER
