000
CDUS43 KEAX 230033
CLIMCI

CLIMATE REPORT
NATIONAL WEATHER SERVICE KANSAS CITY/PLEASANT HILL MO
632 PM CST WED NOV 22 2017


...................................

...THE KANSAS CITY INTERNATIONAL MO CLIMATE SUMMARY FOR NOVEMBER 22 2017...
VALID TODAY AS OF 0600 PM LOCAL TIME.

CLIMATE NORMAL PERIOD 1981 TO 2010
CLIMATE RECORD PERIOD 1888 TO 2017


WEATHER ITEM   OBSERVED TIME   RECORD YEAR NORMAL DEPARTURE LAST
                VALUE   (LST)  VALUE       VALUE  FROM      YEAR
                                                  NORMAL
..................................................................
TEMPERATURE (F)
 TODAY
  MAXIMUM         41    352 PM  76    1966  50     -9       58
  MINIMUM         16    550 AM   7    1898  31    -15       47
  AVERAGE         29                        40    -11       53

PRECIPITATION (IN)
  TODAY            0.00          1.78 1963   0.06  -0.06     0.09
  MONTH TO DATE    0.27                      1.61  -1.34     0.40
  SINCE SEP 1      7.94                      9.39  -1.45     7.92
  SINCE JAN 1     45.83                     36.79   9.04    47.35

SNOWFALL (IN)
  TODAY            0.0           2.5  1991   0.1   -0.1      0.0
  MONTH TO DATE    0.0                       0.6   -0.6      0.0
  SINCE SEP 1      T                         0.8   -0.8      0.0
  SINCE JUL 1      T                         0.8   -0.8      0.0
  SNOW DEPTH       0

DEGREE DAYS
 HEATING
  TODAY           36                        25     11       12
  MONTH TO DATE  492                       428     64      256
  SINCE SEP 1    769                       786    -17      421
  SINCE JUL 1    773                       788    -15      421

 COOLING
  TODAY            0                         0      0        0
  MONTH TO DATE    0                         0      0       13
  SINCE SEP 1    247                       185     62      288
  SINCE JAN 1   1325                      1358    -33     1585
..................................................................


WIND (MPH)
  HIGHEST WIND SPEED    12   HIGHEST WIND DIRECTION     S (190)
  HIGHEST GUST SPEED    15   HIGHEST GUST DIRECTION     S (200)
  AVERAGE WIND SPEED     5.4


SKY COVER
  POSSIBLE SUNSHINE  MM
  AVERAGE SKY COVER 0.3


WEATHER CONDITIONS
 THE FOLLOWING WEATHER WAS RECORDED TODAY.
  NO SIGNIFICANT WEATHER WAS OBSERVED.


RELATIVE HUMIDITY (PERCENT)
 HIGHEST    88           500 AM
 LOWEST     34           200 PM
 AVERAGE    61

..........................................................


THE KANSAS CITY INTERNATIONAL MO CLIMATE NORMALS FOR TOMORROW
                         NORMAL    RECORD    YEAR
 MAXIMUM TEMPERATURE (F)   49        75      1966
 MINIMUM TEMPERATURE (F)   31         6      1898


SUNRISE AND SUNSET
NOVEMBER 22 2017......SUNRISE   711 AM CST   SUNSET   459 PM CST
NOVEMBER 23 2017......SUNRISE   712 AM CST   SUNSET   459 PM CST


-  INDICATES NEGATIVE NUMBERS.
R  INDICATES RECORD WAS SET OR TIED.
MM INDICATES DATA IS MISSING.
T  INDICATES TRACE AMOUNT.


&&

...MISCELLANEOUS CLIMATE DATA FROM TODAY...

LOCATION                HIGH    LOW      PRECIP
ST. JOSEPH               42      14       0.00
DOWNTOWN KANSAS CITY     44      22       0.00
OLATHE NEW CENTURY       42      16       0.00
OLATHE JO CO EXEC        40      18       0.00
LEES SUMMIT              42      20       0.00
KIRKSVILLE               41      15       0.00
CHILLICOTHE              41      16       0.00
SEDALIA                  43      20       0.00
NWS PLEASANT HILL MO     42      19       0.00


THIS PRODUCT...ALONG WITH OTHER WEATHER...HYDROLOGICAL AND CLIMATE
INFORMATION...IS AVAILABLE ON THE WEB AT HTTP://WWW.WEATHER.GOV/EAX
OR AT HTTP://WEATHER.GOV

$$
