000
CDUS43 KEAX 292127
CLIMCI

CLIMATE REPORT
NATIONAL WEATHER SERVICE KANSAS CITY/PLEASANT HILL MO
426 PM CDT WED OCT 29 2014


...................................

...THE KANSAS CITY INTERNATIONAL MO CLIMATE SUMMARY FOR OCTOBER 29 2014...
VALID AS OF 0400 PM LOCAL TIME.

CLIMATE NORMAL PERIOD 1981 TO 2010
CLIMATE RECORD PERIOD 1888 TO 2014


WEATHER ITEM   OBSERVED TIME   RECORD YEAR NORMAL DEPARTURE LAST
                VALUE   (LST)  VALUE       VALUE  FROM      YEAR
                                                  NORMAL
..................................................................
TEMPERATURE (F)
 TODAY
  MAXIMUM         61    241 PM  88    1937  62     -1       64
  MINIMUM         35    453 AM  22    1925  42     -7       50
  AVERAGE         48                        52     -4       57

PRECIPITATION (IN)
  TODAY            0.00          1.58 1896   0.09  -0.09     0.92
  MONTH TO DATE    9.29                      3.00   6.29     3.71
  SINCE SEP 1     11.54                      7.62   3.92     8.55
  SINCE JAN 1     37.53                     35.02   2.51    31.22

SNOWFALL (IN)
  TODAY            0.0           0.8  1917   0.0    0.0      0.0
  MONTH TO DATE    0.0                       0.2   -0.2      0.0
  SINCE SEP 1      0.0                       0.2   -0.2      0.0
  SINCE JUL 1      0.0                       0.2   -0.2      0.0
  SNOW DEPTH       0

DEGREE DAYS
 HEATING
  TODAY           17                        13      4        8
  MONTH TO DATE  202                       264    -62      313
  SINCE SEP 1    267                       329    -62      332
  SINCE JUL 1    269                       331    -62      332

 COOLING
  TODAY            0                         0      0        0
  MONTH TO DATE   14                        24    -10       28
  SINCE SEP 1    144                       183    -39      251
  SINCE JAN 1   1263                      1356    -93     1345
..................................................................


WIND (MPH)
  HIGHEST WIND SPEED    10   HIGHEST WIND DIRECTION    NW (300)
  HIGHEST GUST SPEED    14   HIGHEST GUST DIRECTION    NW (300)
  AVERAGE WIND SPEED     5.2


SKY COVER
  POSSIBLE SUNSHINE  MM
  AVERAGE SKY COVER 0.0


WEATHER CONDITIONS
 THE FOLLOWING WEATHER WAS RECORDED TODAY.
  NO SIGNIFICANT WEATHER WAS OBSERVED.


RELATIVE HUMIDITY (PERCENT)
 HIGHEST    85           700 AM
 LOWEST     39           200 PM
 AVERAGE    62

..........................................................


THE KANSAS CITY INTERNATIONAL MO CLIMATE NORMALS FOR TOMORROW
                         NORMAL    RECORD    YEAR
 MAXIMUM TEMPERATURE (F)   62        91      1950
 MINIMUM TEMPERATURE (F)   42        17      1925


SUNRISE AND SUNSET
OCTOBER 29 2014.......SUNRISE   743 AM CDT   SUNSET   621 PM CDT
OCTOBER 30 2014.......SUNRISE   745 AM CDT   SUNSET   620 PM CDT


-  INDICATES NEGATIVE NUMBERS.
R  INDICATES RECORD WAS SET OR TIED.
MM INDICATES DATA IS MISSING.
T  INDICATES TRACE AMOUNT.




&&

...MISCELLANEOUS CLIMATE DATA FROM TODAY...

LOCATION                HIGH    LOW      PRECIP
ST. JOSEPH               61      29       0.00
DOWNTOWN KANSAS CITY     63      39       0.00
OLATHE NEW CENTURY       61      34       0.00
OLATHE JO CO EXEC        62      40       0.00
LEES SUMMIT              61      37       0.00
KIRKSVILLE               56      35       0.00
CHILLICOTHE              59      34       0.00
SEDALIA                  60      39       0.00
NWS PLEASANT HILL MO     62      36       0.00


THIS PRODUCT...ALONG WITH OTHER WEATHER...HYDROLOGICAL AND CLIMATE
INFORMATION...IS AVAILABLE ON THE WEB AT HTTP://WWW.CRH.NOAA.GOV/EAX
OR AT HTTP://WEATHER.GOV

$$

PM
