000
CDUS43 KEAX 300634
CLIMCI

CLIMATE REPORT
NATIONAL WEATHER SERVICE KANSAS CITY/PLEASANT HILL MO
133 AM CDT SUN AUG 30 2015


...................................

...THE KANSAS CITY INTERNATIONAL MO CLIMATE SUMMARY FOR AUGUST 29 2015...

CLIMATE NORMAL PERIOD 1981 TO 2010
CLIMATE RECORD PERIOD 1888 TO 2015


WEATHER ITEM   OBSERVED TIME   RECORD YEAR NORMAL DEPARTURE LAST
                VALUE   (LST)  VALUE       VALUE  FROM      YEAR
                                                  NORMAL
..................................................................
TEMPERATURE (F)
 YESTERDAY
  MAXIMUM         78    156 PM 109    1984  85     -7       83
  MINIMUM         65   1159 PM  49    1946  64      1       68
                                      1893
  AVERAGE         72                        75     -3       76

PRECIPITATION (IN)
  YESTERDAY        0.00          1.52 2014   0.13  -0.13     1.52
  MONTH TO DATE    0.98                      3.61  -2.63     6.28
  SINCE JUN 1     15.31                     13.29   2.02    16.23
  SINCE JAN 1     31.91                     27.12   4.79    24.85

SNOWFALL (IN)
  YESTERDAY        0.0           0.0    MM   0.0    0.0      0.0
  MONTH TO DATE    0.0                       0.0    0.0      0.0
  SINCE JUN 1      0.0                       0.0    0.0      0.0
  SINCE JUL 1      0.0                       0.0    0.0      0.0
  SNOW DEPTH       0

DEGREE DAYS
 HEATING
  YESTERDAY        0                         0      0        0
  MONTH TO DATE    1                         0      1        0
  SINCE JUN 1      6                         9     -3        3
  SINCE JUL 1      3                         0      3        2

 COOLING
  YESTERDAY        7                        10     -3       11
  MONTH TO DATE  281                       356    -75      369
  SINCE JUN 1    984                      1036    -52      932
  SINCE JAN 1   1052                      1152   -100     1093
..................................................................


WIND (MPH)
  HIGHEST WIND SPEED    10   HIGHEST WIND DIRECTION     N (10)
  HIGHEST GUST SPEED    13   HIGHEST GUST DIRECTION     N (350)
  AVERAGE WIND SPEED     6.2


SKY COVER
  POSSIBLE SUNSHINE  MM
  AVERAGE SKY COVER 0.9


WEATHER CONDITIONS
 THE FOLLOWING WEATHER WAS RECORDED YESTERDAY.
  FOG


RELATIVE HUMIDITY (PERCENT)
 HIGHEST   100          1100 PM
 LOWEST     67           200 PM
 AVERAGE    84

..........................................................


THE KANSAS CITY INTERNATIONAL MO CLIMATE NORMALS FOR TODAY
                         NORMAL    RECORD    YEAR
 MAXIMUM TEMPERATURE (F)   85       106      1947
 MINIMUM TEMPERATURE (F)   64        47      1915


SUNRISE AND SUNSET
AUGUST 30 2015........SUNRISE   645 AM CDT   SUNSET   753 PM CDT
AUGUST 31 2015........SUNRISE   646 AM CDT   SUNSET   751 PM CDT


-  INDICATES NEGATIVE NUMBERS.
R  INDICATES RECORD WAS SET OR TIED.
MM INDICATES DATA IS MISSING.
T  INDICATES TRACE AMOUNT.


&&

...MISCELLANEOUS CLIMATE DATA FROM YESTERDAY...

LOCATION                HIGH    LOW      PRECIP
ST. JOSEPH               76      61       0.00
DOWNTOWN KANSAS CITY     81      70       0.00
OLATHE NEW CENTURY       77      66       0.00
OLATHE JO CO EXEC        76      67       0.00
LEES SUMMIT              79      68       0.00
KIRKSVILLE               79      65       0.00
CHILLICOTHE              84      67       0.00
SEDALIA                  81      66       0.00
NWS PLEASANT HILL MO     78      68       T


THIS PRODUCT...ALONG WITH OTHER WEATHER...HYDROLOGICAL AND CLIMATE
INFORMATION...IS AVAILABLE ON THE WEB AT HTTP://WWW.WEATHER.GOV/EAX
OR AT HTTP://WEATHER.GOV

$$
