000
CDUS43 KEAX 280634
CLIMCI

CLIMATE REPORT
NATIONAL WEATHER SERVICE KANSAS CITY/PLEASANT HILL MO
133 AM CDT SAT MAR 28 2015


...................................

...THE KANSAS CITY INTERNATIONAL MO CLIMATE SUMMARY FOR MARCH 27 2015...

CLIMATE NORMAL PERIOD 1981 TO 2010
CLIMATE RECORD PERIOD 1888 TO 2015


WEATHER ITEM   OBSERVED TIME   RECORD YEAR NORMAL DEPARTURE LAST
                VALUE   (LST)  VALUE       VALUE  FROM      YEAR
                                                  NORMAL
..................................................................
TEMPERATURE (F)
 YESTERDAY
  MAXIMUM         44    320 PM  84    1895  59    -15       68
  MINIMUM         29    646 AM  17    1913  37     -8       37
  AVERAGE         37                        48    -11       53

PRECIPITATION (IN)
  YESTERDAY        T             0.72 2004   0.09  -0.09     0.08
                                      1893
  MONTH TO DATE    0.88                      1.99  -1.11     1.61
  SINCE MAR 1      0.88                      1.99  -1.11     1.61
  SINCE JAN 1      3.06                      4.52  -1.46     3.36

SNOWFALL (IN)
  YESTERDAY        0.0           4.6  1893   0.0    0.0      0.0
  MONTH TO DATE    T                         1.8   -1.8      3.5
  SINCE MAR 1      T                         1.8   -1.8      3.5
  SINCE JUL 1     14.2                      18.0   -3.8     26.1
  SNOW DEPTH       0

DEGREE DAYS
 HEATING
  YESTERDAY       28                        17     11       12
  MONTH TO DATE  517                       582    -65      706
  SINCE MAR 1    517                       582    -65      706
  SINCE JUL 1   4731                      4627    104     5272

 COOLING
  YESTERDAY        0                         0      0        0
  MONTH TO DATE    2                         0      2        0
  SINCE MAR 1      2                         0      2        0
  SINCE JAN 1      2                         0      2        0
..................................................................


WIND (MPH)
  HIGHEST WIND SPEED    15   HIGHEST WIND DIRECTION     N (350)
  HIGHEST GUST SPEED    20   HIGHEST GUST DIRECTION     N (360)
  AVERAGE WIND SPEED     8.7


SKY COVER
  POSSIBLE SUNSHINE  MM
  AVERAGE SKY COVER 0.8


WEATHER CONDITIONS
 THE FOLLOWING WEATHER WAS RECORDED YESTERDAY.
  NO SIGNIFICANT WEATHER WAS OBSERVED.


RELATIVE HUMIDITY (PERCENT)
 HIGHEST    92           100 AM
 LOWEST     36           500 PM
 AVERAGE    64

..........................................................


THE KANSAS CITY INTERNATIONAL MO CLIMATE NORMALS FOR TODAY
                         NORMAL    RECORD    YEAR
 MAXIMUM TEMPERATURE (F)   60        88      1895
 MINIMUM TEMPERATURE (F)   37        18      1921


SUNRISE AND SUNSET
MARCH 28 2015.........SUNRISE   710 AM CDT   SUNSET   739 PM CDT
MARCH 29 2015.........SUNRISE   708 AM CDT   SUNSET   740 PM CDT


-  INDICATES NEGATIVE NUMBERS.
R  INDICATES RECORD WAS SET OR TIED.
MM INDICATES DATA IS MISSING.
T  INDICATES TRACE AMOUNT.



&&

...MISCELLANEOUS CLIMATE DATA FROM YESTERDAY...

LOCATION                HIGH    LOW      PRECIP
ST. JOSEPH               43      27       0.00
DOWNTOWN KANSAS CITY     47      33       0.00
OLATHE NEW CENTURY       45      31       0.01
OLATHE JO CO EXEC        45      33       0.02
LEES SUMMIT              45      32       0.00
KIRKSVILLE               43      29       0.00
CHILLICOTHE              45      29       0.00
SEDALIA                  46      34       0.01
NWS PLEASANT HILL MO     44      31       0.01


THIS PRODUCT...ALONG WITH OTHER WEATHER...HYDROLOGICAL AND CLIMATE
INFORMATION...IS AVAILABLE ON THE WEB AT HTTP://WWW.CRH.NOAA.GOV/EAX
OR AT HTTP://WEATHER.GOV

$$
