000
CDUS43 KEAX 280642
CLIMCI

CLIMATE REPORT
NATIONAL WEATHER SERVICE KANSAS CITY/PLEASANT HILL MO
140 AM CDT THU APR 28 2016


...................................

...THE KANSAS CITY INTERNATIONAL MO CLIMATE SUMMARY FOR APRIL 27 2016...

CLIMATE NORMAL PERIOD 1981 TO 2010
CLIMATE RECORD PERIOD 1888 TO 2016


WEATHER ITEM   OBSERVED TIME   RECORD YEAR NORMAL DEPARTURE LAST
                VALUE   (LST)  VALUE       VALUE  FROM      YEAR
                                                  NORMAL
..................................................................
TEMPERATURE (F)
 YESTERDAY
  MAXIMUM         71    123 PM  90    1989  69      2       66
                                      1970
  MINIMUM         49   1159 PM  32    1988  48      1       41
                                      1967
  AVERAGE         60                        59      1       54

PRECIPITATION (IN)
  YESTERDAY        0.67          2.64 1917   0.15   0.52     0.00
  MONTH TO DATE    6.35                      3.23   3.12     3.29
  SINCE MAR 1      9.07                      5.60   3.47     4.17
  SINCE JAN 1     10.23                      8.13   2.10     6.35

SNOWFALL (IN)
  YESTERDAY        0.0           0.0    MM   0.0    0.0      0.0
  MONTH TO DATE    0.0                       0.6   -0.6      0.0
  SINCE MAR 1      0.6                       2.6   -2.0       T
  SINCE JUL 1      5.9                      18.8  -12.9     14.2
  SNOW DEPTH       0

DEGREE DAYS
 HEATING
  YESTERDAY        5                         7     -2       11
  MONTH TO DATE  209                       308    -99      225
  SINCE MAR 1    652                       954   -302      787
  SINCE JUL 1   4009                      4999   -990     5001

 COOLING
  YESTERDAY        0                         1     -1        0
  MONTH TO DATE   12                        21     -9        7
  SINCE MAR 1     14                        24    -10        9
  SINCE JAN 1     14                        24    -10        9
..................................................................


WIND (MPH)
  HIGHEST WIND SPEED    29   HIGHEST WIND DIRECTION     W (260)
  HIGHEST GUST SPEED    37   HIGHEST GUST DIRECTION     W (260)
  AVERAGE WIND SPEED    11.4


SKY COVER
  POSSIBLE SUNSHINE  MM
  AVERAGE SKY COVER 0.7


WEATHER CONDITIONS
 THE FOLLOWING WEATHER WAS RECORDED YESTERDAY.
  THUNDERSTORM
  HEAVY RAIN
  RAIN
  LIGHT RAIN
  FOG
  HAZE


RELATIVE HUMIDITY (PERCENT)
 HIGHEST    93           300 AM
 LOWEST     57           200 PM
 AVERAGE    75

..........................................................


THE KANSAS CITY INTERNATIONAL MO CLIMATE NORMALS FOR TODAY
                         NORMAL    RECORD    YEAR
 MAXIMUM TEMPERATURE (F)   70        91      1970
 MINIMUM TEMPERATURE (F)   49        33      1965


SUNRISE AND SUNSET
APRIL 28 2016.........SUNRISE   623 AM CDT   SUNSET   810 PM CDT
APRIL 29 2016.........SUNRISE   622 AM CDT   SUNSET   811 PM CDT


-  INDICATES NEGATIVE NUMBERS.
R  INDICATES RECORD WAS SET OR TIED.
MM INDICATES DATA IS MISSING.
T  INDICATES TRACE AMOUNT.


&&

...MISCELLANEOUS CLIMATE DATA FROM YESTERDAY...

LOCATION                HIGH    LOW      PRECIP
ST. JOSEPH               69      49       1.10
DOWNTOWN KANSAS CITY     74      53       0.43
OLATHE NEW CENTURY       71      50       0.51
OLATHE JO CO EXEC        72      51       0.56
LEES SUMMIT              71      53       0.54
KIRKSVILLE               69      48       0.20
CHILLICOTHE              73      46       0.65
SEDALIA                  76      53       0.28
NWS PLEASANT HILL MO     72      52       0.76


THIS PRODUCT...ALONG WITH OTHER WEATHER...HYDROLOGICAL AND CLIMATE
INFORMATION...IS AVAILABLE ON THE WEB AT HTTP://WWW.WEATHER.GOV/EAX
OR AT HTTP://WEATHER.GOV

$$

MJ
