000
CDUS43 KEAX 290638
CLIMCI

CLIMATE REPORT
NATIONAL WEATHER SERVICE KANSAS CITY/PLEASANT HILL MO
134 AM CDT MON SEP 29 2014


...................................

...THE KANSAS CITY INTERNATIONAL MO CLIMATE SUMMARY FOR SEPTEMBER 28 2014...

CLIMATE NORMAL PERIOD 1981 TO 2010
CLIMATE RECORD PERIOD 1888 TO 2014


WEATHER ITEM   OBSERVED TIME   RECORD YEAR NORMAL DEPARTURE LAST
                VALUE   (LST)  VALUE       VALUE  FROM      YEAR
                                                  NORMAL
..................................................................
TEMPERATURE (F)
 YESTERDAY
  MAXIMUM         83    405 PM 103    1953  74      9       73
  MINIMUM         57    634 AM  34    1942  52      5       54
  AVERAGE         70                        63      7       64

PRECIPITATION (IN)
  YESTERDAY        0.00          2.34 1988   0.14  -0.14     0.40
  MONTH TO DATE    2.19                      4.35  -2.16     4.84
  SINCE SEP 1      2.19                      4.35  -2.16     4.84
  SINCE JAN 1     28.18                     31.75  -3.57    27.51

SNOWFALL (IN)
  YESTERDAY        0.0           0.0    MM   0.0    0.0      0.0
  MONTH TO DATE    0.0                       0.0    0.0      0.0
  SINCE SEP 1      0.0                       0.0    0.0      0.0
  SINCE JUL 1      0.0                       0.0    0.0      0.0
  SNOW DEPTH       0

DEGREE DAYS
 HEATING
  YESTERDAY        0                         5     -5        1
  MONTH TO DATE   65                        54     11       11
  SINCE SEP 1     65                        54     11       11
  SINCE JUL 1     67                        56     11       11

 COOLING
  YESTERDAY        5                         3      2        0
  MONTH TO DATE  116                       155    -39      223
  SINCE SEP 1    116                       155    -39      223
  SINCE JAN 1   1235                      1328    -93     1317
..................................................................


WIND (MPH)
  HIGHEST WIND SPEED    10   HIGHEST WIND DIRECTION    SW (210)
  HIGHEST GUST SPEED    13   HIGHEST GUST DIRECTION    SW (220)
  AVERAGE WIND SPEED     3.2


SKY COVER
  POSSIBLE SUNSHINE  MM
  AVERAGE SKY COVER 0.2


WEATHER CONDITIONS
 THE FOLLOWING WEATHER WAS RECORDED YESTERDAY.
  FOG
  HAZE


RELATIVE HUMIDITY (PERCENT)
 HIGHEST    90           300 AM
 LOWEST     43           200 PM
 AVERAGE    67

..........................................................


THE KANSAS CITY INTERNATIONAL MO CLIMATE NORMALS FOR TODAY
                         NORMAL    RECORD    YEAR
 MAXIMUM TEMPERATURE (F)   73        96      1953
 MINIMUM TEMPERATURE (F)   52        33      1984


SUNRISE AND SUNSET
SEPTEMBER 29 2014.....SUNRISE   713 AM CDT   SUNSET   705 PM CDT
SEPTEMBER 30 2014.....SUNRISE   714 AM CDT   SUNSET   703 PM CDT


-  INDICATES NEGATIVE NUMBERS.
R  INDICATES RECORD WAS SET OR TIED.
MM INDICATES DATA IS MISSING.
T  INDICATES TRACE AMOUNT.




&&

...MISCELLANEOUS CLIMATE DATA FROM YESTERDAY...

LOCATION                HIGH    LOW      PRECIP
ST. JOSEPH               85      51       0.00
DOWNTOWN KANSAS CITY     86      61       0.00
OLATHE NEW CENTURY       83      57       0.00
OLATHE JO CO EXEC        83      59       0.00
LEES SUMMIT              84      59       0.00
KIRKSVILLE               84      56       0.00
CHILLICOTHE              85      56       0.00
SEDALIA                  87      57       0.00
NWS PLEASANT HILL MO     84      57       0.00


THIS PRODUCT...ALONG WITH OTHER WEATHER...HYDROLOGICAL AND CLIMATE
INFORMATION...IS AVAILABLE ON THE WEB AT HTTP://WWW.CRH.NOAA.GOV/EAX
OR AT HTTP://WEATHER.GOV

$$

MJ
