000
CDUS43 KEAX 220636
CLIMCI

CLIMATE REPORT
NATIONAL WEATHER SERVICE KANSAS CITY/PLEASANT HILL MO
135 AM CDT WED OCT 22 2014


...................................

...THE KANSAS CITY INTERNATIONAL MO CLIMATE SUMMARY FOR OCTOBER 21 2014...

CLIMATE NORMAL PERIOD 1981 TO 2010
CLIMATE RECORD PERIOD 1888 TO 2014


WEATHER ITEM   OBSERVED TIME   RECORD YEAR NORMAL DEPARTURE LAST
                VALUE   (LST)  VALUE       VALUE  FROM      YEAR
                                                  NORMAL
..................................................................
TEMPERATURE (F)
 YESTERDAY
  MAXIMUM         72    313 PM  89    1978  65      7       55
                                      1940
  MINIMUM         42    341 AM  24    1987  44     -2       37
  AVERAGE         57                        55      2       46

PRECIPITATION (IN)
  YESTERDAY        0.00          4.54 1908   0.10  -0.10     0.00
  MONTH TO DATE    8.97                      2.28   6.69     2.79
  SINCE SEP 1     11.22                      6.90   4.32     7.63
  SINCE JAN 1     37.21                     34.30   2.91    30.30

SNOWFALL (IN)
  YESTERDAY        0.0           0.0    MM   0.0    0.0      0.0
  MONTH TO DATE    0.0                       0.1   -0.1      0.0
  SINCE SEP 1      0.0                       0.1   -0.1      0.0
  SINCE JUL 1      0.0                       0.1   -0.1      0.0
  SNOW DEPTH       0

DEGREE DAYS
 HEATING
  YESTERDAY        8                        11     -3       19
  MONTH TO DATE  168                       167      1      169
  SINCE SEP 1    233                       232      1      188
  SINCE JUL 1    235                       234      1      188

 COOLING
  YESTERDAY        0                         0      0        0
  MONTH TO DATE    7                        24    -17       28
  SINCE SEP 1    137                       183    -46      251
  SINCE JAN 1   1256                      1356   -100     1345
..................................................................


WIND (MPH)
  HIGHEST WIND SPEED    16   HIGHEST WIND DIRECTION    SE (120)
  HIGHEST GUST SPEED    22   HIGHEST GUST DIRECTION     E (110)
  AVERAGE WIND SPEED     5.4


SKY COVER
  POSSIBLE SUNSHINE  MM
  AVERAGE SKY COVER 0.0


WEATHER CONDITIONS
 THE FOLLOWING WEATHER WAS RECORDED YESTERDAY.
  FOG


RELATIVE HUMIDITY (PERCENT)
 HIGHEST    93           400 AM
 LOWEST     35           200 PM
 AVERAGE    64

..........................................................


THE KANSAS CITY INTERNATIONAL MO CLIMATE NORMALS FOR TODAY
                         NORMAL    RECORD    YEAR
 MAXIMUM TEMPERATURE (F)   65        87      1963
 MINIMUM TEMPERATURE (F)   44        28      1982


SUNRISE AND SUNSET
OCTOBER 22 2014.......SUNRISE   736 AM CDT   SUNSET   630 PM CDT
OCTOBER 23 2014.......SUNRISE   737 AM CDT   SUNSET   629 PM CDT


-  INDICATES NEGATIVE NUMBERS.
R  INDICATES RECORD WAS SET OR TIED.
MM INDICATES DATA IS MISSING.
T  INDICATES TRACE AMOUNT.




&&

...MISCELLANEOUS CLIMATE DATA FROM YESTERDAY...

LOCATION                HIGH    LOW      PRECIP
ST. JOSEPH               75      33       0.00
DOWNTOWN KANSAS CITY     76      45       0.00
OLATHE NEW CENTURY       74      43       0.00
OLATHE JO CO EXEC        74      45       0.00
LEES SUMMIT              73      45       0.00
KIRKSVILLE               66      39       0.00
CHILLICOTHE              74      40       0.00
SEDALIA                  75      46       0.00
NWS PLEASANT HILL MO     73      45       0.00


THIS PRODUCT...ALONG WITH OTHER WEATHER...HYDROLOGICAL AND CLIMATE
INFORMATION...IS AVAILABLE ON THE WEB AT HTTP://WWW.CRH.NOAA.GOV/EAX
OR AT HTTP://WEATHER.GOV

$$
