000
CDUS43 KEAX 142224
CLIMCI

CLIMATE REPORT
NATIONAL WEATHER SERVICE KANSAS CITY/PLEASANT HILL MO
423 PM CST TUE NOV 14 2017


...................................

...THE KANSAS CITY INTERNATIONAL MO CLIMATE SUMMARY FOR NOVEMBER 14 2017...
VALID AS OF 0400 PM LOCAL TIME.

CLIMATE NORMAL PERIOD 1981 TO 2010
CLIMATE RECORD PERIOD 1888 TO 2017


WEATHER ITEM   OBSERVED TIME   RECORD YEAR NORMAL DEPARTURE LAST
                VALUE   (LST)  VALUE       VALUE  FROM      YEAR
                                                  NORMAL
..................................................................
TEMPERATURE (F)
 TODAY
  MAXIMUM         55    259 PM  81    1964  54      1       67
  MINIMUM         48   1210 AM  10    1940  35     13       41
  AVERAGE         52                        44      8       54

PRECIPITATION (IN)
  TODAY            T             2.80 1931   0.08  -0.08     0.00
  MONTH TO DATE    0.17                      1.09  -0.92     0.31
  SINCE SEP 1      7.84                      8.87  -1.03     7.83
  SINCE JAN 1     45.73                     36.27   9.46    47.26

SNOWFALL (IN)
  TODAY            0.0           0.6  1969   0.1   -0.1      0.0
  MONTH TO DATE    0.0                       0.3   -0.3      0.0
  SINCE SEP 1      T                         0.5   -0.5      0.0
  SINCE JUL 1      T                         0.5   -0.5      0.0
  SNOW DEPTH       0

DEGREE DAYS
 HEATING
  TODAY           13                        21     -8       11
  MONTH TO DATE  322                       244     78      137
  SINCE SEP 1    599                       602     -3      302
  SINCE JUL 1    603                       604     -1      302

 COOLING
  TODAY            0                         0      0        0
  MONTH TO DATE    0                         0      0        7
  SINCE SEP 1    247                       185     62      282
  SINCE JAN 1   1325                      1358    -33     1579
..................................................................


WIND (MPH)
  HIGHEST WIND SPEED    17   HIGHEST WIND DIRECTION     S (190)
  HIGHEST GUST SPEED    21   HIGHEST GUST DIRECTION     S (190)
  AVERAGE WIND SPEED    10.0


SKY COVER
  POSSIBLE SUNSHINE  MM
  AVERAGE SKY COVER 1.0


WEATHER CONDITIONS
 THE FOLLOWING WEATHER WAS RECORDED TODAY.
  LIGHT RAIN
  FOG


RELATIVE HUMIDITY (PERCENT)
 HIGHEST   100           700 AM
 LOWEST     86          1200 AM
 AVERAGE    93

..........................................................


THE KANSAS CITY INTERNATIONAL MO CLIMATE NORMALS FOR TOMORROW
                         NORMAL    RECORD    YEAR
 MAXIMUM TEMPERATURE (F)   54        79      1950
 MINIMUM TEMPERATURE (F)   34         8      1940


SUNRISE AND SUNSET
NOVEMBER 14 2017......SUNRISE   702 AM CST   SUNSET   505 PM CST
NOVEMBER 15 2017......SUNRISE   703 AM CST   SUNSET   504 PM CST


-  INDICATES NEGATIVE NUMBERS.
R  INDICATES RECORD WAS SET OR TIED.
MM INDICATES DATA IS MISSING.
T  INDICATES TRACE AMOUNT.


&&

...MISCELLANEOUS CLIMATE DATA FROM TODAY...

LOCATION                HIGH    LOW      PRECIP
ST. JOSEPH               56      47       0.00
DOWNTOWN KANSAS CITY     56      50       T
OLATHE NEW CENTURY       54      50       T
OLATHE JO CO EXEC        53      49       T
LEES SUMMIT              53      49       0.01
KIRKSVILLE               50      44       0.00
CHILLICOTHE              53      46       0.00
SEDALIA                  53      48       0.01
NWS PLEASANT HILL MO     53      49       0.03


THIS PRODUCT...ALONG WITH OTHER WEATHER...HYDROLOGICAL AND CLIMATE
INFORMATION...IS AVAILABLE ON THE WEB AT HTTP://WWW.WEATHER.GOV/EAX
OR AT HTTP://WEATHER.GOV

$$
