000
CDUS43 KEAX 050633
CLIMCI

CLIMATE REPORT
NATIONAL WEATHER SERVICE KANSAS CITY/PLEASANT HILL MO
132 AM CDT SUN JUL 5 2015


...................................

...THE KANSAS CITY INTERNATIONAL MO CLIMATE SUMMARY FOR JULY 4 2015...

CLIMATE NORMAL PERIOD 1981 TO 2010
CLIMATE RECORD PERIOD 1888 TO 2015


WEATHER ITEM   OBSERVED TIME   RECORD YEAR NORMAL DEPARTURE LAST
                VALUE   (LST)  VALUE       VALUE  FROM      YEAR
                                                  NORMAL
..................................................................
TEMPERATURE (F)
 YESTERDAY
  MAXIMUM         81    518 PM 108    1936  88     -7       82
  MINIMUM         59    510 AM  54    1997  68     -9       59
  AVERAGE         70                        78     -8       71

PRECIPITATION (IN)
  YESTERDAY        0.00          3.63 1984   0.15  -0.15     0.00
  MONTH TO DATE    0.57                      0.64  -0.07     0.00
  SINCE JUN 1      8.15                      5.87   2.28     6.91
  SINCE JAN 1     24.75                     19.70   5.05    15.53

SNOWFALL (IN)
  YESTERDAY        0.0           0.0    MM   0.0    0.0      0.0
  MONTH TO DATE    0.0                       0.0    0.0      0.0
  SINCE JUN 1      0.0                       0.0    0.0      0.0
  SINCE JUL 1      0.0                       0.0    0.0      0.0
  SNOW DEPTH       0

DEGREE DAYS
 HEATING
  YESTERDAY        0                         0      0        0
  MONTH TO DATE    0                         0      0        1
  SINCE JUN 1      3                         9     -6        2
  SINCE JUL 1      0                         0      0        1

 COOLING
  YESTERDAY        5                        13     -8        6
  MONTH TO DATE   30                        50    -20       17
  SINCE JUN 1    335                       316     19      294
  SINCE JAN 1    403                       432    -29      455
..................................................................


WIND (MPH)
  HIGHEST WIND SPEED    10   HIGHEST WIND DIRECTION     S (160)
  HIGHEST GUST SPEED    13   HIGHEST GUST DIRECTION     S (160)
  AVERAGE WIND SPEED     5.3


SKY COVER
  POSSIBLE SUNSHINE  MM
  AVERAGE SKY COVER 0.4


WEATHER CONDITIONS
 THE FOLLOWING WEATHER WAS RECORDED YESTERDAY.
  FOG
  HAZE


RELATIVE HUMIDITY (PERCENT)
 HIGHEST    93           500 AM
 LOWEST     51           300 PM
 AVERAGE    72

..........................................................


THE KANSAS CITY INTERNATIONAL MO CLIMATE NORMALS FOR TODAY
                         NORMAL    RECORD    YEAR
 MAXIMUM TEMPERATURE (F)   88       104      1934
                                             1911
 MINIMUM TEMPERATURE (F)   68        51      1997


SUNRISE AND SUNSET
JULY  5 2015..........SUNRISE   558 AM CDT   SUNSET   849 PM CDT
JULY  6 2015..........SUNRISE   558 AM CDT   SUNSET   848 PM CDT


-  INDICATES NEGATIVE NUMBERS.
R  INDICATES RECORD WAS SET OR TIED.
MM INDICATES DATA IS MISSING.
T  INDICATES TRACE AMOUNT.



&&

...MISCELLANEOUS CLIMATE DATA FROM YESTERDAY...

LOCATION                HIGH    LOW      PRECIP
ST. JOSEPH               83      57       0.00
DOWNTOWN KANSAS CITY     84      63       0.00
OLATHE NEW CENTURY       83      61       0.00
OLATHE JO CO EXEC        81      61       0.00
LEES SUMMIT              81      59       0.00
KIRKSVILLE               82      55       0.010
CHILLICOTHE              83      59       0.00
SEDALIA                  84      61       0.00
NWS PLEASANT HILL MO     82      61       0.00


THIS PRODUCT...ALONG WITH OTHER WEATHER...HYDROLOGICAL AND CLIMATE
INFORMATION...IS AVAILABLE ON THE WEB AT HTTP://WWW.CRH.NOAA.GOV/EAX
OR AT HTTP://WEATHER.GOV

$$
