000
CDUS43 KEAX 030638
CLIMCI

CLIMATE REPORT
NATIONAL WEATHER SERVICE KANSAS CITY/PLEASANT HILL MO
136 AM CDT TUE MAY 3 2016


...................................

...THE KANSAS CITY INTERNATIONAL MO CLIMATE SUMMARY FOR MAY 2 2016...

CLIMATE NORMAL PERIOD 1981 TO 2010
CLIMATE RECORD PERIOD 1888 TO 2016


WEATHER ITEM   OBSERVED TIME   RECORD YEAR NORMAL DEPARTURE LAST
                VALUE   (LST)  VALUE       VALUE  FROM      YEAR
                                                  NORMAL
..................................................................
TEMPERATURE (F)
 YESTERDAY
  MAXIMUM         57    557 PM  91    1968  71    -14       75
  MINIMUM         46   1136 PM  31    2005  50     -4       54
  AVERAGE         52                        60     -8       65

PRECIPITATION (IN)
  YESTERDAY        0.01          2.56 1910   0.17  -0.16     0.03
  MONTH TO DATE    0.01                      0.33  -0.32     0.03
  SINCE MAR 1      9.88                      6.40   3.48     4.20
  SINCE JAN 1     11.04                      8.93   2.11     6.38

SNOWFALL (IN)
  YESTERDAY        0.0           0.5  2013   0.0    0.0      0.0
  MONTH TO DATE    0.0                       0.0    0.0      0.0
  SINCE MAR 1      0.6                       2.6   -2.0       T
  SINCE JUL 1      5.9                      18.8  -12.9     14.2
  SNOW DEPTH       0

DEGREE DAYS
 HEATING
  YESTERDAY       13                         6      7        0
  MONTH TO DATE   23                        12     11        5
  SINCE MAR 1    708                       987   -279      811
  SINCE JUL 1   4065                      5032   -967     5025

 COOLING
  YESTERDAY        0                         1     -1        0
  MONTH TO DATE    0                         2     -2        0
  SINCE MAR 1     14                        30    -16        9
  SINCE JAN 1     14                        30    -16        9
..................................................................


WIND (MPH)
  HIGHEST WIND SPEED    10   HIGHEST WIND DIRECTION     N (350)
  HIGHEST GUST SPEED    13   HIGHEST GUST DIRECTION     N (350)
  AVERAGE WIND SPEED     5.3


SKY COVER
  POSSIBLE SUNSHINE  MM
  AVERAGE SKY COVER 0.8


WEATHER CONDITIONS
 THE FOLLOWING WEATHER WAS RECORDED YESTERDAY.
  LIGHT RAIN
  FOG


RELATIVE HUMIDITY (PERCENT)
 HIGHEST    86          1200 AM
 LOWEST     71          1100 AM
 AVERAGE    79

..........................................................


THE KANSAS CITY INTERNATIONAL MO CLIMATE NORMALS FOR TODAY
                         NORMAL    RECORD    YEAR
 MAXIMUM TEMPERATURE (F)   71        90      1895
 MINIMUM TEMPERATURE (F)   50        30      1976


SUNRISE AND SUNSET
MAY  3 2016...........SUNRISE   617 AM CDT   SUNSET   815 PM CDT
MAY  4 2016...........SUNRISE   616 AM CDT   SUNSET   816 PM CDT


-  INDICATES NEGATIVE NUMBERS.
R  INDICATES RECORD WAS SET OR TIED.
MM INDICATES DATA IS MISSING.
T  INDICATES TRACE AMOUNT.


&&

...MISCELLANEOUS CLIMATE DATA FROM YESTERDAY...

LOCATION                HIGH    LOW      PRECIP
ST. JOSEPH               61      46       0.00
DOWNTOWN KANSAS CITY     57      48       T
OLATHE NEW CENTURY       56      47       0.01
OLATHE JO CO EXEC        55      45       T
LEES SUMMIT              55      46       T
KIRKSVILLE               57      40       T
CHILLICOTHE              63      42       0.00
SEDALIA                  55      47       T
NWS PLEASANT HILL MO     54      45       T


THIS PRODUCT...ALONG WITH OTHER WEATHER...HYDROLOGICAL AND CLIMATE
INFORMATION...IS AVAILABLE ON THE WEB AT HTTP://WWW.WEATHER.GOV/EAX
OR AT HTTP://WEATHER.GOV

$$
