000
CDUS43 KEAX 200036
CLIMCI

CLIMATE REPORT
NATIONAL WEATHER SERVICE KANSAS CITY/PLEASANT HILL MO
734 PM CDT FRI SEP 19 2014


...................................

...THE KANSAS CITY INTERNATIONAL MO CLIMATE SUMMARY FOR SEPTEMBER 19 2014...
VALID TODAY AS OF 0700 PM LOCAL TIME.

CLIMATE NORMAL PERIOD 1981 TO 2010
CLIMATE RECORD PERIOD 1888 TO 2014


WEATHER ITEM   OBSERVED TIME   RECORD YEAR NORMAL DEPARTURE LAST
                VALUE   (LST)  VALUE       VALUE  FROM      YEAR
                                                  NORMAL
..................................................................
TEMPERATURE (F)
 TODAY
  MAXIMUM         78    500 PM  95    1954  78      0       93
                                      1931
  MINIMUM         59   1236 AM  33    1991  56      3       66
  AVERAGE         69                        67      2       80

PRECIPITATION (IN)
  TODAY            0.00          2.58 2013   0.16  -0.16     2.58
  MONTH TO DATE    2.15                      2.97  -0.82     4.42
  SINCE SEP 1      2.15                      2.97  -0.82     4.42
  SINCE JAN 1     28.14                     30.37  -2.23    27.09

SNOWFALL (IN)
  TODAY            0.0           0.0    MM   0.0    0.0      0.0
  MONTH TO DATE    0.0                       0.0    0.0      0.0
  SINCE SEP 1      0.0                       0.0    0.0      0.0
  SINCE JUL 1      0.0                       0.0    0.0      0.0
  SNOW DEPTH       0

DEGREE DAYS
 HEATING
  TODAY            0                         3     -3        0
  MONTH TO DATE   58                        21     37        4
  SINCE SEP 1     58                        21     37        4
  SINCE JUL 1     60                        23     37        4

 COOLING
  TODAY            4                         4      0       15
  MONTH TO DATE   85                       125    -40      202
  SINCE SEP 1     85                       125    -40      202
  SINCE JAN 1   1204                      1298    -94     1296
..................................................................


WIND (MPH)
  HIGHEST WIND SPEED    16   HIGHEST WIND DIRECTION     S (160)
  HIGHEST GUST SPEED    20   HIGHEST GUST DIRECTION     S (160)
  AVERAGE WIND SPEED     9.9


SKY COVER
  POSSIBLE SUNSHINE  MM
  AVERAGE SKY COVER 0.7


WEATHER CONDITIONS
 THE FOLLOWING WEATHER WAS RECORDED TODAY.
  FOG
  HAZE


RELATIVE HUMIDITY (PERCENT)
 HIGHEST   100          1200 AM
 LOWEST     74           500 PM
 AVERAGE    87

..........................................................


THE KANSAS CITY INTERNATIONAL MO CLIMATE NORMALS FOR TOMORROW
                         NORMAL    RECORD    YEAR
 MAXIMUM TEMPERATURE (F)   77        95      1948
                                             1931
 MINIMUM TEMPERATURE (F)   55        38      1983


SUNRISE AND SUNSET
SEPTEMBER 19 2014.....SUNRISE   704 AM CDT   SUNSET   721 PM CDT
SEPTEMBER 20 2014.....SUNRISE   705 AM CDT   SUNSET   719 PM CDT


-  INDICATES NEGATIVE NUMBERS.
R  INDICATES RECORD WAS SET OR TIED.
MM INDICATES DATA IS MISSING.
T  INDICATES TRACE AMOUNT.




&&

...MISCELLANEOUS CLIMATE DATA FROM TODAY...

LOCATION                HIGH    LOW      PRECIP
ST. JOSEPH               78      59       0.00
DOWNTOWN KANSAS CITY     81      62       0.00
OLATHE NEW CENTURY       80      60       0.00
OLATHE JO CO EXEC        79      60       0.00
LEES SUMMIT              79      61       0.00
KIRKSVILLE               77      50       0.00
CHILLICOTHE              78      56       0.00
SEDALIA                  79      59       0.00
NWS PLEASANT HILL MO     77      58       0.00


THIS PRODUCT...ALONG WITH OTHER WEATHER...HYDROLOGICAL AND CLIMATE
INFORMATION...IS AVAILABLE ON THE WEB AT HTTP://WWW.CRH.NOAA.GOV/EAX
OR AT HTTP://WEATHER.GOV

$$

73
