000
CDUS43 KEAX 262125
CLIMCI

CLIMATE REPORT
NATIONAL WEATHER SERVICE KANSAS CITY/PLEASANT HILL MO
135 AM CDT FRI AUG 26 2016


...................................

...THE KANSAS CITY INTERNATIONAL MO CLIMATE SUMMARY FOR AUGUST 25 2016...

CLIMATE NORMAL PERIOD 1981 TO 2010
CLIMATE RECORD PERIOD 1888 TO 2016


WEATHER ITEM   OBSERVED TIME   RECORD YEAR NORMAL DEPARTURE LAST
                VALUE   (LST)  VALUE       VALUE  FROM      YEAR
                                                  NORMAL
..................................................................
TEMPERATURE (F)
 YESTERDAY
  MAXIMUM         83    300 PM 107    1936  86     -3       82
  MINIMUM         70   1159 PM  53    1958  66      4       56
  AVERAGE         77                        76      1       69

PRECIPITATION (IN)
  YESTERDAY        1.32          3.88 1975   0.14   1.18     0.00
  MONTH TO DATE    4.66                      3.08   1.58     0.97
  SINCE JUN 1     14.40                     12.76   1.64    15.30
  SINCE JAN 1     34.93                     26.59   8.34    31.90

SNOWFALL (IN)
  YESTERDAY        0.0           0.0    MM   0.0    0.0      0.0
  MONTH TO DATE    0.0                       0.0    0.0      0.0
  SINCE JUN 1      0.0                       0.0    0.0      0.0
  SINCE JUL 1      0.0                       0.0    0.0      0.0
  SNOW DEPTH       0

DEGREE DAYS
 HEATING
  YESTERDAY        0                         0      0        0
  MONTH TO DATE    0                         0      0        1
  SINCE JUN 1      0                         9     -9        6
  SINCE JUL 1      0                         0      0        3

 COOLING
  YESTERDAY       12                        11      1        4
  MONTH TO DATE  307                       314     -7      251
  SINCE JUN 1   1152                       994    158      954
  SINCE JAN 1   1223                      1110    113     1022
..................................................................


WIND (MPH)
  HIGHEST WIND SPEED    16   HIGHEST WIND DIRECTION     N (20)
  HIGHEST GUST SPEED    20   HIGHEST GUST DIRECTION    NE (30)
  AVERAGE WIND SPEED     6.2


SKY COVER
  POSSIBLE SUNSHINE  MM
  AVERAGE SKY COVER 0.8


WEATHER CONDITIONS
 THE FOLLOWING WEATHER WAS RECORDED YESTERDAY.
  THUNDERSTORM
  HEAVY RAIN
  RAIN
  LIGHT RAIN
  FOG


RELATIVE HUMIDITY (PERCENT)
 HIGHEST    90           100 AM
 LOWEST     65           200 PM
 AVERAGE    78

..........................................................


THE KANSAS CITY INTERNATIONAL MO CLIMATE NORMALS FOR TODAY
                         NORMAL    RECORD    YEAR
 MAXIMUM TEMPERATURE (F)   86       106      1936
 MINIMUM TEMPERATURE (F)   65        53      1910


SUNRISE AND SUNSET
AUGUST 26 2016........SUNRISE   642 AM CDT   SUNSET   758 PM CDT
AUGUST 27 2016........SUNRISE   643 AM CDT   SUNSET   756 PM CDT


-  INDICATES NEGATIVE NUMBERS.
R  INDICATES RECORD WAS SET OR TIED.
MM INDICATES DATA IS MISSING.
T  INDICATES TRACE AMOUNT.


&&

...MISCELLANEOUS CLIMATE DATA FROM TODAY...

LOCATION                HIGH    LOW      PRECIP
ST. JOSEPH               81      66       0.45
DOWNTOWN KANSAS CITY     86      70       0.31
OLATHE NEW CENTURY       84      68       1.51
OLATHE JO CO EXEC        82      67       1.48
LEES SUMMIT              84      69       1.24
KIRKSVILLE               77      67       0.02
CHILLICOTHE              79      68       0.26
SEDALIA                  81      71       T
NWS PLEASANT HILL MO     84      67       0.69


THIS PRODUCT...ALONG WITH OTHER WEATHER...HYDROLOGICAL AND CLIMATE
INFORMATION...IS AVAILABLE ON THE WEB AT HTTP://WWW.WEATHER.GOV/EAX
OR AT HTTP://WEATHER.GOV

$$

JW
