000
CDUS43 KEAX 160639
CLIMCI

CLIMATE REPORT
NATIONAL WEATHER SERVICE KANSAS CITY/PLEASANT HILL MO
1238 AM CST TUE JAN 16 2018


...................................

...THE KANSAS CITY INTERNATIONAL MO CLIMATE SUMMARY FOR JANUARY 15 2018...

CLIMATE NORMAL PERIOD 1981 TO 2010
CLIMATE RECORD PERIOD 1888 TO 2018


WEATHER ITEM   OBSERVED TIME   RECORD YEAR NORMAL DEPARTURE LAST
                VALUE   (LST)  VALUE       VALUE  FROM      YEAR
                                                  NORMAL
..................................................................
TEMPERATURE (F)
 YESTERDAY
  MAXIMUM         33   1231 AM  66    2006  38     -5       33
  MINIMUM         -1   1159 PM -10    1979  19    -20       30
  AVERAGE         16                        28    -12       32

PRECIPITATION (IN)
  YESTERDAY        0.00          0.60 1889   0.03  -0.03     0.16
  MONTH TO DATE    0.53                      0.46   0.07     0.65
  SINCE DEC 1      0.72                      1.99  -1.27     1.84
  SINCE JAN 1      0.53                      0.46   0.07     0.65

SNOWFALL (IN)
  YESTERDAY        0.0           4.3  1898   0.2   -0.2      0.0
  MONTH TO DATE    2.5                       2.1    0.4      2.2
  SINCE DEC 1      4.7                       6.9   -2.2      4.5
  SINCE JUL 1      4.7                       8.3   -3.6      4.5
  SNOW DEPTH       0

DEGREE DAYS
 HEATING
  YESTERDAY       49                        36     13       33
  MONTH TO DATE  643                       540    103      587
  SINCE DEC 1   1654                      1580     74     1660
  SINCE JUL 1   2534                      2582    -48     2244

 COOLING
  YESTERDAY        0                         0      0        0
  MONTH TO DATE    0                         0      0        0
  SINCE DEC 1      0                         0      0        0
  SINCE JAN 1      0                         0      0        0
..................................................................


WIND (MPH)
  HIGHEST WIND SPEED    24   HIGHEST WIND DIRECTION     N (350)
  HIGHEST GUST SPEED    33   HIGHEST GUST DIRECTION     N (350)
  AVERAGE WIND SPEED    15.1


SKY COVER
  POSSIBLE SUNSHINE  MM
  AVERAGE SKY COVER 0.6


WEATHER CONDITIONS
 THE FOLLOWING WEATHER WAS RECORDED YESTERDAY.
  NO SIGNIFICANT WEATHER WAS OBSERVED.


RELATIVE HUMIDITY (PERCENT)
 HIGHEST    78           100 AM
 LOWEST     58          1200 PM
 AVERAGE    68

..........................................................


THE KANSAS CITY INTERNATIONAL MO CLIMATE NORMALS FOR TODAY
                         NORMAL    RECORD    YEAR
 MAXIMUM TEMPERATURE (F)   38        69      1952
 MINIMUM TEMPERATURE (F)   19       -13      1977


SUNRISE AND SUNSET
JANUARY 16 2018.......SUNRISE   737 AM CST   SUNSET   521 PM CST
JANUARY 17 2018.......SUNRISE   736 AM CST   SUNSET   522 PM CST


-  INDICATES NEGATIVE NUMBERS.
R  INDICATES RECORD WAS SET OR TIED.
MM INDICATES DATA IS MISSING.
T  INDICATES TRACE AMOUNT.


&&

...MISCELLANEOUS CLIMATE DATA FROM YESTERDAY...

LOCATION                HIGH    LOW      PRECIP
ST. JOSEPH               M       M         M
DOWNTOWN KANSAS CITY     35       2       0.00
OLATHE NEW CENTURY       33       0       0.02
OLATHE JO CO EXEC        32       0       0.01
LEES SUMMIT              33       1       T
KIRKSVILLE               29      -3       T
CHILLICOTHE              31      -1       0.00
SEDALIA                  33       2       0.06
NWS PLEASANT HILL MO     32       0       0.01


THIS PRODUCT...ALONG WITH OTHER WEATHER...HYDROLOGICAL AND CLIMATE
INFORMATION...IS AVAILABLE ON THE WEB AT HTTP://WWW.WEATHER.GOV/EAX
OR AT HTTP://WEATHER.GOV

$$

CUTTER
