000
CDUS43 KEAX 260635
CLIMCI

CLIMATE REPORT
NATIONAL WEATHER SERVICE KANSAS CITY/PLEASANT HILL MO
1234 AM CST FRI DEC 26 2014


...................................

...THE KANSAS CITY INTERNATIONAL MO CLIMATE SUMMARY FOR DECEMBER 25 2014...

CLIMATE NORMAL PERIOD 1981 TO 2010
CLIMATE RECORD PERIOD 1888 TO 2014


WEATHER ITEM   OBSERVED TIME   RECORD YEAR NORMAL DEPARTURE LAST
                VALUE   (LST)  VALUE       VALUE  FROM      YEAR
                                                  NORMAL
..................................................................
TEMPERATURE (F)
 YESTERDAY
  MAXIMUM         53    225 PM  67    1922  38     15       39
  MINIMUM         30    252 AM -16    1983  21      9       26
  AVERAGE         42                        29     13       33

PRECIPITATION (IN)
  YESTERDAY        0.00          0.28 1957   0.04  -0.04     0.00
  MONTH TO DATE    1.82                      1.31   0.51     0.80
  SINCE DEC 1      1.82                      1.31   0.51     0.80
  SINCE JAN 1     40.03                     38.64   1.39    34.48

SNOWFALL (IN)
  YESTERDAY        0.0           3.3  2009   0.1   -0.1      0.0
  MONTH TO DATE    2.6                       3.8   -1.2      5.7
  SINCE DEC 1      2.6                       3.8   -1.2      5.7
  SINCE JUL 1      3.1                       5.2   -2.1      5.7
  SNOW DEPTH       0

DEGREE DAYS
 HEATING
  YESTERDAY       23                        36    -13       32
  MONTH TO DATE  712                       824   -112      934
  SINCE DEC 1    712                       824   -112      934
  SINCE JUL 1   1833                      1826      7     1999

 COOLING
  YESTERDAY        0                         0      0        0
  MONTH TO DATE    0                         0      0        0
  SINCE DEC 1      0                         0      0        0
  SINCE JAN 1   1263                      1360    -97     1345
..................................................................


WIND (MPH)
  HIGHEST WIND SPEED    30   HIGHEST WIND DIRECTION     S (180)
  HIGHEST GUST SPEED    36   HIGHEST GUST DIRECTION     S (180)
  AVERAGE WIND SPEED    18.7


SKY COVER
  POSSIBLE SUNSHINE  MM
  AVERAGE SKY COVER 0.4


WEATHER CONDITIONS
 THE FOLLOWING WEATHER WAS RECORDED YESTERDAY.
  NO SIGNIFICANT WEATHER WAS OBSERVED.


RELATIVE HUMIDITY (PERCENT)
 HIGHEST    92          1200 AM
 LOWEST     41           200 PM
 AVERAGE    67

..........................................................


THE KANSAS CITY INTERNATIONAL MO CLIMATE NORMALS FOR TODAY
                         NORMAL    RECORD    YEAR
 MAXIMUM TEMPERATURE (F)   38        66      2008
 MINIMUM TEMPERATURE (F)   21       -13      1892


SUNRISE AND SUNSET
DECEMBER 26 2014......SUNRISE   737 AM CST   SUNSET   502 PM CST
DECEMBER 27 2014......SUNRISE   738 AM CST   SUNSET   503 PM CST


-  INDICATES NEGATIVE NUMBERS.
R  INDICATES RECORD WAS SET OR TIED.
MM INDICATES DATA IS MISSING.
T  INDICATES TRACE AMOUNT.




&&

...MISCELLANEOUS CLIMATE DATA FROM YESTERDAY...

LOCATION                HIGH    LOW      PRECIP
ST. JOSEPH               54      29       0.00
DOWNTOWN KANSAS CITY     56      32       0.00
OLATHE NEW CENTURY       53      29       0.00
OLATHE JO CO EXEC        53      30       0.00
LEES SUMMIT              54      30       0.00
KIRKSVILLE               51      29       0.00
CHILLICOTHE              52      31       0.00
SEDALIA                  54      31       0.00
NWS PLEASANT HILL MO     53      28       0.00


THIS PRODUCT...ALONG WITH OTHER WEATHER...HYDROLOGICAL AND CLIMATE
INFORMATION...IS AVAILABLE ON THE WEB AT HTTP://WWW.CRH.NOAA.GOV/EAX
OR AT HTTP://WEATHER.GOV

$$

CDB
