000
CDUS43 KEAX 170033
CLIMCI

CLIMATE REPORT
NATIONAL WEATHER SERVICE KANSAS CITY/PLEASANT HILL MO
631 PM CST THU NOV 16 2017


...................................

...THE KANSAS CITY INTERNATIONAL MO CLIMATE SUMMARY FOR NOVEMBER 16 2017...
VALID TODAY AS OF 0600 PM LOCAL TIME.

CLIMATE NORMAL PERIOD 1981 TO 2010
CLIMATE RECORD PERIOD 1888 TO 2017


WEATHER ITEM   OBSERVED TIME   RECORD YEAR NORMAL DEPARTURE LAST
                VALUE   (LST)  VALUE       VALUE  FROM      YEAR
                                                  NORMAL
..................................................................
TEMPERATURE (F)
 TODAY
  MAXIMUM         52    257 PM  77    1952  53     -1       74
                                      1941
  MINIMUM         28    353 AM   9    1959  34     -6       45
  AVERAGE         40                        44     -4       60

PRECIPITATION (IN)
  TODAY            0.00          5.70 1928   0.07  -0.07     0.00
  MONTH TO DATE    0.24                      1.23  -0.99     0.31
  SINCE SEP 1      7.91                      9.01  -1.10     7.83
  SINCE JAN 1     45.80                     36.41   9.39    47.26

SNOWFALL (IN)
  TODAY            0.0           1.4  1972   0.0    0.0      0.0
  MONTH TO DATE    0.0                       0.3   -0.3      0.0
  SINCE SEP 1      T                         0.5   -0.5      0.0
  SINCE JUL 1      T                         0.5   -0.5      0.0
  SNOW DEPTH       0

DEGREE DAYS
 HEATING
  TODAY           25                        22      3        5
  MONTH TO DATE  366                       287     79      152
  SINCE SEP 1    643                       645     -2      317
  SINCE JUL 1    647                       647      0      317

 COOLING
  TODAY            0                         0      0        0
  MONTH TO DATE    0                         0      0        7
  SINCE SEP 1    247                       185     62      282
  SINCE JAN 1   1325                      1358    -33     1579
..................................................................


WIND (MPH)
  HIGHEST WIND SPEED    14   HIGHEST WIND DIRECTION    SE (120)
  HIGHEST GUST SPEED    17   HIGHEST GUST DIRECTION     E (110)
  AVERAGE WIND SPEED     6.8


SKY COVER
  POSSIBLE SUNSHINE  MM
  AVERAGE SKY COVER 0.4


WEATHER CONDITIONS
 THE FOLLOWING WEATHER WAS RECORDED TODAY.
  NO SIGNIFICANT WEATHER WAS OBSERVED.


RELATIVE HUMIDITY (PERCENT)
 HIGHEST    85           400 AM
 LOWEST     41           200 PM
 AVERAGE    63

..........................................................


THE KANSAS CITY INTERNATIONAL MO CLIMATE NORMALS FOR TOMORROW
                         NORMAL    RECORD    YEAR
 MAXIMUM TEMPERATURE (F)   52        76      2016
 MINIMUM TEMPERATURE (F)   33         7      1959


SUNRISE AND SUNSET
NOVEMBER 16 2017......SUNRISE   704 AM CST   SUNSET   503 PM CST
NOVEMBER 17 2017......SUNRISE   705 AM CST   SUNSET   502 PM CST


-  INDICATES NEGATIVE NUMBERS.
R  INDICATES RECORD WAS SET OR TIED.
MM INDICATES DATA IS MISSING.
T  INDICATES TRACE AMOUNT.


&&

...MISCELLANEOUS CLIMATE DATA FROM TODAY...

LOCATION                HIGH    LOW      PRECIP
ST. JOSEPH               52      21       0.00
DOWNTOWN KANSAS CITY     56      33       0.00
OLATHE NEW CENTURY       54      30       0.00
OLATHE JO CO EXEC        53      30       0.00
LEES SUMMIT              53      31       0.00
KIRKSVILLE               46      21       0.00
CHILLICOTHE              48      24       0.00
SEDALIA                  52      30       0.00
NWS PLEASANT HILL MO     54      30       0.00


THIS PRODUCT...ALONG WITH OTHER WEATHER...HYDROLOGICAL AND CLIMATE
INFORMATION...IS AVAILABLE ON THE WEB AT HTTP://WWW.WEATHER.GOV/EAX
OR AT HTTP://WEATHER.GOV

$$
