531
CDUS43 KEAX 180632
CLIMCI

CLIMATE REPORT
NATIONAL WEATHER SERVICE KANSAS CITY/PLEASANT HILL MO
1231 AM CST SUN FEB 18 2018


...................................

...THE KANSAS CITY INTERNATIONAL MO CLIMATE SUMMARY FOR FEBRUARY 17 2018...

CLIMATE NORMAL PERIOD 1981 TO 2010
CLIMATE RECORD PERIOD 1888 TO 2018


WEATHER ITEM   OBSERVED TIME   RECORD YEAR NORMAL DEPARTURE LAST
                VALUE   (LST)  VALUE       VALUE  FROM      YEAR
                                                  NORMAL
..................................................................
TEMPERATURE (F)
 YESTERDAY
  MAXIMUM         53    408 PM  74    2017  44      9       74
                                      2011
  MINIMUM         29    108 AM  -9    1903  24      5       44
  AVERAGE         41                        34      7       59

PRECIPITATION (IN)
  YESTERDAY        0.02          1.69 1961   0.05  -0.03     0.00
  MONTH TO DATE    0.11                      0.84  -0.73      T
  SINCE DEC 1      1.43                      3.44  -2.01     2.58
  SINCE JAN 1      1.24                      1.91  -0.67     1.39

SNOWFALL (IN)
  YESTERDAY       MM             6.0  1893   0.2   MM        0.0
  MONTH TO DATE    0.5                       3.6   -3.1      0.0
  SINCE DEC 1      5.4                      13.0   -7.6      4.5
  SINCE JUL 1      5.4                      14.4   -9.0      4.5
  SNOW DEPTH       0

DEGREE DAYS
 HEATING
  YESTERDAY       24                        31     -7        6
  MONTH TO DATE  621                       566     55      434
  SINCE DEC 1   2758                      2728     30     2512
  SINCE JUL 1   3638                      3730    -92     3096

 COOLING
  YESTERDAY        0                         0      0        0
  MONTH TO DATE    0                         0      0        0
  SINCE DEC 1      0                         0      0        0
  SINCE JAN 1      0                         0      0        0
..................................................................


WIND (MPH)
  HIGHEST WIND SPEED    20   HIGHEST WIND DIRECTION    NW (310)
  HIGHEST GUST SPEED    27   HIGHEST GUST DIRECTION    NW (300)
  AVERAGE WIND SPEED     9.6


SKY COVER
  POSSIBLE SUNSHINE  MM
  AVERAGE SKY COVER 0.5


WEATHER CONDITIONS
 THE FOLLOWING WEATHER WAS RECORDED YESTERDAY.
  LIGHT RAIN
  LIGHT SNOW
  FOG


RELATIVE HUMIDITY (PERCENT)
 HIGHEST    85          1000 AM
 LOWEST     26           300 PM
 AVERAGE    56

..........................................................


THE KANSAS CITY INTERNATIONAL MO CLIMATE NORMALS FOR TODAY
                         NORMAL    RECORD    YEAR
 MAXIMUM TEMPERATURE (F)   44        74      2016
                                             1930
 MINIMUM TEMPERATURE (F)   25        -7      1903


SUNRISE AND SUNSET
FEBRUARY 18 2018......SUNRISE   707 AM CST   SUNSET   559 PM CST
FEBRUARY 19 2018......SUNRISE   705 AM CST   SUNSET   600 PM CST


-  INDICATES NEGATIVE NUMBERS.
R  INDICATES RECORD WAS SET OR TIED.
MM INDICATES DATA IS MISSING.
T  INDICATES TRACE AMOUNT.


&&

...MISCELLANEOUS CLIMATE DATA FROM YESTERDAY...

LOCATION                HIGH    LOW      PRECIP
ST. JOSEPH               52      21       0.00
DOWNTOWN KANSAS CITY     55      32       T
OLATHE NEW CENTURY       55      29       0.06
OLATHE JO CO EXEC        53      29       0.05
LEES SUMMIT              54      29       0.03
KIRKSVILLE               48      21       0.06
CHILLICOTHE              52      22       0.02
SEDALIA                  53      28       0.14
NWS PLEASANT HILL MO     54      29       0.06


THIS PRODUCT...ALONG WITH OTHER WEATHER...HYDROLOGICAL AND CLIMATE
INFORMATION...IS AVAILABLE ON THE WEB AT HTTP://WWW.WEATHER.GOV/EAX
OR AT HTTP://WEATHER.GOV

$$
