586
CDUS43 KEAX 220646
CLIMCI

CLIMATE REPORT
NATIONAL WEATHER SERVICE KANSAS CITY/PLEASANT HILL MO
1245 AM CST WED FEB 22 2017


...................................

...THE KANSAS CITY INTERNATIONAL MO CLIMATE SUMMARY FOR FEBRUARY 21 2017...

CLIMATE NORMAL PERIOD 1981 TO 2010
CLIMATE RECORD PERIOD 1888 TO 2017


WEATHER ITEM   OBSERVED TIME   RECORD YEAR NORMAL DEPARTURE LAST
                VALUE   (LST)  VALUE       VALUE  FROM      YEAR
                                                  NORMAL
..................................................................
TEMPERATURE (F)
 YESTERDAY
  MAXIMUM         72    303 PM  75    1935  45     27       54
  MINIMUM         43    730 AM   0    1939  26     17       31
                                      1918
  AVERAGE         58                        36     22       43

PRECIPITATION (IN)
  YESTERDAY        0.00          0.78 1974   0.06  -0.06     0.00
  MONTH TO DATE    0.06                      1.06  -1.00     0.40
  SINCE DEC 1      2.64                      3.66  -1.02     4.40
  SINCE JAN 1      1.45                      2.13  -0.68     1.16

SNOWFALL (IN)
  YESTERDAY        0.0           9.2  2013   0.1   -0.1      0.0
  MONTH TO DATE    0.0                       4.3   -4.3       T
  SINCE DEC 1      4.5                      13.7   -9.2      5.3
  SINCE JUL 1      4.5                      15.1  -10.6      5.3
  SNOW DEPTH       0

DEGREE DAYS
 HEATING
  YESTERDAY        7                        29    -22       22
  MONTH TO DATE  459                       686   -227      571
  SINCE DEC 1   2537                      2848   -311     2438
  SINCE JUL 1   3121                      3850   -729     3185

 COOLING
  YESTERDAY        0                         0      0        0
  MONTH TO DATE    0                         0      0        0
  SINCE DEC 1      0                         0      0        0
  SINCE JAN 1      0                         0      0        0
..................................................................


WIND (MPH)
  HIGHEST WIND SPEED    12   HIGHEST WIND DIRECTION     N (360)
  HIGHEST GUST SPEED    15   HIGHEST GUST DIRECTION     N (350)
  AVERAGE WIND SPEED     6.3


SKY COVER
  POSSIBLE SUNSHINE  MM
  AVERAGE SKY COVER 0.4


WEATHER CONDITIONS
 THE FOLLOWING WEATHER WAS RECORDED YESTERDAY.
  NO SIGNIFICANT WEATHER WAS OBSERVED.


RELATIVE HUMIDITY (PERCENT)
 HIGHEST    92           800 AM
 LOWEST     26           500 PM
 AVERAGE    59

..........................................................


THE KANSAS CITY INTERNATIONAL MO CLIMATE NORMALS FOR TODAY
                         NORMAL    RECORD    YEAR
 MAXIMUM TEMPERATURE (F)   46        73      1982
                                             1917
 MINIMUM TEMPERATURE (F)   26         3      1910


SUNRISE AND SUNSET
FEBRUARY 22 2017......SUNRISE   701 AM CST   SUNSET   604 PM CST
FEBRUARY 23 2017......SUNRISE   700 AM CST   SUNSET   605 PM CST


-  INDICATES NEGATIVE NUMBERS.
R  INDICATES RECORD WAS SET OR TIED.
MM INDICATES DATA IS MISSING.
T  INDICATES TRACE AMOUNT.


&&

...MISCELLANEOUS CLIMATE DATA FROM YESTERDAY...

LOCATION                HIGH    LOW      PRECIP
ST. JOSEPH               70      32       0.00
DOWNTOWN KANSAS CITY     74      46       0.00
OLATHE NEW CENTURY       71      39       0.00
OLATHE JO CO EXEC        71      47       0.00
LEES SUMMIT              72      48       0.00
KIRKSVILLE               72      47       0.00
CHILLICOTHE              73      42       0.00
SEDALIA                  74      52       0.00
NWS PLEASANT HILL MO     71      50       0.00


THIS PRODUCT...ALONG WITH OTHER WEATHER...HYDROLOGICAL AND CLIMATE
INFORMATION...IS AVAILABLE ON THE WEB AT HTTP://WWW.WEATHER.GOV/EAX
OR AT HTTP://WEATHER.GOV

$$
