000
CDUS43 KEAX 270637
CLIMCI

CLIMATE REPORT
NATIONAL WEATHER SERVICE KANSAS CITY/PLEASANT HILL MO
133 AM CDT FRI MAY 27 2016


...................................

...THE KANSAS CITY INTERNATIONAL MO CLIMATE SUMMARY FOR MAY 26 2016...

CLIMATE NORMAL PERIOD 1981 TO 2010
CLIMATE RECORD PERIOD 1888 TO 2016


WEATHER ITEM   OBSERVED TIME   RECORD YEAR NORMAL DEPARTURE LAST
                VALUE   (LST)  VALUE       VALUE  FROM      YEAR
                                                  NORMAL
..................................................................
TEMPERATURE (F)
 YESTERDAY
  MAXIMUM         78   1129 AM  92    1985  78      0       77
  MINIMUM         61   1024 PM  42    1992  57      4       59
  AVERAGE         70                        68      2       68

PRECIPITATION (IN)
  YESTERDAY        3.87R         3.35 1996   0.16   3.71     0.41
  MONTH TO DATE    8.60                      4.39   4.21     9.71
  SINCE MAR 1     18.47                     10.46   8.01    13.88
  SINCE JAN 1     19.63                     12.99   6.64    16.06

SNOWFALL (IN)
  YESTERDAY        0.0           0.0    MM   0.0    0.0      0.0
  MONTH TO DATE    0.0                       0.0    0.0      0.0
  SINCE MAR 1      0.6                       2.6   -2.0       T
  SINCE JUL 1      5.9                      18.8  -12.9     14.2
  SNOW DEPTH       0

DEGREE DAYS
 HEATING
  YESTERDAY        0                         2     -2        0
  MONTH TO DATE  120                        97     23       89
  SINCE MAR 1    805                      1072   -267      895
  SINCE JUL 1   4162                      5117   -955     5109

 COOLING
  YESTERDAY        5                         4      1        3
  MONTH TO DATE   33                        63    -30       52
  SINCE MAR 1     47                        91    -44       61
  SINCE JAN 1     47                        91    -44       61
..................................................................


WIND (MPH)
  HIGHEST WIND SPEED    37   HIGHEST WIND DIRECTION    NE (40)
  HIGHEST GUST SPEED    48   HIGHEST GUST DIRECTION    NE (30)
  AVERAGE WIND SPEED    13.1


SKY COVER
  POSSIBLE SUNSHINE  MM
  AVERAGE SKY COVER 0.8


WEATHER CONDITIONS
 THE FOLLOWING WEATHER WAS RECORDED YESTERDAY.
  THUNDERSTORM
  HEAVY RAIN
  RAIN
  LIGHT RAIN
  HAIL
  FOG


RELATIVE HUMIDITY (PERCENT)
 HIGHEST    93           600 AM
 LOWEST     61           200 AM
 AVERAGE    77

..........................................................


THE KANSAS CITY INTERNATIONAL MO CLIMATE NORMALS FOR TODAY
                         NORMAL    RECORD    YEAR
 MAXIMUM TEMPERATURE (F)   78        94      2006
 MINIMUM TEMPERATURE (F)   58        38      1992


SUNRISE AND SUNSET
MAY 27 2016...........SUNRISE   556 AM CDT   SUNSET   836 PM CDT
MAY 28 2016...........SUNRISE   556 AM CDT   SUNSET   837 PM CDT


-  INDICATES NEGATIVE NUMBERS.
R  INDICATES RECORD WAS SET OR TIED.
MM INDICATES DATA IS MISSING.
T  INDICATES TRACE AMOUNT.


&&

...MISCELLANEOUS CLIMATE DATA FROM YESTERDAY...

LOCATION                HIGH    LOW      PRECIP
ST. JOSEPH               74      62       2.60
DOWNTOWN KANSAS CITY     79      63       3.15
OLATHE NEW CENTURY       84      62       1.38
OLATHE JO CO EXEC        82      60       1.90
LEES SUMMIT              83      62       1.86
KIRKSVILLE               80      63       0.42
CHILLICOTHE              78      63       1.37
SEDALIA                  87      64       1.98
NWS PLEASANT HILL MO     84      61       1.85


THIS PRODUCT...ALONG WITH OTHER WEATHER...HYDROLOGICAL AND CLIMATE
INFORMATION...IS AVAILABLE ON THE WEB AT HTTP://WWW.WEATHER.GOV/EAX
OR AT HTTP://WEATHER.GOV

$$

CUTTER
