000
CDUS43 KEAX 260644
CLIMCI

CLIMATE REPORT
NATIONAL WEATHER SERVICE KANSAS CITY/PLEASANT HILL MO
1244 AM CST WED NOV 26 2014


...................................

...THE KANSAS CITY INTERNATIONAL MO CLIMATE SUMMARY FOR NOVEMBER 25 2014...

CLIMATE NORMAL PERIOD 1981 TO 2010
CLIMATE RECORD PERIOD 1888 TO 2014


WEATHER ITEM   OBSERVED TIME   RECORD YEAR NORMAL DEPARTURE LAST
                VALUE   (LST)  VALUE       VALUE  FROM      YEAR
                                                  NORMAL
..................................................................
TEMPERATURE (F)
 YESTERDAY
  MAXIMUM         42    225 PM  70    1926  48     -6       41
  MINIMUM         20    740 AM  11    1977  30    -10       27
  AVERAGE         31                        39     -8       34

PRECIPITATION (IN)
  YESTERDAY        0.00          1.04 1988   0.07  -0.07      T
  MONTH TO DATE    0.63                      1.82  -1.19     1.43
  SINCE SEP 1     12.17                      9.60   2.57    11.01
  SINCE JAN 1     38.16                     37.00   1.16    33.68

SNOWFALL (IN)
  YESTERDAY        0.0           3.7  1895   0.1   -0.1       T
  MONTH TO DATE    0.5                       0.8   -0.3       T
  SINCE SEP 1      0.5                       1.0   -0.5       T
  SINCE JUL 1      0.5                       1.0   -0.5       T
  SNOW DEPTH       0

DEGREE DAYS
 HEATING
  YESTERDAY       34                        26      8       31
  MONTH TO DATE  696                       505    191      556
  SINCE SEP 1    996                       863    133      904
  SINCE JUL 1    998                       865    133      904

 COOLING
  YESTERDAY        0                         0      0        0
  MONTH TO DATE    0                         0      0        0
  SINCE SEP 1    144                       185    -41      251
  SINCE JAN 1   1263                      1358    -95     1345
..................................................................


WIND (MPH)
  HIGHEST WIND SPEED    18   HIGHEST WIND DIRECTION     S (170)
  HIGHEST GUST SPEED    22   HIGHEST GUST DIRECTION     S (160)
  AVERAGE WIND SPEED     8.9


SKY COVER
  POSSIBLE SUNSHINE  MM
  AVERAGE SKY COVER 0.3


WEATHER CONDITIONS
 THE FOLLOWING WEATHER WAS RECORDED YESTERDAY.
  NO SIGNIFICANT WEATHER WAS OBSERVED.


RELATIVE HUMIDITY (PERCENT)
 HIGHEST    68           800 AM
 LOWEST     34           200 PM
 AVERAGE    51

..........................................................


THE KANSAS CITY INTERNATIONAL MO CLIMATE NORMALS FOR TODAY
                         NORMAL    RECORD    YEAR
 MAXIMUM TEMPERATURE (F)   48        78      1990
 MINIMUM TEMPERATURE (F)   29         8      1898


SUNRISE AND SUNSET
NOVEMBER 26 2014......SUNRISE   714 AM CST   SUNSET   458 PM CST
NOVEMBER 27 2014......SUNRISE   716 AM CST   SUNSET   457 PM CST


-  INDICATES NEGATIVE NUMBERS.
R  INDICATES RECORD WAS SET OR TIED.
MM INDICATES DATA IS MISSING.
T  INDICATES TRACE AMOUNT.



&&

...MISCELLANEOUS CLIMATE DATA FROM YESTERDAY...

LOCATION                HIGH    LOW      PRECIP
ST. JOSEPH               42      17       0.00
DOWNTOWN KANSAS CITY     44      24       0.00
OLATHE NEW CENTURY       43      20       0.00
OLATHE JO CO EXEC        42      22       0.00
LEES SUMMIT              42      22       0.00
KIRKSVILLE               36      20       0.00
CHILLICOTHE              40      22       0.00
SEDALIA                  41      24       0.00
NWS PLEASANT HILL MO     42      20       0.00


THIS PRODUCT...ALONG WITH OTHER WEATHER...HYDROLOGICAL AND CLIMATE
INFORMATION...IS AVAILABLE ON THE WEB AT HTTP://WWW.CRH.NOAA.GOV/EAX
OR AT HTTP://WEATHER.GOV

$$

CUTTER
