000
CDUS43 KEAX 120632
CLIMCI

CLIMATE REPORT
NATIONAL WEATHER SERVICE KANSAS CITY/PLEASANT HILL MO
131 AM CDT SAT APR 12 2014


...................................

...THE KANSAS CITY INTERNATIONAL MO CLIMATE SUMMARY FOR APRIL 11 2014...

CLIMATE NORMAL PERIOD 1981 TO 2010
CLIMATE RECORD PERIOD 1888 TO 2014


WEATHER ITEM   OBSERVED TIME   RECORD YEAR NORMAL DEPARTURE LAST
                VALUE   (LST)  VALUE       VALUE  FROM      YEAR
                                                  NORMAL
..................................................................
TEMPERATURE (F)
 YESTERDAY
  MAXIMUM         75    449 PM  89    1930  64     11       40
  MINIMUM         40    538 AM  26    1940  42     -2       33
  AVERAGE         58                        53      5       37

PRECIPITATION (IN)
  YESTERDAY        0.00          1.09 1893   0.11  -0.11     0.00
  MONTH TO DATE    0.57                      1.13  -0.56     2.15
  SINCE MAR 1      2.18                      3.50  -1.32     4.10
  SINCE JAN 1      3.93                      6.03  -2.10     6.99

SNOWFALL (IN)
  YESTERDAY        0.0           1.8  1957   0.1   -0.1      0.0
  MONTH TO DATE    0.0                       0.4   -0.4      0.0
  SINCE MAR 1      3.4                       2.4    1.0      6.1
  SINCE JUL 1     26.0                      18.6    7.4     31.3
  SNOW DEPTH       0

DEGREE DAYS
 HEATING
  YESTERDAY        7                        12     -5       28
  MONTH TO DATE  162                       152     10      167
  SINCE MAR 1    927                       798    129     1003
  SINCE JUL 1   5493                      4843    650     4735

 COOLING
  YESTERDAY        0                         1     -1        0
  MONTH TO DATE    0                         5     -5        0
  SINCE MAR 1      0                         8     -8        0
  SINCE JAN 1      0                         8     -8        0
..................................................................


WIND (MPH)
  HIGHEST WIND SPEED    17   HIGHEST WIND DIRECTION     S (160)
  HIGHEST GUST SPEED    22   HIGHEST GUST DIRECTION     S (160)
  AVERAGE WIND SPEED     8.2


SKY COVER
  POSSIBLE SUNSHINE  MM
  AVERAGE SKY COVER 0.4


WEATHER CONDITIONS
 THE FOLLOWING WEATHER WAS RECORDED YESTERDAY.
  NO SIGNIFICANT WEATHER WAS OBSERVED.


RELATIVE HUMIDITY (PERCENT)
 HIGHEST    60           500 AM
 LOWEST     17           100 PM
 AVERAGE    39

..........................................................


THE KANSAS CITY INTERNATIONAL MO CLIMATE NORMALS FOR TODAY
                         NORMAL    RECORD    YEAR
 MAXIMUM TEMPERATURE (F)   65        92      1972
 MINIMUM TEMPERATURE (F)   43        23      1940


SUNRISE AND SUNSET
APRIL 12 2014.........SUNRISE   646 AM CDT   SUNSET   754 PM CDT
APRIL 13 2014.........SUNRISE   645 AM CDT   SUNSET   755 PM CDT


-  INDICATES NEGATIVE NUMBERS.
R  INDICATES RECORD WAS SET OR TIED.
MM INDICATES DATA IS MISSING.
T  INDICATES TRACE AMOUNT.



&&

...MISCELLANEOUS CLIMATE DATA FROM YESTERDAY...

LOCATION                HIGH    LOW      PRECIP
ST. JOSEPH               77      34       0.00
DOWNTOWN KANSAS CITY     77      41       0.00
OLATHE NEW CENTURY       76      39       0.00
OLATHE JO CO EXEC        75      43       0.00
LEES SUMMIT              75      43       0.00
KIRKSVILLE               75      32       0.00
CHILLICOTHE              75      33       0.00
SEDALIA                  75      48       0.00
NWS PLEASANT HILL MO     76      48       0.00


THIS PRODUCT...ALONG WITH OTHER WEATHER...HYDROLOGICAL AND CLIMATE
INFORMATION...IS AVAILABLE ON THE WEB AT HTTP://WWW.CRH.NOAA.GOV/EAX
OR AT HTTP://WEATHER.GOV

$$
