000
CDUS43 KEAX 150632
CLIMCI

CLIMATE REPORT
NATIONAL WEATHER SERVICE KANSAS CITY/PLEASANT HILL MO
131 AM CDT THU JUN 15 2017


...................................

...THE KANSAS CITY INTERNATIONAL MO CLIMATE SUMMARY FOR JUNE 14 2017...

CLIMATE NORMAL PERIOD 1981 TO 2010
CLIMATE RECORD PERIOD 1888 TO 2017


WEATHER ITEM   OBSERVED TIME   RECORD YEAR NORMAL DEPARTURE LAST
                VALUE   (LST)  VALUE       VALUE  FROM      YEAR
                                                  NORMAL
..................................................................
TEMPERATURE (F)
 YESTERDAY
  MAXIMUM         89    214 PM  99    1936  83      6       92
  MINIMUM         68   1128 PM  48    1942  63      5       70
  AVERAGE         79                        73      6       81

PRECIPITATION (IN)
  YESTERDAY        0.09          2.52 1958   0.18  -0.09     0.00
  MONTH TO DATE    0.12                      2.49  -2.37     0.29
  SINCE JUN 1      0.12                      2.49  -2.37     0.29
  SINCE JAN 1     16.39                     16.32   0.07    20.82

SNOWFALL (IN)
  YESTERDAY        0.0           0.0    MM   0.0    0.0      0.0
  MONTH TO DATE    0.0                       0.0    0.0      0.0
  SINCE JUN 1      0.0                       0.0    0.0      0.0
  SINCE JUL 1      4.9                      18.8  -13.9      5.9
  SNOW DEPTH       0

DEGREE DAYS
 HEATING
  YESTERDAY        0                         0      0        0
  MONTH TO DATE    0                         7     -7        0
  SINCE JUN 1      0                         7     -7        0
  SINCE JUL 1   4146                      5131   -985     4162

 COOLING
  YESTERDAY       14                         9      5       16
  MONTH TO DATE  156                        97     59      151
  SINCE JUN 1    156                        97     59      151
  SINCE JAN 1    267                       213     54      222
..................................................................


WIND (MPH)
  HIGHEST WIND SPEED    36   HIGHEST WIND DIRECTION    SW (220)
  HIGHEST GUST SPEED    47   HIGHEST GUST DIRECTION    SW (210)
  AVERAGE WIND SPEED    10.8


SKY COVER
  POSSIBLE SUNSHINE  MM
  AVERAGE SKY COVER 0.7


WEATHER CONDITIONS
 THE FOLLOWING WEATHER WAS RECORDED YESTERDAY.
  THUNDERSTORM
  LIGHT RAIN


RELATIVE HUMIDITY (PERCENT)
 HIGHEST    91           800 PM
 LOWEST     62          1000 AM
 AVERAGE    77

..........................................................


THE KANSAS CITY INTERNATIONAL MO CLIMATE NORMALS FOR TODAY
                         NORMAL    RECORD    YEAR
 MAXIMUM TEMPERATURE (F)   84       102      1953
                                             1936
 MINIMUM TEMPERATURE (F)   64        52      1917


SUNRISE AND SUNSET
JUNE 15 2017..........SUNRISE   552 AM CDT   SUNSET   847 PM CDT
JUNE 16 2017..........SUNRISE   552 AM CDT   SUNSET   848 PM CDT


-  INDICATES NEGATIVE NUMBERS.
R  INDICATES RECORD WAS SET OR TIED.
MM INDICATES DATA IS MISSING.
T  INDICATES TRACE AMOUNT.


&&

...MISCELLANEOUS CLIMATE DATA FROM YESTERDAY...

LOCATION                HIGH    LOW      PRECIP
ST. JOSEPH               90      70       0.25
DOWNTOWN KANSAS CITY     91      70       0.15
OLATHE NEW CENTURY       88      67       0.43
OLATHE JO CO EXEC        86      68       0.11
LEES SUMMIT              90      72       0.30
KIRKSVILLE               93      64       1.22
CHILLICOTHE              91      65       0.40
SEDALIA                  92      75       T
NWS PLEASANT HILL MO     89      70       0.01


THIS PRODUCT...ALONG WITH OTHER WEATHER...HYDROLOGICAL AND CLIMATE
INFORMATION...IS AVAILABLE ON THE WEB AT HTTP://WWW.WEATHER.GOV/EAX
OR AT HTTP://WEATHER.GOV

$$
