000
CDUS43 KEAX 062225
CLIMCI

CLIMATE REPORT
NATIONAL WEATHER SERVICE KANSAS CITY/PLEASANT HILL MO
424 PM CST WED DEC 6 2017


...................................

...THE KANSAS CITY INTERNATIONAL MO CLIMATE SUMMARY FOR DECEMBER 6 2017...
VALID AS OF 0400 PM LOCAL TIME.

CLIMATE NORMAL PERIOD 1981 TO 2010
CLIMATE RECORD PERIOD 1888 TO 2017


WEATHER ITEM   OBSERVED TIME   RECORD YEAR NORMAL DEPARTURE LAST
                VALUE   (LST)  VALUE       VALUE  FROM      YEAR
                                                  NORMAL
..................................................................
TEMPERATURE (F)
 TODAY
  MAXIMUM         46   1238 PM  74    1939  43      3       38
  MINIMUM         30    746 AM  -3    1950  25      5       27
  AVERAGE         38                        34      4       33

PRECIPITATION (IN)
  TODAY            0.00          2.82 1980   0.06  -0.06     0.00
  MONTH TO DATE    0.00                      0.36  -0.36     0.63
  SINCE DEC 1      0.00                      0.36  -0.36     0.63
  SINCE JAN 1     45.83                     37.69   8.14    48.09

SNOWFALL (IN)
  TODAY            0.0           3.9  1909   0.2   -0.2      0.0
  MONTH TO DATE    0.0                       0.8   -0.8      0.0
  SINCE DEC 1      0.0                       0.8   -0.8      0.0
  SINCE JUL 1      T                         2.2   -2.2      0.0
  SNOW DEPTH       0

DEGREE DAYS
 HEATING
  TODAY           27                        31     -4       32
  MONTH TO DATE  119                       181    -62      170
  SINCE DEC 1    119                       181    -62      170
  SINCE JUL 1    999                      1183   -184      754

 COOLING
  TODAY            0                         0      0        0
  MONTH TO DATE    0                         0      0        0
  SINCE DEC 1      0                         0      0        0
  SINCE JAN 1   1325                      1360    -35     1585
..................................................................


WIND (MPH)
  HIGHEST WIND SPEED    21   HIGHEST WIND DIRECTION    NW (330)
  HIGHEST GUST SPEED    27   HIGHEST GUST DIRECTION    NW (300)
  AVERAGE WIND SPEED    10.7


SKY COVER
  POSSIBLE SUNSHINE  MM
  AVERAGE SKY COVER 0.3


WEATHER CONDITIONS
 THE FOLLOWING WEATHER WAS RECORDED TODAY.
  NO SIGNIFICANT WEATHER WAS OBSERVED.


RELATIVE HUMIDITY (PERCENT)
 HIGHEST    78           800 AM
 LOWEST     40           300 PM
 AVERAGE    59

..........................................................


THE KANSAS CITY INTERNATIONAL MO CLIMATE NORMALS FOR TOMORROW
                         NORMAL    RECORD    YEAR
 MAXIMUM TEMPERATURE (F)   42        70      1894
 MINIMUM TEMPERATURE (F)   25         0      2013


SUNRISE AND SUNSET
DECEMBER  6 2017......SUNRISE   725 AM CST   SUNSET   455 PM CST
DECEMBER  7 2017......SUNRISE   725 AM CST   SUNSET   455 PM CST


-  INDICATES NEGATIVE NUMBERS.
R  INDICATES RECORD WAS SET OR TIED.
MM INDICATES DATA IS MISSING.
T  INDICATES TRACE AMOUNT.


&&

...MISCELLANEOUS CLIMATE DATA FROM TODAY...

LOCATION                HIGH    LOW      PRECIP
ST. JOSEPH               46      29       0.00
DOWNTOWN KANSAS CITY     49      31       0.00
OLATHE NEW CENTURY       48      30       0.00
OLATHE JO CO EXEC        47      32       0.00
LEES SUMMIT              48      34       0.00
KIRKSVILLE               45      30       0.00
CHILLICOTHE              46      33       0.00
SEDALIA                  49      32       0.00
NWS PLEASANT HILL MO     47      31       T


THIS PRODUCT...ALONG WITH OTHER WEATHER...HYDROLOGICAL AND CLIMATE
INFORMATION...IS AVAILABLE ON THE WEB AT HTTP://WWW.WEATHER.GOV/EAX
OR AT HTTP://WEATHER.GOV

$$

JW
