000
CDUS43 KEAX 220033
CLIMCI

CLIMATE REPORT
NATIONAL WEATHER SERVICE KANSAS CITY/PLEASANT HILL MO
732 PM CDT SAT MAY 21 2016


...................................

...THE KANSAS CITY INTERNATIONAL MO CLIMATE SUMMARY FOR MAY 21 2016...
VALID TODAY AS OF 0700 PM LOCAL TIME.

CLIMATE NORMAL PERIOD 1981 TO 2010
CLIMATE RECORD PERIOD 1888 TO 2016


WEATHER ITEM   OBSERVED TIME   RECORD YEAR NORMAL DEPARTURE LAST
                VALUE   (LST)  VALUE       VALUE  FROM      YEAR
                                                  NORMAL
..................................................................
TEMPERATURE (F)
 TODAY
  MAXIMUM         74    339 PM  97    1956  76     -2       68
  MINIMUM         49    517 AM  38    1892  56     -7       44
  AVERAGE         62                        66     -4       56

PRECIPITATION (IN)
  TODAY            0.00          2.25 1891   0.17  -0.17      T
  MONTH TO DATE    3.58                      3.55   0.03     6.34
  SINCE MAR 1     13.45                      9.62   3.83    10.51
  SINCE JAN 1     14.61                     12.15   2.46    12.69

SNOWFALL (IN)
  TODAY            0.0           0.0    MM   0.0    0.0      0.0
  MONTH TO DATE    0.0                       0.0    0.0      0.0
  SINCE MAR 1      0.6                       2.6   -2.0       T
  SINCE JUL 1      5.9                      18.8  -12.9     14.2
  SNOW DEPTH       0

DEGREE DAYS
 HEATING
  TODAY            3                         2      1        9
  MONTH TO DATE  120                        87     33       77
  SINCE MAR 1    805                      1062   -257      883
  SINCE JUL 1   4162                      5107   -945     5097

 COOLING
  TODAY            0                         3     -3        0
  MONTH TO DATE   12                        43    -31       44
  SINCE MAR 1     26                        71    -45       53
  SINCE JAN 1     26                        71    -45       53
..................................................................


WIND (MPH)
  HIGHEST WIND SPEED    15   HIGHEST WIND DIRECTION     E (110)
  HIGHEST GUST SPEED    22   HIGHEST GUST DIRECTION     E (90)
  AVERAGE WIND SPEED     6.2


SKY COVER
  POSSIBLE SUNSHINE  MM
  AVERAGE SKY COVER 0.5


WEATHER CONDITIONS
 THE FOLLOWING WEATHER WAS RECORDED TODAY.
  FOG


RELATIVE HUMIDITY (PERCENT)
 HIGHEST    93           400 AM
 LOWEST     41           100 PM
 AVERAGE    67

..........................................................


THE KANSAS CITY INTERNATIONAL MO CLIMATE NORMALS FOR TOMORROW
                         NORMAL    RECORD    YEAR
 MAXIMUM TEMPERATURE (F)   77        93      1956
 MINIMUM TEMPERATURE (F)   56        41      1963


SUNRISE AND SUNSET
MAY 21 2016...........SUNRISE   600 AM CDT   SUNSET   831 PM CDT
MAY 22 2016...........SUNRISE   559 AM CDT   SUNSET   832 PM CDT


-  INDICATES NEGATIVE NUMBERS.
R  INDICATES RECORD WAS SET OR TIED.
MM INDICATES DATA IS MISSING.
T  INDICATES TRACE AMOUNT.


&&

...MISCELLANEOUS CLIMATE DATA FROM TODAY...

LOCATION                HIGH    LOW      PRECIP
ST. JOSEPH               75      45       0.00
DOWNTOWN KANSAS CITY     76      50       0.00
OLATHE NEW CENTURY       74      50       0.00
OLATHE JO CO EXEC        73      49       0.00
LEES SUMMIT              74      49       0.00
KIRKSVILLE               74      45       0.00
CHILLICOTHE              74      46       0.00
SEDALIA                  76      50       0.00
NWS PLEASANT HILL MO     75      50       0.00


THIS PRODUCT...ALONG WITH OTHER WEATHER...HYDROLOGICAL AND CLIMATE
INFORMATION...IS AVAILABLE ON THE WEB AT HTTP://WWW.WEATHER.GOV/EAX
OR AT HTTP://WEATHER.GOV

$$

CDB
