000
CDUS43 KEAX 150632
CLIMCI

CLIMATE REPORT
NATIONAL WEATHER SERVICE KANSAS CITY/PLEASANT HILL MO
132 AM CDT TUE AUG 15 2017


...................................

...THE KANSAS CITY INTERNATIONAL MO CLIMATE SUMMARY FOR AUGUST 14 2017...

CLIMATE NORMAL PERIOD 1981 TO 2010
CLIMATE RECORD PERIOD 1888 TO 2017


WEATHER ITEM   OBSERVED TIME   RECORD YEAR NORMAL DEPARTURE LAST
                VALUE   (LST)  VALUE       VALUE  FROM      YEAR
                                                  NORMAL
..................................................................
TEMPERATURE (F)
 YESTERDAY
  MAXIMUM         85    420 PM 113    1936  88     -3       88
  MINIMUM         65    208 AM  54    2002  68     -3       66
  AVERAGE         75                        78     -3       77

PRECIPITATION (IN)
  YESTERDAY        0.00          2.19 1947   0.13  -0.13     0.00
  MONTH TO DATE    2.16                      1.69   0.47     0.51
  SINCE JUN 1     13.59                     11.37   2.22    10.25
  SINCE JAN 1     29.86                     25.20   4.66    30.78

SNOWFALL (IN)
  YESTERDAY        0.0           0.0    MM   0.0    0.0      0.0
  MONTH TO DATE    0.0                       0.0    0.0      0.0
  SINCE JUN 1      0.0                       0.0    0.0      0.0
  SINCE JUL 1      0.0                       0.0    0.0      0.0
  SNOW DEPTH       0

DEGREE DAYS
 HEATING
  YESTERDAY        0                         0      0        0
  MONTH TO DATE    4                         0      4        0
  SINCE JUN 1      5                         9     -4        0
  SINCE JUL 1      4                         0      4        0

 COOLING
  YESTERDAY       10                        13     -3       12
  MONTH TO DATE   92                       183    -91      200
  SINCE JUN 1    837                       863    -26     1045
  SINCE JAN 1    948                       979    -31     1116
..................................................................


WIND (MPH)
  HIGHEST WIND SPEED    13   HIGHEST WIND DIRECTION    SW (210)
  HIGHEST GUST SPEED    18   HIGHEST GUST DIRECTION     S (180)
  AVERAGE WIND SPEED     6.8


SKY COVER
  POSSIBLE SUNSHINE  MM
  AVERAGE SKY COVER 0.6


WEATHER CONDITIONS
 THE FOLLOWING WEATHER WAS RECORDED YESTERDAY.
  FOG
  HAZE


RELATIVE HUMIDITY (PERCENT)
 HIGHEST   100           200 AM
 LOWEST     65           200 PM
 AVERAGE    83

..........................................................


THE KANSAS CITY INTERNATIONAL MO CLIMATE NORMALS FOR TODAY
                         NORMAL    RECORD    YEAR
 MAXIMUM TEMPERATURE (F)   88       110      1936
 MINIMUM TEMPERATURE (F)   67        49      1994


SUNRISE AND SUNSET
AUGUST 15 2017........SUNRISE   632 AM CDT   SUNSET   814 PM CDT
AUGUST 16 2017........SUNRISE   633 AM CDT   SUNSET   813 PM CDT


-  INDICATES NEGATIVE NUMBERS.
R  INDICATES RECORD WAS SET OR TIED.
MM INDICATES DATA IS MISSING.
T  INDICATES TRACE AMOUNT.


&&

...MISCELLANEOUS CLIMATE DATA FROM YESTERDAY...

LOCATION                HIGH    LOW      PRECIP
ST. JOSEPH               86      66       0.00
DOWNTOWN KANSAS CITY     88      69       0.00
OLATHE NEW CENTURY       85      66       0.00
OLATHE JO CO EXEC        83      65       0.00
LEES SUMMIT              85      67       0.00
KIRKSVILLE               87      56       0.00
CHILLICOTHE              85      60       0.00
SEDALIA                  84      65       0.00
NWS PLEASANT HILL MO     84      65       0.00


THIS PRODUCT...ALONG WITH OTHER WEATHER...HYDROLOGICAL AND CLIMATE
INFORMATION...IS AVAILABLE ON THE WEB AT HTTP://WWW.WEATHER.GOV/EAX
OR AT HTTP://WEATHER.GOV

$$
