000
CDUS43 KEAX 150646
CLIMCI

CLIMATE REPORT
NATIONAL WEATHER SERVICE KANSAS CITY/PLEASANT HILL MO
135 AM CDT TUE APR 15 2014


...................................

...THE KANSAS CITY INTERNATIONAL MO CLIMATE SUMMARY FOR APRIL 14 2014...

CLIMATE NORMAL PERIOD 1981 TO 2010
CLIMATE RECORD PERIOD 1888 TO 2014


WEATHER ITEM   OBSERVED TIME   RECORD YEAR NORMAL DEPARTURE LAST
                VALUE   (LST)  VALUE       VALUE  FROM      YEAR
                                                  NORMAL
..................................................................
TEMPERATURE (F)
 YESTERDAY
  MAXIMUM         44    436 PM  92    1972  65    -21       72
  MINIMUM         30    753 AM  25    1928  44    -14       51
  AVERAGE         37                        54    -17       62

PRECIPITATION (IN)
  YESTERDAY        0.02          1.75 1999   0.12  -0.10     0.11
  MONTH TO DATE    1.24                      1.48  -0.24     2.26
  SINCE MAR 1      2.85                      3.85  -1.00     4.21
  SINCE JAN 1      4.60                      6.38  -1.78     7.10

SNOWFALL (IN)
  YESTERDAY        0.1           1.0  1996   0.0    0.1      0.0
  MONTH TO DATE    0.1                       0.4   -0.3      0.0
  SINCE MAR 1      3.5                       2.4    1.1      6.1
  SINCE JUL 1     26.1                      18.6    7.5     31.3
  SNOW DEPTH       0

DEGREE DAYS
 HEATING
  YESTERDAY       28                        11     17        3
  MONTH TO DATE  202                       187     15      211
  SINCE MAR 1    967                       833    134     1047
  SINCE JUL 1   5533                      4878    655     4779

 COOLING
  YESTERDAY        0                         1     -1        0
  MONTH TO DATE    6                         8     -2        0
  SINCE MAR 1      6                        11     -5        0
  SINCE JAN 1      6                        11     -5        0
..................................................................


WIND (MPH)
  HIGHEST WIND SPEED    28   HIGHEST WIND DIRECTION     N (10)
  HIGHEST GUST SPEED    35   HIGHEST GUST DIRECTION     N (360)
  AVERAGE WIND SPEED    15.0


SKY COVER
  POSSIBLE SUNSHINE  MM
  AVERAGE SKY COVER 0.7


WEATHER CONDITIONS
 THE FOLLOWING WEATHER WAS RECORDED YESTERDAY.
  LIGHT RAIN
  LIGHT SNOW
  FOG
  HAZE


RELATIVE HUMIDITY (PERCENT)
 HIGHEST    82           100 AM
 LOWEST     39           300 PM
 AVERAGE    61

..........................................................


THE KANSAS CITY INTERNATIONAL MO CLIMATE NORMALS FOR TODAY
                         NORMAL    RECORD    YEAR
 MAXIMUM TEMPERATURE (F)   66        88      2002
                                             1924
 MINIMUM TEMPERATURE (F)   44        22      1983


SUNRISE AND SUNSET
APRIL 15 2014.........SUNRISE   642 AM CDT   SUNSET   757 PM CDT
APRIL 16 2014.........SUNRISE   640 AM CDT   SUNSET   757 PM CDT


-  INDICATES NEGATIVE NUMBERS.
R  INDICATES RECORD WAS SET OR TIED.
MM INDICATES DATA IS MISSING.
T  INDICATES TRACE AMOUNT.



&&

...MISCELLANEOUS CLIMATE DATA FROM YESTERDAY...

LOCATION                HIGH    LOW      PRECIP
ST. JOSEPH               44      29       0.01
DOWNTOWN KANSAS CITY     46      32       T
OLATHE NEW CENTURY       44      30       T
OLATHE JO CO EXEC        44      30       T
LEES SUMMIT              44      31       T
KIRKSVILLE               42      28       0.02
CHILLICOTHE              43      28       0.02
SEDALIA                  45      33       0.05
NWS PLEASANT HILL MO     43      30       0.02


THIS PRODUCT...ALONG WITH OTHER WEATHER...HYDROLOGICAL AND CLIMATE
INFORMATION...IS AVAILABLE ON THE WEB AT HTTP://WWW.CRH.NOAA.GOV/EAX
OR AT HTTP://WEATHER.GOV

$$

CUTTER
