000
CDUS43 KEAX 190635
CLIMCI

CLIMATE REPORT
NATIONAL WEATHER SERVICE KANSAS CITY/PLEASANT HILL MO
134 AM CDT TUE MAY 19 2015


...................................

...THE KANSAS CITY INTERNATIONAL MO CLIMATE SUMMARY FOR MAY 18 2015...

CLIMATE NORMAL PERIOD 1981 TO 2010
CLIMATE RECORD PERIOD 1888 TO 2015


WEATHER ITEM   OBSERVED TIME   RECORD YEAR NORMAL DEPARTURE LAST
                VALUE   (LST)  VALUE       VALUE  FROM      YEAR
                                                  NORMAL
..................................................................
TEMPERATURE (F)
 YESTERDAY
  MAXIMUM         68   1224 AM  91    1997  75     -7       72
                                      1962
  MINIMUM         49   1151 PM  39    1915  55     -6       43
  AVERAGE         59                        65     -6       58

PRECIPITATION (IN)
  YESTERDAY        0.00          3.21 1974   0.17  -0.17     0.00
  MONTH TO DATE    5.29                      3.03   2.26     0.78
  SINCE MAR 1      9.46                      9.10   0.36     6.32
  SINCE JAN 1     11.64                     11.63   0.01     8.07

SNOWFALL (IN)
  YESTERDAY        0.0           0.0    MM   0.0    0.0      0.0
  MONTH TO DATE    0.0                       0.0    0.0      0.0
  SINCE MAR 1      T                         2.6   -2.6      3.6
  SINCE JUL 1     14.2                      18.8   -4.6     26.2
  SNOW DEPTH       0

DEGREE DAYS
 HEATING
  YESTERDAY        6                         3      3        7
  MONTH TO DATE   39                        79    -40      113
  SINCE MAR 1    845                      1054   -209     1219
  SINCE JUL 1   5059                      5099    -40     5785

 COOLING
  YESTERDAY        0                         3     -3        0
  MONTH TO DATE   44                        34     10       47
  SINCE MAR 1     53                        62     -9       56
  SINCE JAN 1     53                        62     -9       56
..................................................................


WIND (MPH)
  HIGHEST WIND SPEED    20   HIGHEST WIND DIRECTION     N (350)
  HIGHEST GUST SPEED    25   HIGHEST GUST DIRECTION     N (340)
  AVERAGE WIND SPEED    11.2


SKY COVER
  POSSIBLE SUNSHINE  MM
  AVERAGE SKY COVER 0.1


WEATHER CONDITIONS
 THE FOLLOWING WEATHER WAS RECORDED YESTERDAY.
  NO SIGNIFICANT WEATHER WAS OBSERVED.


RELATIVE HUMIDITY (PERCENT)
 HIGHEST    90           300 AM
 LOWEST     52           300 PM
 AVERAGE    71

..........................................................


THE KANSAS CITY INTERNATIONAL MO CLIMATE NORMALS FOR TODAY
                         NORMAL    RECORD    YEAR
 MAXIMUM TEMPERATURE (F)   76        95      2006
 MINIMUM TEMPERATURE (F)   55        39      1894


SUNRISE AND SUNSET
MAY 19 2015...........SUNRISE   602 AM CDT   SUNSET   829 PM CDT
MAY 20 2015...........SUNRISE   601 AM CDT   SUNSET   830 PM CDT


-  INDICATES NEGATIVE NUMBERS.
R  INDICATES RECORD WAS SET OR TIED.
MM INDICATES DATA IS MISSING.
T  INDICATES TRACE AMOUNT.



&&

...MISCELLANEOUS CLIMATE DATA FROM YESTERDAY...

LOCATION                HIGH    LOW      PRECIP
ST. JOSEPH               66      49       0.00
DOWNTOWN KANSAS CITY     71      53       0.00
OLATHE NEW CENTURY       68      51       0.00
OLATHE JO CO EXEC        70      54       0.00
LEES SUMMIT              69      52       0.00
KIRKSVILLE               68      45       0.00
CHILLICOTHE              70      49       0.00
SEDALIA                  72      54       0.00
NWS PLEASANT HILL MO     69      52       0.00


THIS PRODUCT...ALONG WITH OTHER WEATHER...HYDROLOGICAL AND CLIMATE
INFORMATION...IS AVAILABLE ON THE WEB AT HTTP://WWW.CRH.NOAA.GOV/EAX
OR AT HTTP://WEATHER.GOV

$$
