000
CDUS43 KEAX 120033
CLIMCI

CLIMATE REPORT
NATIONAL WEATHER SERVICE KANSAS CITY/PLEASANT HILL MO
732 PM CDT MON SEP 11 2017


...................................

...THE KANSAS CITY INTERNATIONAL MO CLIMATE SUMMARY FOR SEPTEMBER 11 2017...
VALID TODAY AS OF 0700 PM LOCAL TIME.

CLIMATE NORMAL PERIOD 1981 TO 2010
CLIMATE RECORD PERIOD 1888 TO 2017


WEATHER ITEM   OBSERVED TIME   RECORD YEAR NORMAL DEPARTURE LAST
                VALUE   (LST)  VALUE       VALUE  FROM      YEAR
                                                  NORMAL
..................................................................
TEMPERATURE (F)
 TODAY
  MAXIMUM         81    226 PM 102    2000  81      0       77
  MINIMUM         57    620 AM  44    1940  59     -2       51
  AVERAGE         69                        70     -1       64

PRECIPITATION (IN)
  TODAY            0.00          2.29 1925   0.16  -0.16     0.00
  MONTH TO DATE    T                         1.70  -1.70     1.56
  SINCE SEP 1      T                         1.70  -1.70     1.56
  SINCE JAN 1     37.89                     29.10   8.79    40.99

SNOWFALL (IN)
  TODAY            0.0           0.0    MM   0.0    0.0      0.0
  MONTH TO DATE    0.0                       0.0    0.0      0.0
  SINCE SEP 1      0.0                       0.0    0.0      0.0
  SINCE JUL 1      0.0                       0.0    0.0      0.0
  SNOW DEPTH       0

DEGREE DAYS
 HEATING
  TODAY            0                         1     -1        1
  MONTH TO DATE   10                         6      4        1
  SINCE SEP 1     10                         6      4        1
  SINCE JUL 1     14                         8      6        1

 COOLING
  TODAY            4                         6     -2        0
  MONTH TO DATE   52                        85    -33       92
  SINCE SEP 1     52                        85    -33       92
  SINCE JAN 1   1130                      1258   -128     1389
..................................................................


WIND (MPH)
  HIGHEST WIND SPEED    13   HIGHEST WIND DIRECTION     E (70)
  HIGHEST GUST SPEED    18   HIGHEST GUST DIRECTION     S (180)
  AVERAGE WIND SPEED     5.5


SKY COVER
  POSSIBLE SUNSHINE  MM
  AVERAGE SKY COVER 0.2


WEATHER CONDITIONS
 THE FOLLOWING WEATHER WAS RECORDED TODAY.
  FOG
  HAZE


RELATIVE HUMIDITY (PERCENT)
 HIGHEST    87           400 AM
 LOWEST     45          1200 PM
 AVERAGE    66

..........................................................


THE KANSAS CITY INTERNATIONAL MO CLIMATE NORMALS FOR TOMORROW
                         NORMAL    RECORD    YEAR
 MAXIMUM TEMPERATURE (F)   81       103      1956
 MINIMUM TEMPERATURE (F)   59        42      2014


SUNRISE AND SUNSET
SEPTEMBER 11 2017.....SUNRISE   657 AM CDT   SUNSET   733 PM CDT
SEPTEMBER 12 2017.....SUNRISE   658 AM CDT   SUNSET   732 PM CDT


-  INDICATES NEGATIVE NUMBERS.
R  INDICATES RECORD WAS SET OR TIED.
MM INDICATES DATA IS MISSING.
T  INDICATES TRACE AMOUNT.


&&

...MISCELLANEOUS CLIMATE DATA FROM TODAY...

LOCATION                HIGH    LOW      PRECIP
ST. JOSEPH               83      52       0.00
DOWNTOWN KANSAS CITY     82      62       0.00
OLATHE NEW CENTURY       82      58       0.00
OLATHE JO CO EXEC        80      56       0.00
LEES SUMMIT              80      56       0.00
KIRKSVILLE               79      48       0.00
CHILLICOTHE              82      51       0.00
SEDALIA                  83      51       0.00
NWS PLEASANT HILL MO     80      56       0.00


THIS PRODUCT...ALONG WITH OTHER WEATHER...HYDROLOGICAL AND CLIMATE
INFORMATION...IS AVAILABLE ON THE WEB AT HTTP://WWW.WEATHER.GOV/EAX
OR AT HTTP://WEATHER.GOV

$$

CUTTER
