000
CDUS43 KEAX 202129
CLIMCI

CLIMATE REPORT
NATIONAL WEATHER SERVICE KANSAS CITY/PLEASANT HILL MO
428 PM CDT WED JUL 20 2016


...................................

...THE KANSAS CITY INTERNATIONAL MO CLIMATE SUMMARY FOR JULY 20 2016...
VALID AS OF 0400 PM LOCAL TIME.

CLIMATE NORMAL PERIOD 1981 TO 2010
CLIMATE RECORD PERIOD 1888 TO 2016


WEATHER ITEM   OBSERVED TIME   RECORD YEAR NORMAL DEPARTURE LAST
                VALUE   (LST)  VALUE       VALUE  FROM      YEAR
                                                  NORMAL
..................................................................
TEMPERATURE (F)
 TODAY
  MAXIMUM         93    259 PM 109    1934  89      4       87
  MINIMUM         75    523 AM  60    2014  69      6       71
                                      1971
                                      1950
  AVERAGE         84                        79      5       79

PRECIPITATION (IN)
  TODAY            0.00          3.23 1985   0.14  -0.14     0.89
  MONTH TO DATE    7.74                      3.07   4.67     5.18
  SINCE JUN 1      8.72                      8.30   0.42    12.76
  SINCE JAN 1     29.25                     22.13   7.12    29.36

SNOWFALL (IN)
  TODAY            0.0           0.0    MM   0.0    0.0      0.0
  MONTH TO DATE    0.0                       0.0    0.0      0.0
  SINCE JUN 1      0.0                       0.0    0.0      0.0
  SINCE JUL 1      0.0                       0.0    0.0      0.0
  SNOW DEPTH       0

DEGREE DAYS
 HEATING
  TODAY            0                         0      0        0
  MONTH TO DATE    0                         0      0        2
  SINCE JUN 1      0                         9     -9        5
  SINCE JUL 1      0                         0      0        2

 COOLING
  TODAY           19                        14      5       14
  MONTH TO DATE  261                       265     -4      241
  SINCE JUN 1    678                       531    147      546
  SINCE JAN 1    749                       647    102      614
..................................................................


WIND (MPH)
  HIGHEST WIND SPEED    17   HIGHEST WIND DIRECTION     S (190)
  HIGHEST GUST SPEED    22   HIGHEST GUST DIRECTION     S (200)
  AVERAGE WIND SPEED     9.7


SKY COVER
  POSSIBLE SUNSHINE  MM
  AVERAGE SKY COVER 0.1


WEATHER CONDITIONS
 THE FOLLOWING WEATHER WAS RECORDED TODAY.
  FOG
  HAZE


RELATIVE HUMIDITY (PERCENT)
 HIGHEST    94           400 AM
 LOWEST     52           200 PM
 AVERAGE    73

..........................................................


THE KANSAS CITY INTERNATIONAL MO CLIMATE NORMALS FOR TOMORROW
                         NORMAL    RECORD    YEAR
 MAXIMUM TEMPERATURE (F)   89       107      1974
 MINIMUM TEMPERATURE (F)   69        56      1988
                                             1970


SUNRISE AND SUNSET
JULY 20 2016..........SUNRISE   609 AM CDT   SUNSET   841 PM CDT
JULY 21 2016..........SUNRISE   610 AM CDT   SUNSET   840 PM CDT


-  INDICATES NEGATIVE NUMBERS.
R  INDICATES RECORD WAS SET OR TIED.
MM INDICATES DATA IS MISSING.
T  INDICATES TRACE AMOUNT.


&&

...MISCELLANEOUS CLIMATE DATA FROM TODAY...

LOCATION                HIGH    LOW      PRECIP
ST. JOSEPH               95      76       0.00
DOWNTOWN KANSAS CITY     97      80       0.00
OLATHE NEW CENTURY       95      75       0.00
OLATHE JO CO EXEC        93      74       0.00
LEES SUMMIT              96      79       0.00
KIRKSVILLE               94      70       0.00
CHILLICOTHE              94      73       0.00
SEDALIA                  95      76       0.00
NWS PLEASANT HILL MO     94      74       0.00


THIS PRODUCT...ALONG WITH OTHER WEATHER...HYDROLOGICAL AND CLIMATE
INFORMATION...IS AVAILABLE ON THE WEB AT HTTP://WWW.WEATHER.GOV/EAX
OR AT HTTP://WEATHER.GOV

$$

PM
