000
CDUS43 KEAX 072223
CLIMCI

CLIMATE REPORT
NATIONAL WEATHER SERVICE KANSAS CITY/PLEASANT HILL MO
422 PM CST SAT JAN 7 2017


...................................

...THE KANSAS CITY INTERNATIONAL MO CLIMATE SUMMARY FOR JANUARY 7 2017...
VALID AS OF 0400 PM LOCAL TIME.

CLIMATE NORMAL PERIOD 1981 TO 2010
CLIMATE RECORD PERIOD 1888 TO 2017


WEATHER ITEM   OBSERVED TIME   RECORD YEAR NORMAL DEPARTURE LAST
                VALUE   (LST)  VALUE       VALUE  FROM      YEAR
                                                  NORMAL
..................................................................
TEMPERATURE (F)
 TODAY
  MAXIMUM         21    259 PM  70    1907  38    -17       45
  MINIMUM          0    315 AM -11    1912  20    -20       37
  AVERAGE         11                        29    -18       41

PRECIPITATION (IN)
  TODAY            0.00          1.74 1937   0.03  -0.03     0.36
  MONTH TO DATE    0.38                      0.23   0.15     0.39
  SINCE DEC 1      1.57                      1.76  -0.19     3.63
  SINCE JAN 1      0.38                      0.23   0.15     0.39

SNOWFALL (IN)
  TODAY            0.0           3.3  1926   0.2   -0.2      0.0
  MONTH TO DATE    2.2                       1.0    1.2       T
  SINCE DEC 1      4.5                       5.8   -1.3      2.5
  SINCE JUL 1      4.5                       7.2   -2.7      2.5
  SNOW DEPTH       1

DEGREE DAYS
 HEATING
  TODAY           54                        36     18       24
  MONTH TO DATE  313                       252     61      236
  SINCE DEC 1   1386                      1292     94     1012
  SINCE JUL 1   1970                      2294   -324     1759

 COOLING
  TODAY            0                         0      0        0
  MONTH TO DATE    0                         0      0        0
  SINCE DEC 1      0                         0      0        0
  SINCE JAN 1      0                         0      0        0
..................................................................


WIND (MPH)
  HIGHEST WIND SPEED    12   HIGHEST WIND DIRECTION    NW (320)
  HIGHEST GUST SPEED    14   HIGHEST GUST DIRECTION    NW (320)
  AVERAGE WIND SPEED     8.1


SKY COVER
  POSSIBLE SUNSHINE  MM
  AVERAGE SKY COVER 0.0


WEATHER CONDITIONS
 THE FOLLOWING WEATHER WAS RECORDED TODAY.
  NO SIGNIFICANT WEATHER WAS OBSERVED.


RELATIVE HUMIDITY (PERCENT)
 HIGHEST    79           200 AM
 LOWEST     52           300 PM
 AVERAGE    66

..........................................................


THE KANSAS CITY INTERNATIONAL MO CLIMATE NORMALS FOR TOMORROW
                         NORMAL    RECORD    YEAR
 MAXIMUM TEMPERATURE (F)   38        71      2003
 MINIMUM TEMPERATURE (F)   20       -10      1979


SUNRISE AND SUNSET
JANUARY  7 2017.......SUNRISE   739 AM CST   SUNSET   512 PM CST
JANUARY  8 2017.......SUNRISE   739 AM CST   SUNSET   513 PM CST


-  INDICATES NEGATIVE NUMBERS.
R  INDICATES RECORD WAS SET OR TIED.
MM INDICATES DATA IS MISSING.
T  INDICATES TRACE AMOUNT.


&&

...MISCELLANEOUS CLIMATE DATA FROM TODAY...

LOCATION                HIGH    LOW      PRECIP
ST. JOSEPH               17      -6       0.00
DOWNTOWN KANSAS CITY     24       5       0.00
OLATHE NEW CENTURY       24      -2       0.00
OLATHE JO CO EXEC        23       0       0.00
LEES SUMMIT              24       5       0.00
KIRKSVILLE               27      -5       0.00
CHILLICOTHE              23      -4       0.00
SEDALIA                  29       2       0.00
NWS PLEASANT HILL MO     26       3       0.00


THIS PRODUCT...ALONG WITH OTHER WEATHER...HYDROLOGICAL AND CLIMATE
INFORMATION...IS AVAILABLE ON THE WEB AT HTTP://WWW.WEATHER.GOV/EAX
OR AT HTTP://WEATHER.GOV

$$

JW
