277
CDUS43 KEAX 210649
CLIMCI

CLIMATE REPORT
NATIONAL WEATHER SERVICE KANSAS CITY/PLEASANT HILL MO
1248 AM CST WED FEB 21 2018


...................................

...THE KANSAS CITY INTERNATIONAL MO CLIMATE SUMMARY FOR FEBRUARY 20 2018...

CLIMATE NORMAL PERIOD 1981 TO 2010
CLIMATE RECORD PERIOD 1888 TO 2018


WEATHER ITEM   OBSERVED TIME   RECORD YEAR NORMAL DEPARTURE LAST
                VALUE   (LST)  VALUE       VALUE  FROM      YEAR
                                                  NORMAL
..................................................................
TEMPERATURE (F)
 YESTERDAY
  MAXIMUM         30    953 AM  75    2016  45    -15       69
  MINIMUM         19   1159 PM   2    1918  25     -6       56
  AVERAGE         25                        35    -10       63

PRECIPITATION (IN)
  YESTERDAY        0.85          1.16 1997   0.05   0.80     0.06
  MONTH TO DATE    0.98                      1.00  -0.02     0.06
  SINCE DEC 1      2.30                      3.60  -1.30     2.64
  SINCE JAN 1      2.11                      2.07   0.04     1.45

SNOWFALL (IN)
  YESTERDAY        0.4           8.0  1960   0.2    0.2      0.0
  MONTH TO DATE    0.9                       4.2   -3.3      0.0
  SINCE DEC 1      5.8                      13.6   -7.8      4.5
  SINCE JUL 1      5.8                      15.0   -9.2      4.5
  SNOW DEPTH       0

DEGREE DAYS
 HEATING
  YESTERDAY       40                        30     10        2
  MONTH TO DATE  698                       657     41      452
  SINCE DEC 1   2835                      2819     16     2530
  SINCE JUL 1   3715                      3821   -106     3114

 COOLING
  YESTERDAY        0                         0      0        0
  MONTH TO DATE    0                         0      0        0
  SINCE DEC 1      0                         0      0        0
  SINCE JAN 1      0                         0      0        0
..................................................................


WIND (MPH)
  HIGHEST WIND SPEED    24   HIGHEST WIND DIRECTION     W (290)
  HIGHEST GUST SPEED    30   HIGHEST GUST DIRECTION    NW (300)
  AVERAGE WIND SPEED    11.6


SKY COVER
  POSSIBLE SUNSHINE  MM
  AVERAGE SKY COVER 0.9


WEATHER CONDITIONS
 THE FOLLOWING WEATHER WAS RECORDED YESTERDAY.
  THUNDERSTORM
  FREEZING RAIN
  LT FREEZING RAIN
  SLEET
  FOG


RELATIVE HUMIDITY (PERCENT)
 HIGHEST   100           500 AM
 LOWEST     77           800 PM
 AVERAGE    89

..........................................................


THE KANSAS CITY INTERNATIONAL MO CLIMATE NORMALS FOR TODAY
                         NORMAL    RECORD    YEAR
 MAXIMUM TEMPERATURE (F)   45        75      1935
 MINIMUM TEMPERATURE (F)   26         0      1939
                                             1918


SUNRISE AND SUNSET
FEBRUARY 21 2018......SUNRISE   703 AM CST   SUNSET   603 PM CST
FEBRUARY 22 2018......SUNRISE   701 AM CST   SUNSET   604 PM CST


-  INDICATES NEGATIVE NUMBERS.
R  INDICATES RECORD WAS SET OR TIED.
MM INDICATES DATA IS MISSING.
T  INDICATES TRACE AMOUNT.


&&

...MISCELLANEOUS CLIMATE DATA FROM YESTERDAY...

LOCATION                HIGH    LOW      PRECIP
ST. JOSEPH               29      18       0.26
DOWNTOWN KANSAS CITY     33      22       0.39
OLATHE NEW CENTURY       31      19       0.38
OLATHE JO CO EXEC        32      19       0.44
LEES SUMMIT              33      20       1.18
KIRKSVILLE               41      22       1.35
CHILLICOTHE              34      21       0.71
SEDALIA                  44      25       1.08
NWS PLEASANT HILL MO     35      20       1.07


THIS PRODUCT...ALONG WITH OTHER WEATHER...HYDROLOGICAL AND CLIMATE
INFORMATION...IS AVAILABLE ON THE WEB AT HTTP://WWW.WEATHER.GOV/EAX
OR AT HTTP://WEATHER.GOV

$$

CUTTER
