000
CDUS43 KEAX 190633
CLIMCI

CLIMATE REPORT
NATIONAL WEATHER SERVICE KANSAS CITY/PLEASANT HILL MO
132 AM CDT TUE SEP 19 2017


...................................

...THE KANSAS CITY INTERNATIONAL MO CLIMATE SUMMARY FOR SEPTEMBER 18 2017...

CLIMATE NORMAL PERIOD 1981 TO 2010
CLIMATE RECORD PERIOD 1888 TO 2017


WEATHER ITEM   OBSERVED TIME   RECORD YEAR NORMAL DEPARTURE LAST
                VALUE   (LST)  VALUE       VALUE  FROM      YEAR
                                                  NORMAL
..................................................................
TEMPERATURE (F)
 YESTERDAY
  MAXIMUM         76    429 PM  96    1925  78     -2       83
  MINIMUM         65    602 AM  38    1901  56      9       61
  AVERAGE         71                        67      4       72

PRECIPITATION (IN)
  YESTERDAY        0.34          1.86 1905   0.17   0.17     0.00
  MONTH TO DATE    1.12                      2.81  -1.69     4.31
  SINCE SEP 1      1.12                      2.81  -1.69     4.31
  SINCE JAN 1     39.01                     30.21   8.80    43.74

SNOWFALL (IN)
  YESTERDAY        0.0           0.0    MM   0.0    0.0      0.0
  MONTH TO DATE    0.0                       0.0    0.0      0.0
  SINCE SEP 1      0.0                       0.0    0.0      0.0
  SINCE JUL 1      0.0                       0.0    0.0      0.0
  SNOW DEPTH       0

DEGREE DAYS
 HEATING
  YESTERDAY        0                         2     -2        0
  MONTH TO DATE   10                        18     -8        1
  SINCE SEP 1     10                        18     -8        1
  SINCE JUL 1     14                        20     -6        1

 COOLING
  YESTERDAY        6                         4      2        7
  MONTH TO DATE  107                       121    -14      141
  SINCE SEP 1    107                       121    -14      141
  SINCE JAN 1   1185                      1294   -109     1438
..................................................................


WIND (MPH)
  HIGHEST WIND SPEED    14   HIGHEST WIND DIRECTION     S (200)
  HIGHEST GUST SPEED    17   HIGHEST GUST DIRECTION    SE (140)
  AVERAGE WIND SPEED     8.3


SKY COVER
  POSSIBLE SUNSHINE  MM
  AVERAGE SKY COVER 0.7


WEATHER CONDITIONS
 THE FOLLOWING WEATHER WAS RECORDED YESTERDAY.
  THUNDERSTORM
  HEAVY RAIN
  RAIN
  LIGHT RAIN
  FOG


RELATIVE HUMIDITY (PERCENT)
 HIGHEST   100          1200 AM
 LOWEST     79           300 PM
 AVERAGE    90

..........................................................


THE KANSAS CITY INTERNATIONAL MO CLIMATE NORMALS FOR TODAY
                         NORMAL    RECORD    YEAR
 MAXIMUM TEMPERATURE (F)   78        95      1954
                                             1931
 MINIMUM TEMPERATURE (F)   56        33      1991


SUNRISE AND SUNSET
SEPTEMBER 19 2017.....SUNRISE   704 AM CDT   SUNSET   720 PM CDT
SEPTEMBER 20 2017.....SUNRISE   705 AM CDT   SUNSET   719 PM CDT


-  INDICATES NEGATIVE NUMBERS.
R  INDICATES RECORD WAS SET OR TIED.
MM INDICATES DATA IS MISSING.
T  INDICATES TRACE AMOUNT.


&&

...MISCELLANEOUS CLIMATE DATA FROM YESTERDAY...

LOCATION                HIGH    LOW      PRECIP
ST. JOSEPH               78      59       0.11
DOWNTOWN KANSAS CITY     77      67       0.20
OLATHE NEW CENTURY       75      62       0.18
OLATHE JO CO EXEC        74      63       0.25
LEES SUMMIT              73      64       0.24
KIRKSVILLE               76      54       T
CHILLICOTHE              75      60       0.04
SEDALIA                  80      63       0.38
NWS PLEASANT HILL MO     71      63       0.30


THIS PRODUCT...ALONG WITH OTHER WEATHER...HYDROLOGICAL AND CLIMATE
INFORMATION...IS AVAILABLE ON THE WEB AT HTTP://WWW.WEATHER.GOV/EAX
OR AT HTTP://WEATHER.GOV

$$

JL
