575
CDUS43 KEAX 250032
CLIMCI

CLIMATE REPORT
NATIONAL WEATHER SERVICE KANSAS CITY/PLEASANT HILL MO
731 PM CDT WED MAY 24 2017


...................................

...THE KANSAS CITY INTERNATIONAL MO CLIMATE SUMMARY FOR MAY 24 2017...
VALID TODAY AS OF 0700 PM LOCAL TIME.

CLIMATE NORMAL PERIOD 1981 TO 2010
CLIMATE RECORD PERIOD 1888 TO 2017


WEATHER ITEM   OBSERVED TIME   RECORD YEAR NORMAL DEPARTURE LAST
                VALUE   (LST)  VALUE       VALUE  FROM      YEAR
                                                  NORMAL
..................................................................
TEMPERATURE (F)
 TODAY
  MAXIMUM         66    534 PM  97    1939  77    -11       79
  MINIMUM         48    418 AM  41    1925  57     -9       61
  AVERAGE         57                        67    -10       70

PRECIPITATION (IN)
  TODAY            T             2.63 1902   0.17  -0.17     0.34
  MONTH TO DATE    4.94                      4.06   0.88     4.45
  SINCE MAR 1     14.39                     10.13   4.26    14.32
  SINCE JAN 1     15.84                     12.66   3.18    15.48

SNOWFALL (IN)
  TODAY            0.0           0.0    MM   0.0    0.0      0.0
  MONTH TO DATE    0.0                       0.0    0.0      0.0
  SINCE MAR 1      0.4                       2.6   -2.2      0.6
  SINCE JUL 1      4.9                      18.8  -13.9      5.9
  SNOW DEPTH       0

DEGREE DAYS
 HEATING
  TODAY            8                         2      6        0
  MONTH TO DATE  105                        93     12      120
  SINCE MAR 1    888                      1068   -180      805
  SINCE JUL 1   4142                      5113   -971     4162

 COOLING
  TODAY            0                         4     -4        5
  MONTH TO DATE   56                        55      1       20
  SINCE MAR 1     89                        83      6       34
  SINCE JAN 1     89                        83      6       34
..................................................................


WIND (MPH)
  HIGHEST WIND SPEED    20   HIGHEST WIND DIRECTION     N (350)
  HIGHEST GUST SPEED    25   HIGHEST GUST DIRECTION     N (360)
  AVERAGE WIND SPEED    10.0


SKY COVER
  POSSIBLE SUNSHINE  MM
  AVERAGE SKY COVER 0.7


WEATHER CONDITIONS
 THE FOLLOWING WEATHER WAS RECORDED TODAY.
  LIGHT RAIN
  FOG


RELATIVE HUMIDITY (PERCENT)
 HIGHEST    93           100 AM
 LOWEST     56           300 PM
 AVERAGE    75

..........................................................


THE KANSAS CITY INTERNATIONAL MO CLIMATE NORMALS FOR TOMORROW
                         NORMAL    RECORD    YEAR
 MAXIMUM TEMPERATURE (F)   77        92      1967
                                             1953
 MINIMUM TEMPERATURE (F)   57        39      1925


SUNRISE AND SUNSET
MAY 24 2017...........SUNRISE   558 AM CDT   SUNSET   834 PM CDT
MAY 25 2017...........SUNRISE   558 AM CDT   SUNSET   835 PM CDT


-  INDICATES NEGATIVE NUMBERS.
R  INDICATES RECORD WAS SET OR TIED.
MM INDICATES DATA IS MISSING.
T  INDICATES TRACE AMOUNT.


&&

...MISCELLANEOUS CLIMATE DATA FROM TODAY...

LOCATION                HIGH    LOW      PRECIP
ST. JOSEPH               69      48       0.00
DOWNTOWN KANSAS CITY     68      49       T
OLATHE NEW CENTURY       67      47       0.00
OLATHE JO CO EXEC        65      47       0.00
LEES SUMMIT              67      47       0.01
KIRKSVILLE               64      44       0.19
CHILLICOTHE              67      47       0.06
SEDALIA                  68      49       0.01
NWS PLEASANT HILL MO     6666     46       0.03


THIS PRODUCT...ALONG WITH OTHER WEATHER...HYDROLOGICAL AND CLIMATE
INFORMATION...IS AVAILABLE ON THE WEB AT HTTP://WWW.WEATHER.GOV/EAX
OR AT HTTP://WEATHER.GOV

$$
