000
CDUS43 KEAX 290632
CLIMCI

CLIMATE REPORT
NATIONAL WEATHER SERVICE KANSAS CITY/PLEASANT HILL MO
131 AM CDT TUE JUL 29 2014


...................................

...THE KANSAS CITY INTERNATIONAL MO CLIMATE SUMMARY FOR JULY 28 2014...

CLIMATE NORMAL PERIOD 1981 TO 2010
CLIMATE RECORD PERIOD 1888 TO 2014


WEATHER ITEM   OBSERVED TIME   RECORD YEAR NORMAL DEPARTURE LAST
                VALUE   (LST)  VALUE       VALUE  FROM      YEAR
                                                  NORMAL
..................................................................
TEMPERATURE (F)
 YESTERDAY
  MAXIMUM         80    402 PM 103    1983  89     -9       78
                                      1957
                                      1935
  MINIMUM         59    535 AM  52    1994  69    -10       53
  AVERAGE         70                        79     -9       66

PRECIPITATION (IN)
  YESTERDAY        0.00          4.57 1895   0.12  -0.12     0.00
  MONTH TO DATE    3.04                      4.08  -1.04     0.44
  SINCE JUN 1      9.95                      9.31   0.64     3.56
  SINCE JAN 1     18.57                     23.14  -4.57    18.49

SNOWFALL (IN)
  YESTERDAY        0.0           0.0    MM   0.0    0.0      0.0
  MONTH TO DATE    0.0                       0.0    0.0      0.0
  SINCE JUN 1      0.0                       0.0    0.0      0.0
  SINCE JUL 1      0.0                       0.0    0.0      0.0
  SNOW DEPTH       0

DEGREE DAYS
 HEATING
  YESTERDAY        0                         0      0        0
  MONTH TO DATE    2                         0      2        0
  SINCE JUN 1      3                         9     -6       17
  SINCE JUL 1      2                         0      2        0

 COOLING
  YESTERDAY        5                        14     -9        1
  MONTH TO DATE  267                       377   -110      345
  SINCE JUN 1    544                       643    -99      621
  SINCE JAN 1    705                       759    -54      726
..................................................................


WIND (MPH)
  HIGHEST WIND SPEED    14   HIGHEST WIND DIRECTION     N (340)
  HIGHEST GUST SPEED    19   HIGHEST GUST DIRECTION    NW (320)
  AVERAGE WIND SPEED     7.4


SKY COVER
  POSSIBLE SUNSHINE  MM
  AVERAGE SKY COVER 0.4


WEATHER CONDITIONS
 THE FOLLOWING WEATHER WAS RECORDED YESTERDAY.
  NO SIGNIFICANT WEATHER WAS OBSERVED.


RELATIVE HUMIDITY (PERCENT)
 HIGHEST    90           300 AM
 LOWEST     51           200 PM
 AVERAGE    71

..........................................................


THE KANSAS CITY INTERNATIONAL MO CLIMATE NORMALS FOR TODAY
                         NORMAL    RECORD    YEAR
 MAXIMUM TEMPERATURE (F)   89       105      2012
                                             1947
 MINIMUM TEMPERATURE (F)   69        55      1994


SUNRISE AND SUNSET
JULY 29 2014..........SUNRISE   616 AM CDT   SUNSET   834 PM CDT
JULY 30 2014..........SUNRISE   617 AM CDT   SUNSET   833 PM CDT


-  INDICATES NEGATIVE NUMBERS.
R  INDICATES RECORD WAS SET OR TIED.
MM INDICATES DATA IS MISSING.
T  INDICATES TRACE AMOUNT.



&&

...MISCELLANEOUS CLIMATE DATA FROM YESTERDAY...

LOCATION                HIGH    LOW      PRECIP
ST. JOSEPH               79      57       0.00
DOWNTOWN KANSAS CITY     82      63       0.00
OLATHE NEW CENTURY       82      59       0.00
OLATHE JO CO EXEC        83      63       0.00
LEES SUMMIT              81      60       0.00
KIRKSVILLE               78      57       0.00
CHILLICOTHE              81      63       0.00
SEDALIA                  82      61       0.00
NWS PLEASANT HILL MO     79      60       0.00


THIS PRODUCT...ALONG WITH OTHER WEATHER...HYDROLOGICAL AND CLIMATE
INFORMATION...IS AVAILABLE ON THE WEB AT HTTP://WWW.CRH.NOAA.GOV/EAX
OR AT HTTP://WEATHER.GOV

$$
