000
CDUS43 KEAX 170632
CLIMCI

CLIMATE REPORT
NATIONAL WEATHER SERVICE KANSAS CITY/PLEASANT HILL MO
1231 AM CST FRI FEB 17 2017


...................................

...THE KANSAS CITY INTERNATIONAL MO CLIMATE SUMMARY FOR FEBRUARY 16 2017...

CLIMATE NORMAL PERIOD 1981 TO 2010
CLIMATE RECORD PERIOD 1888 TO 2017


WEATHER ITEM   OBSERVED TIME   RECORD YEAR NORMAL DEPARTURE LAST
                VALUE   (LST)  VALUE       VALUE  FROM      YEAR
                                                  NORMAL
..................................................................
TEMPERATURE (F)
 YESTERDAY
  MAXIMUM         73    346 PM  74    1961  44     29       45
  MINIMUM         33   1239 AM  -8    1979  24      9       29
  AVERAGE         53                        34     19       37

PRECIPITATION (IN)
  YESTERDAY        0.00          1.50 1911   0.05  -0.05      T
  MONTH TO DATE    T                         0.79  -0.79     0.40
  SINCE DEC 1      2.58                      3.39  -0.81     4.40
  SINCE JAN 1      1.39                      1.86  -0.47     1.16

SNOWFALL (IN)
  YESTERDAY        0.0           1.4  2007   0.2   -0.2      0.0
  MONTH TO DATE    0.0                       3.4   -3.4       T
  SINCE DEC 1      4.5                      12.8   -8.3      5.3
  SINCE JUL 1      4.5                      14.2   -9.7      5.3
  SNOW DEPTH       0

DEGREE DAYS
 HEATING
  YESTERDAY       12                        31    -19       28
  MONTH TO DATE  428                       535   -107      511
  SINCE DEC 1   2506                      2697   -191     2378
  SINCE JUL 1   3090                      3699   -609     3125

 COOLING
  YESTERDAY        0                         0      0        0
  MONTH TO DATE    0                         0      0        0
  SINCE DEC 1      0                         0      0        0
  SINCE JAN 1      0                         0      0        0
..................................................................


WIND (MPH)
  HIGHEST WIND SPEED    24   HIGHEST WIND DIRECTION    SW (240)
  HIGHEST GUST SPEED    32   HIGHEST GUST DIRECTION    SW (240)
  AVERAGE WIND SPEED    14.8


SKY COVER
  POSSIBLE SUNSHINE  MM
  AVERAGE SKY COVER 0.4


WEATHER CONDITIONS
 THE FOLLOWING WEATHER WAS RECORDED YESTERDAY.
  NO SIGNIFICANT WEATHER WAS OBSERVED.


RELATIVE HUMIDITY (PERCENT)
 HIGHEST    64           100 AM
 LOWEST     19           300 PM
 AVERAGE    42

..........................................................


THE KANSAS CITY INTERNATIONAL MO CLIMATE NORMALS FOR TODAY
                         NORMAL    RECORD    YEAR
 MAXIMUM TEMPERATURE (F)   44        74      2011
 MINIMUM TEMPERATURE (F)   24        -9      1903


SUNRISE AND SUNSET
FEBRUARY 17 2017......SUNRISE   708 AM CST   SUNSET   558 PM CST
FEBRUARY 18 2017......SUNRISE   706 AM CST   SUNSET   600 PM CST


-  INDICATES NEGATIVE NUMBERS.
R  INDICATES RECORD WAS SET OR TIED.
MM INDICATES DATA IS MISSING.
T  INDICATES TRACE AMOUNT.


&&

...MISCELLANEOUS CLIMATE DATA FROM YESTERDAY...

LOCATION                HIGH    LOW      PRECIP
ST. JOSEPH               74      25       0.00
DOWNTOWN KANSAS CITY     74      40       0.00
OLATHE NEW CENTURY       72      35       0.00
OLATHE JO CO EXEC        70      35       0.00
LEES SUMMIT              71      38       0.00
KIRKSVILLE               73      28       0.00
CHILLICOTHE              74      27       0.00
SEDALIA                  68      37       0.00
NWS PLEASANT HILL MO     72      37       0.00


THIS PRODUCT...ALONG WITH OTHER WEATHER...HYDROLOGICAL AND CLIMATE
INFORMATION...IS AVAILABLE ON THE WEB AT HTTP://WWW.WEATHER.GOV/EAX
OR AT HTTP://WEATHER.GOV

$$

JW
