000
CDUS43 KEAX 250638
CLIMCI

CLIMATE REPORT
NATIONAL WEATHER SERVICE KANSAS CITY/PLEASANT HILL MO
1238 AM CST TUE NOV 25 2014


...................................

...THE KANSAS CITY INTERNATIONAL MO CLIMATE SUMMARY FOR NOVEMBER 24 2014...

CLIMATE NORMAL PERIOD 1981 TO 2010
CLIMATE RECORD PERIOD 1888 TO 2014


WEATHER ITEM   OBSERVED TIME   RECORD YEAR NORMAL DEPARTURE LAST
                VALUE   (LST)  VALUE       VALUE  FROM      YEAR
                                                  NORMAL
..................................................................
TEMPERATURE (F)
 YESTERDAY
  MAXIMUM         40   1248 AM  73    1990  49     -9       29
  MINIMUM         29   1159 PM   9    1950  30     -1       11
  AVERAGE         35                        39     -4       20

PRECIPITATION (IN)
  YESTERDAY        0.00          0.80 1966   0.07  -0.07     0.00
  MONTH TO DATE    0.63                      1.75  -1.12     1.43
  SINCE SEP 1     12.17                      9.53   2.64    11.01
  SINCE JAN 1     38.16                     36.93   1.23    33.68

SNOWFALL (IN)
  YESTERDAY        0.0           5.1  2004   0.1   -0.1      0.0
  MONTH TO DATE    0.5                       0.7   -0.2      0.0
  SINCE SEP 1      0.5                       0.9   -0.4      0.0
  SINCE JUL 1      0.5                       0.9   -0.4      0.0
  SNOW DEPTH       0

DEGREE DAYS
 HEATING
  YESTERDAY       30                        26      4       45
  MONTH TO DATE  662                       479    183      525
  SINCE SEP 1    962                       837    125      873
  SINCE JUL 1    964                       839    125      873

 COOLING
  YESTERDAY        0                         0      0        0
  MONTH TO DATE    0                         0      0        0
  SINCE SEP 1    144                       185    -41      251
  SINCE JAN 1   1263                      1358    -95     1345
..................................................................


WIND (MPH)
  HIGHEST WIND SPEED    28   HIGHEST WIND DIRECTION    NW (320)
  HIGHEST GUST SPEED    38   HIGHEST GUST DIRECTION    NW (310)
  AVERAGE WIND SPEED    13.2


SKY COVER
  POSSIBLE SUNSHINE  MM
  AVERAGE SKY COVER 0.6


WEATHER CONDITIONS
 THE FOLLOWING WEATHER WAS RECORDED YESTERDAY.
  NO SIGNIFICANT WEATHER WAS OBSERVED.


RELATIVE HUMIDITY (PERCENT)
 HIGHEST    79          1200 AM
 LOWEST     43          1100 PM
 AVERAGE    61

..........................................................


THE KANSAS CITY INTERNATIONAL MO CLIMATE NORMALS FOR TODAY
                         NORMAL    RECORD    YEAR
 MAXIMUM TEMPERATURE (F)   48        70      1926
 MINIMUM TEMPERATURE (F)   30        11      1977


SUNRISE AND SUNSET
NOVEMBER 25 2014......SUNRISE   713 AM CST   SUNSET   458 PM CST
NOVEMBER 26 2014......SUNRISE   714 AM CST   SUNSET   458 PM CST


-  INDICATES NEGATIVE NUMBERS.
R  INDICATES RECORD WAS SET OR TIED.
MM INDICATES DATA IS MISSING.
T  INDICATES TRACE AMOUNT.



&&

...MISCELLANEOUS CLIMATE DATA FROM YESTERDAY...

LOCATION                HIGH    LOW      PRECIP
ST. JOSEPH               39      27       0.00
DOWNTOWN KANSAS CITY     43      32       T
OLATHE NEW CENTURY       40      29       0.00
OLATHE JO CO EXEC        41      30       0.00
LEES SUMMIT              41      31       0.00
KIRKSVILLE               35      28       0.12
CHILLICOTHE              41      29       0.00
SEDALIA                  41      31       0.02
NWS PLEASANT HILL MO     39      29       T


THIS PRODUCT...ALONG WITH OTHER WEATHER...HYDROLOGICAL AND CLIMATE
INFORMATION...IS AVAILABLE ON THE WEB AT HTTP://WWW.CRH.NOAA.GOV/EAX
OR AT HTTP://WEATHER.GOV

$$

CUTTER
