000
CDUS43 KEAX 150633
CLIMCI

CLIMATE REPORT
NATIONAL WEATHER SERVICE KANSAS CITY/PLEASANT HILL MO
132 AM CDT SAT APR 15 2017


...................................

...THE KANSAS CITY INTERNATIONAL MO CLIMATE SUMMARY FOR APRIL 14 2017...

CLIMATE NORMAL PERIOD 1981 TO 2010
CLIMATE RECORD PERIOD 1888 TO 2017


WEATHER ITEM   OBSERVED TIME   RECORD YEAR NORMAL DEPARTURE LAST
                VALUE   (LST)  VALUE       VALUE  FROM      YEAR
                                                  NORMAL
..................................................................
TEMPERATURE (F)
 YESTERDAY
  MAXIMUM         79    423 PM  92    1972  65     14       73
  MINIMUM         60    443 AM  25    1928  44     16       44
  AVERAGE         70                        54     16       59

PRECIPITATION (IN)
  YESTERDAY        0.34          1.75 1999   0.12   0.22     0.00
  MONTH TO DATE    3.54                      1.48   2.06     0.34
  SINCE MAR 1      6.35                      3.85   2.50     3.06
  SINCE JAN 1      7.80                      6.38   1.42     4.22

SNOWFALL (IN)
  YESTERDAY        0.0           1.0  1996   0.0    0.0      0.0
  MONTH TO DATE    0.0                       0.4   -0.4      0.0
  SINCE MAR 1      0.4                       2.4   -2.0      0.6
  SINCE JUL 1      4.9                      18.6  -13.7      5.9
  SNOW DEPTH       0

DEGREE DAYS
 HEATING
  YESTERDAY        0                        11    -11        6
  MONTH TO DATE  125                       187    -62      173
  SINCE MAR 1    650                       833   -183      616
  SINCE JUL 1   3904                      4878   -974     3973

 COOLING
  YESTERDAY        5                         1      4        0
  MONTH TO DATE   14                         8      6        0
  SINCE MAR 1     20                        11      9        2
  SINCE JAN 1     20                        11      9        2
..................................................................


WIND (MPH)
  HIGHEST WIND SPEED    29   HIGHEST WIND DIRECTION     S (190)
  HIGHEST GUST SPEED    38   HIGHEST GUST DIRECTION     S (180)
  AVERAGE WIND SPEED    15.0


SKY COVER
  POSSIBLE SUNSHINE  MM
  AVERAGE SKY COVER 0.8


WEATHER CONDITIONS
 THE FOLLOWING WEATHER WAS RECORDED YESTERDAY.
  THUNDERSTORM
  RAIN
  LIGHT RAIN
  FOG


RELATIVE HUMIDITY (PERCENT)
 HIGHEST   100           500 AM
 LOWEST     45           500 PM
 AVERAGE    73

..........................................................


THE KANSAS CITY INTERNATIONAL MO CLIMATE NORMALS FOR TODAY
                         NORMAL    RECORD    YEAR
 MAXIMUM TEMPERATURE (F)   66        88      2002
                                             1924
 MINIMUM TEMPERATURE (F)   44        22      1983


SUNRISE AND SUNSET
APRIL 15 2017.........SUNRISE   641 AM CDT   SUNSET   757 PM CDT
APRIL 16 2017.........SUNRISE   640 AM CDT   SUNSET   758 PM CDT


-  INDICATES NEGATIVE NUMBERS.
R  INDICATES RECORD WAS SET OR TIED.
MM INDICATES DATA IS MISSING.
T  INDICATES TRACE AMOUNT.


&&

...MISCELLANEOUS CLIMATE DATA FROM YESTERDAY...

LOCATION                HIGH    LOW      PRECIP
ST. JOSEPH               0       0       0.00
DOWNTOWN KANSAS CITY     80      62       0.01
OLATHE NEW CENTURY       79      60       0.32
OLATHE JO CO EXEC        78      59       0.19
LEES SUMMIT              80      60       0.06
KIRKSVILLE               76      57       T
CHILLICOTHE              78      60       0.00
SEDALIA                  82      63       0.03
NWS PLEASANT HILL MO     79      60       0.22


THIS PRODUCT...ALONG WITH OTHER WEATHER...HYDROLOGICAL AND CLIMATE
INFORMATION...IS AVAILABLE ON THE WEB AT HTTP://WWW.WEATHER.GOV/EAX
OR AT HTTP://WEATHER.GOV

$$

CDB
