000
CDUS43 KEAX 240632
CLIMCI

CLIMATE REPORT
NATIONAL WEATHER SERVICE KANSAS CITY/PLEASANT HILL MO
131 AM CDT SUN APR 24 2016


...................................

...THE KANSAS CITY INTERNATIONAL MO CLIMATE SUMMARY FOR APRIL 23 2016...

CLIMATE NORMAL PERIOD 1981 TO 2010
CLIMATE RECORD PERIOD 1888 TO 2016


WEATHER ITEM   OBSERVED TIME   RECORD YEAR NORMAL DEPARTURE LAST
                VALUE   (LST)  VALUE       VALUE  FROM      YEAR
                                                  NORMAL
..................................................................
TEMPERATURE (F)
 YESTERDAY
  MAXIMUM         78    437 PM  90    1965  68     10       67
  MINIMUM         50    549 AM  32    1893  47      3       37
  AVERAGE         64                        57      7       52

PRECIPITATION (IN)
  YESTERDAY        0.00          4.49 1975   0.15  -0.15     0.00
  MONTH TO DATE    1.47                      2.65  -1.18     2.73
  SINCE MAR 1      4.19                      5.02  -0.83     3.61
  SINCE JAN 1      5.35                      7.55  -2.20     5.79

SNOWFALL (IN)
  YESTERDAY        0.0           T    2013   0.0    0.0      0.0
  MONTH TO DATE    0.0                       0.6   -0.6      0.0
  SINCE MAR 1      0.6                       2.6   -2.0       T
  SINCE JUL 1      5.9                      18.8  -12.9     14.2
  SNOW DEPTH       0

DEGREE DAYS
 HEATING
  YESTERDAY        1                         9     -8       13
  MONTH TO DATE  203                       277    -74      188
  SINCE MAR 1    646                       923   -277      750
  SINCE JUL 1   4003                      4968   -965     4964

 COOLING
  YESTERDAY        0                         1     -1        0
  MONTH TO DATE    4                        17    -13        7
  SINCE MAR 1      6                        20    -14        9
  SINCE JAN 1      6                        20    -14        9
..................................................................


WIND (MPH)
  HIGHEST WIND SPEED    22   HIGHEST WIND DIRECTION     S (170)
  HIGHEST GUST SPEED    28   HIGHEST GUST DIRECTION    SE (150)
  AVERAGE WIND SPEED    12.1


SKY COVER
  POSSIBLE SUNSHINE  MM
  AVERAGE SKY COVER 0.2


WEATHER CONDITIONS
 THE FOLLOWING WEATHER WAS RECORDED YESTERDAY.
  FOG


RELATIVE HUMIDITY (PERCENT)
 HIGHEST    93           500 AM
 LOWEST     35           300 PM
 AVERAGE    64

..........................................................


THE KANSAS CITY INTERNATIONAL MO CLIMATE NORMALS FOR TODAY
                         NORMAL    RECORD    YEAR
 MAXIMUM TEMPERATURE (F)   68        90      1989
 MINIMUM TEMPERATURE (F)   47        27      1967


SUNRISE AND SUNSET
APRIL 24 2016.........SUNRISE   629 AM CDT   SUNSET   806 PM CDT
APRIL 25 2016.........SUNRISE   627 AM CDT   SUNSET   807 PM CDT


-  INDICATES NEGATIVE NUMBERS.
R  INDICATES RECORD WAS SET OR TIED.
MM INDICATES DATA IS MISSING.
T  INDICATES TRACE AMOUNT.


&&

...MISCELLANEOUS CLIMATE DATA FROM YESTERDAY...

LOCATION                HIGH    LOW      PRECIP
ST. JOSEPH               80      45       0.00
DOWNTOWN KANSAS CITY     80      50       0.00
OLATHE NEW CENTURY       79      50       0.00
OLATHE JO CO EXEC        76      49       0.00
LEES SUMMIT              78      50       0.00
KIRKSVILLE               72      42       0.00
CHILLICOTHE              78      42       0.00
SEDALIA                  79      47       0.00
NWS PLEASANT HILL MO     78      49       0.00


THIS PRODUCT...ALONG WITH OTHER WEATHER...HYDROLOGICAL AND CLIMATE
INFORMATION...IS AVAILABLE ON THE WEB AT HTTP://WWW.WEATHER.GOV/EAX
OR AT HTTP://WEATHER.GOV

$$

JW
