000
CDUS43 KEAX 020646
CLIMCI

CLIMATE REPORT
NATIONAL WEATHER SERVICE KANSAS CITY/PLEASANT HILL MO
1233 AM CST MON MAR 2 2015


...................................

...THE KANSAS CITY INTERNATIONAL MO CLIMATE SUMMARY FOR MARCH 1 2015...

CLIMATE NORMAL PERIOD 1981 TO 2010
CLIMATE RECORD PERIOD 1888 TO 2015


WEATHER ITEM   OBSERVED TIME   RECORD YEAR NORMAL DEPARTURE LAST
                VALUE   (LST)  VALUE       VALUE  FROM      YEAR
                                                  NORMAL
..................................................................
TEMPERATURE (F)
 YESTERDAY
  MAXIMUM         33    449 PM  79    1992  49    -16       32
  MINIMUM         20    720 AM  -1    1962  28     -8        5
  AVERAGE         27                        39    -12       19

PRECIPITATION (IN)
  YESTERDAY        T             0.99 1991   0.06  -0.06     0.17
  MONTH TO DATE    T                         0.06  -0.06     0.17
  SINCE MAR 1      T                         0.06  -0.06     0.17
  SINCE JAN 1      2.18                      2.59  -0.41     1.92

SNOWFALL (IN)
  YESTERDAY        T             4.6  1953   0.1   -0.1      1.1
  MONTH TO DATE    T                         0.1   -0.1      1.1
  SINCE MAR 1      T                         0.1   -0.1      1.1
  SINCE JUL 1     14.2                      16.3   -2.1     23.7
  SNOW DEPTH       1

DEGREE DAYS
 HEATING
  YESTERDAY       38                        26     12       46
  MONTH TO DATE   38                        26     12       46
  SINCE MAR 1     38                        26     12       46
  SINCE JUL 1   4252                      4071    181     4612

 COOLING
  YESTERDAY        0                         0      0        0
  MONTH TO DATE    0                         0      0        0
  SINCE MAR 1      0                         0      0        0
  SINCE JAN 1      0                         0      0        0
..................................................................


WIND (MPH)
  HIGHEST WIND SPEED    13   HIGHEST WIND DIRECTION    NW (300)
  HIGHEST GUST SPEED    20   HIGHEST GUST DIRECTION     N (20)
  AVERAGE WIND SPEED     3.2


SKY COVER
  POSSIBLE SUNSHINE  MM
  AVERAGE SKY COVER 0.8


WEATHER CONDITIONS
 THE FOLLOWING WEATHER WAS RECORDED YESTERDAY.
  LIGHT SNOW
  FOG


RELATIVE HUMIDITY (PERCENT)
 HIGHEST    92          1200 AM
 LOWEST     63           300 PM
 AVERAGE    78

..........................................................


THE KANSAS CITY INTERNATIONAL MO CLIMATE NORMALS FOR TODAY
                         NORMAL    RECORD    YEAR
 MAXIMUM TEMPERATURE (F)   49        80      1901
 MINIMUM TEMPERATURE (F)   29        -7      1980


SUNRISE AND SUNSET
MARCH  2 2015.........SUNRISE   650 AM CST   SUNSET   612 PM CST
MARCH  3 2015.........SUNRISE   649 AM CST   SUNSET   613 PM CST


-  INDICATES NEGATIVE NUMBERS.
R  INDICATES RECORD WAS SET OR TIED.
MM INDICATES DATA IS MISSING.
T  INDICATES TRACE AMOUNT.



&&

...MISCELLANEOUS CLIMATE DATA FROM YESTERDAY...

LOCATION                HIGH    LOW      PRECIP
ST. JOSEPH               33      22       T
DOWNTOWN KANSAS CITY     35      24       T
OLATHE NEW CENTURY       33      20       T
OLATHE JO CO EXEC        34      21       T
LEES SUMMIT              33      22       T
KIRKSVILLE               31      20       0.09
CHILLICOTHE              33      22       0.05
SEDALIA                  30      21       0.06
NWS PLEASANT HILL MO     31      20       0.01


THIS PRODUCT...ALONG WITH OTHER WEATHER...HYDROLOGICAL AND CLIMATE
INFORMATION...IS AVAILABLE ON THE WEB AT HTTP://WWW.CRH.NOAA.GOV/EAX
OR AT HTTP://WEATHER.GOV

$$

73
