000
CDUS43 KEAX 162125
CLIMCI

CLIMATE REPORT
NATIONAL WEATHER SERVICE KANSAS CITY/PLEASANT HILL MO
424 PM CDT MON OCT 16 2017


...................................

...THE KANSAS CITY INTERNATIONAL MO CLIMATE SUMMARY FOR OCTOBER 16 2017...
VALID AS OF 0400 PM LOCAL TIME.

CLIMATE NORMAL PERIOD 1981 TO 2010
CLIMATE RECORD PERIOD 1888 TO 2017


WEATHER ITEM   OBSERVED TIME   RECORD YEAR NORMAL DEPARTURE LAST
                VALUE   (LST)  VALUE       VALUE  FROM      YEAR
                                                  NORMAL
..................................................................
TEMPERATURE (F)
 TODAY
  MAXIMUM         68    259 PM  90    1938  67      1       85
  MINIMUM         37    601 AM  29    1976  46     -9       67
                                      1943
  AVERAGE         53                        56     -3       76

PRECIPITATION (IN)
  TODAY            0.00          1.46 1913   0.10  -0.10     0.00
  MONTH TO DATE    1.94                      1.78   0.16     2.48
  SINCE SEP 1      4.74                      6.40  -1.66     7.42
  SINCE JAN 1     42.63                     33.80   8.83    46.85

SNOWFALL (IN)
  TODAY            0.0           T    2002   0.1   -0.1      0.0
  MONTH TO DATE    0.0                       0.1   -0.1      0.0
  SINCE SEP 1      0.0                       0.1   -0.1      0.0
  SINCE JUL 1      0.0                       0.1   -0.1      0.0
  SNOW DEPTH       0

DEGREE DAYS
 HEATING
  TODAY           12                         9      3        0
  MONTH TO DATE   61                       116    -55       74
  SINCE SEP 1     77                       181   -104       95
  SINCE JUL 1     81                       183   -102       95

 COOLING
  TODAY            0                         1     -1       11
  MONTH TO DATE   42                        21     21       26
  SINCE SEP 1    247                       180     67      246
  SINCE JAN 1   1325                      1353    -28     1543
..................................................................


WIND (MPH)
  HIGHEST WIND SPEED    16   HIGHEST WIND DIRECTION    SW (220)
  HIGHEST GUST SPEED    23   HIGHEST GUST DIRECTION    SW (210)
  AVERAGE WIND SPEED     7.6


SKY COVER
  POSSIBLE SUNSHINE  MM
  AVERAGE SKY COVER 0.0


WEATHER CONDITIONS
 THE FOLLOWING WEATHER WAS RECORDED TODAY.
  NO SIGNIFICANT WEATHER WAS OBSERVED.


RELATIVE HUMIDITY (PERCENT)
 HIGHEST    92           600 AM
 LOWEST     37          1200 PM
 AVERAGE    65

..........................................................


THE KANSAS CITY INTERNATIONAL MO CLIMATE NORMALS FOR TOMORROW
                         NORMAL    RECORD    YEAR
 MAXIMUM TEMPERATURE (F)   67        88      1950
 MINIMUM TEMPERATURE (F)   46        25      1976


SUNRISE AND SUNSET
OCTOBER 16 2017.......SUNRISE   730 AM CDT   SUNSET   638 PM CDT
OCTOBER 17 2017.......SUNRISE   731 AM CDT   SUNSET   637 PM CDT


-  INDICATES NEGATIVE NUMBERS.
R  INDICATES RECORD WAS SET OR TIED.
MM INDICATES DATA IS MISSING.
T  INDICATES TRACE AMOUNT.


&&

...MISCELLANEOUS CLIMATE DATA FROM TODAY...

LOCATION                HIGH    LOW      PRECIP
ST. JOSEPH               73      33       0.00
DOWNTOWN KANSAS CITY     70      42       0.00
OLATHE NEW CENTURY       68      38       0.00
OLATHE JO CO EXEC        67      39       0.00
LEES SUMMIT              68      43       0.00
KIRKSVILLE               67      38       0.00
CHILLICOTHE              70      36       0.00
SEDALIA                  70      42       0.00
NWS PLEASANT HILL MO     69      41       0.00


THIS PRODUCT...ALONG WITH OTHER WEATHER...HYDROLOGICAL AND CLIMATE
INFORMATION...IS AVAILABLE ON THE WEB AT HTTP://WWW.WEATHER.GOV/EAX
OR AT HTTP://WEATHER.GOV

$$

CUTTER
