000
CDUS43 KEAX 150633
CLIMCI

CLIMATE REPORT
NATIONAL WEATHER SERVICE KANSAS CITY/PLEASANT HILL MO
1232 AM CST FRI DEC 15 2017


...................................

...THE KANSAS CITY INTERNATIONAL MO CLIMATE SUMMARY FOR DECEMBER 14 2017...

CLIMATE NORMAL PERIOD 1981 TO 2010
CLIMATE RECORD PERIOD 1888 TO 2017


WEATHER ITEM   OBSERVED TIME   RECORD YEAR NORMAL DEPARTURE LAST
                VALUE   (LST)  VALUE       VALUE  FROM      YEAR
                                                  NORMAL
..................................................................
TEMPERATURE (F)
 YESTERDAY
  MAXIMUM         41    401 PM  67    1933  40      1       28
  MINIMUM         32   1159 PM  -8    1901  23      9       14
  AVERAGE         37                        31      6       21

PRECIPITATION (IN)
  YESTERDAY        0.00          1.66 1975   0.05  -0.05     0.00
  MONTH TO DATE    T                         0.80  -0.80     0.70
  SINCE DEC 1      T                         0.80  -0.80     0.70
  SINCE JAN 1     45.83                     38.13   7.70    48.16

SNOWFALL (IN)
  YESTERDAY        0.0           9.7  1987   0.2   -0.2      0.0
  MONTH TO DATE    T                         2.0   -2.0      0.3
  SINCE DEC 1      T                         2.0   -2.0      0.3
  SINCE JUL 1      T                         3.4   -3.4      0.3
  SNOW DEPTH       0

DEGREE DAYS
 HEATING
  YESTERDAY       28                        34     -6       44
  MONTH TO DATE  365                       441    -76      495
  SINCE DEC 1    365                       441    -76      495
  SINCE JUL 1   1245                      1443   -198     1079

 COOLING
  YESTERDAY        0                         0      0        0
  MONTH TO DATE    0                         0      0        0
  SINCE DEC 1      0                         0      0        0
  SINCE JAN 1   1325                      1360    -35     1585
..................................................................


WIND (MPH)
  HIGHEST WIND SPEED    16   HIGHEST WIND DIRECTION    NE (30)
  HIGHEST GUST SPEED    20   HIGHEST GUST DIRECTION    NE (30)
  AVERAGE WIND SPEED     4.8


SKY COVER
  POSSIBLE SUNSHINE  MM
  AVERAGE SKY COVER 1.0


WEATHER CONDITIONS
 THE FOLLOWING WEATHER WAS RECORDED YESTERDAY.
  HAZE


RELATIVE HUMIDITY (PERCENT)
 HIGHEST    70          1200 AM
 LOWEST     50           200 PM
 AVERAGE    60

..........................................................


THE KANSAS CITY INTERNATIONAL MO CLIMATE NORMALS FOR TODAY
                         NORMAL    RECORD    YEAR
 MAXIMUM TEMPERATURE (F)   40        68      2002
 MINIMUM TEMPERATURE (F)   22       -16      1989


SUNRISE AND SUNSET
DECEMBER 15 2017......SUNRISE   732 AM CST   SUNSET   457 PM CST
DECEMBER 16 2017......SUNRISE   732 AM CST   SUNSET   457 PM CST


-  INDICATES NEGATIVE NUMBERS.
R  INDICATES RECORD WAS SET OR TIED.
MM INDICATES DATA IS MISSING.
T  INDICATES TRACE AMOUNT.


&&

...MISCELLANEOUS CLIMATE DATA FROM YESTERDAY...

LOCATION                HIGH    LOW      PRECIP
ST. JOSEPH               43      26       0.00
DOWNTOWN KANSAS CITY     42      36       0.00
OLATHE NEW CENTURY       41      28       0.00
OLATHE JO CO EXEC        40      33       0.00
LEES SUMMIT              40      32       0.00
KIRKSVILLE               34      27       0.00
CHILLICOTHE              37      23       0.00
SEDALIA                  41      29       0.00
NWS PLEASANT HILL MO     39      27       0.00


THIS PRODUCT...ALONG WITH OTHER WEATHER...HYDROLOGICAL AND CLIMATE
INFORMATION...IS AVAILABLE ON THE WEB AT HTTP://WWW.WEATHER.GOV/EAX
OR AT HTTP://WEATHER.GOV

$$
