000
CDUS43 KEAX 280635
CLIMCI

CLIMATE REPORT
NATIONAL WEATHER SERVICE KANSAS CITY/PLEASANT HILL MO
133 AM CDT SUN SEP 28 2014


...................................

...THE KANSAS CITY INTERNATIONAL MO CLIMATE SUMMARY FOR SEPTEMBER 27 2014...

CLIMATE NORMAL PERIOD 1981 TO 2010
CLIMATE RECORD PERIOD 1888 TO 2014


WEATHER ITEM   OBSERVED TIME   RECORD YEAR NORMAL DEPARTURE LAST
                VALUE   (LST)  VALUE       VALUE  FROM      YEAR
                                                  NORMAL
..................................................................
TEMPERATURE (F)
 YESTERDAY
  MAXIMUM         81    310 PM  93    1990  74      7       85
                                      1956
                                      1897
  MINIMUM         59    447 AM  34    1942  52      7       69
  AVERAGE         70                        63      7       77

PRECIPITATION (IN)
  YESTERDAY        0.00          2.99 1900   0.15  -0.15     0.00
  MONTH TO DATE    2.19                      4.21  -2.02     4.44
  SINCE SEP 1      2.19                      4.21  -2.02     4.44
  SINCE JAN 1     28.18                     31.61  -3.43    27.11

SNOWFALL (IN)
  YESTERDAY        0.0           0.0    MM   0.0    0.0      0.0
  MONTH TO DATE    0.0                       0.0    0.0      0.0
  SINCE SEP 1      0.0                       0.0    0.0      0.0
  SINCE JUL 1      0.0                       0.0    0.0      0.0
  SNOW DEPTH       0

DEGREE DAYS
 HEATING
  YESTERDAY        0                         4     -4        0
  MONTH TO DATE   65                        49     16       10
  SINCE SEP 1     65                        49     16       10
  SINCE JUL 1     67                        51     16       10

 COOLING
  YESTERDAY        5                         3      2       12
  MONTH TO DATE  111                       152    -41      223
  SINCE SEP 1    111                       152    -41      223
  SINCE JAN 1   1230                      1325    -95     1317
..................................................................


WIND (MPH)
  HIGHEST WIND SPEED    15   HIGHEST WIND DIRECTION     S (160)
  HIGHEST GUST SPEED    19   HIGHEST GUST DIRECTION     S (160)
  AVERAGE WIND SPEED     7.1


SKY COVER
  POSSIBLE SUNSHINE  MM
  AVERAGE SKY COVER 0.2


WEATHER CONDITIONS
 THE FOLLOWING WEATHER WAS RECORDED YESTERDAY.
  NO SIGNIFICANT WEATHER WAS OBSERVED.


RELATIVE HUMIDITY (PERCENT)
 HIGHEST    90           200 AM
 LOWEST     45           200 PM
 AVERAGE    68

..........................................................


THE KANSAS CITY INTERNATIONAL MO CLIMATE NORMALS FOR TODAY
                         NORMAL    RECORD    YEAR
 MAXIMUM TEMPERATURE (F)   74       103      1953
 MINIMUM TEMPERATURE (F)   52        34      1942


SUNRISE AND SUNSET
SEPTEMBER 28 2014.....SUNRISE   712 AM CDT   SUNSET   706 PM CDT
SEPTEMBER 29 2014.....SUNRISE   713 AM CDT   SUNSET   705 PM CDT


-  INDICATES NEGATIVE NUMBERS.
R  INDICATES RECORD WAS SET OR TIED.
MM INDICATES DATA IS MISSING.
T  INDICATES TRACE AMOUNT.



&&

...MISCELLANEOUS CLIMATE DATA FROM YESTERDAY...

LOCATION                HIGH    LOW      PRECIP
ST. JOSEPH               84      52       0.00
DOWNTOWN KANSAS CITY     83      61       0.00
OLATHE NEW CENTURY       81      57       0.00
OLATHE JO CO EXEC        80      58       0.00
LEES SUMMIT              82      61       0.00
KIRKSVILLE               81      58       0.00
CHILLICOTHE              83      60       0.00
SEDALIA                  84      59       0.00
NWS PLEASANT HILL MO     82      58       0.00


THIS PRODUCT...ALONG WITH OTHER WEATHER...HYDROLOGICAL AND CLIMATE
INFORMATION...IS AVAILABLE ON THE WEB AT HTTP://WWW.CRH.NOAA.GOV/EAX
OR AT HTTP://WEATHER.GOV

$$

73
