000
CDUS43 KEAX 090633
CLIMCI

CLIMATE REPORT
NATIONAL WEATHER SERVICE KANSAS CITY/PLEASANT HILL MO
1232 AM CST SAT DEC 9 2017


...................................

...THE KANSAS CITY INTERNATIONAL MO CLIMATE SUMMARY FOR DECEMBER 8 2017...

CLIMATE NORMAL PERIOD 1981 TO 2010
CLIMATE RECORD PERIOD 1888 TO 2017


WEATHER ITEM   OBSERVED TIME   RECORD YEAR NORMAL DEPARTURE LAST
                VALUE   (LST)  VALUE       VALUE  FROM      YEAR
                                                  NORMAL
..................................................................
TEMPERATURE (F)
 YESTERDAY
  MAXIMUM         41    249 PM  69    1946  42     -1       25
  MINIMUM         12    149 AM  -7    1917  24    -12       14
  AVERAGE         27                        33     -6       20

PRECIPITATION (IN)
  YESTERDAY        0.00          0.66 1946   0.06  -0.06     0.00
  MONTH TO DATE    T                         0.47  -0.47     0.66
  SINCE DEC 1      T                         0.47  -0.47     0.66
  SINCE JAN 1     45.83                     37.80   8.03    48.12

SNOWFALL (IN)
  YESTERDAY        0.0           3.7  1961   0.2   -0.2      0.0
  MONTH TO DATE    T                         1.1   -1.1      0.3
  SINCE DEC 1      T                         1.1   -1.1      0.3
  SINCE JUL 1      T                         2.5   -2.5      0.3
  SNOW DEPTH       0

DEGREE DAYS
 HEATING
  YESTERDAY       38                        32      6       45
  MONTH TO DATE  203                       244    -41      255
  SINCE DEC 1    203                       244    -41      255
  SINCE JUL 1   1083                      1246   -163      839

 COOLING
  YESTERDAY        0                         0      0        0
  MONTH TO DATE    0                         0      0        0
  SINCE DEC 1      0                         0      0        0
  SINCE JAN 1   1325                      1360    -35     1585
..................................................................


WIND (MPH)
  HIGHEST WIND SPEED    18   HIGHEST WIND DIRECTION    NW (300)
  HIGHEST GUST SPEED    23   HIGHEST GUST DIRECTION    NW (310)
  AVERAGE WIND SPEED     8.7


SKY COVER
  POSSIBLE SUNSHINE  MM
  AVERAGE SKY COVER 0.3


WEATHER CONDITIONS
 THE FOLLOWING WEATHER WAS RECORDED YESTERDAY.
  NO SIGNIFICANT WEATHER WAS OBSERVED.


RELATIVE HUMIDITY (PERCENT)
 HIGHEST    81          1100 PM
 LOWEST     37           200 PM
 AVERAGE    59

..........................................................


THE KANSAS CITY INTERNATIONAL MO CLIMATE NORMALS FOR TODAY
                         NORMAL    RECORD    YEAR
 MAXIMUM TEMPERATURE (F)   42        68      1897
 MINIMUM TEMPERATURE (F)   24        -5      2005


SUNRISE AND SUNSET
DECEMBER  9 2017......SUNRISE   727 AM CST   SUNSET   456 PM CST
DECEMBER 10 2017......SUNRISE   728 AM CST   SUNSET   456 PM CST


-  INDICATES NEGATIVE NUMBERS.
R  INDICATES RECORD WAS SET OR TIED.
MM INDICATES DATA IS MISSING.
T  INDICATES TRACE AMOUNT.


&&

...MISCELLANEOUS CLIMATE DATA FROM YESTERDAY...

LOCATION                HIGH    LOW      PRECIP
ST. JOSEPH               42      16       0.00
DOWNTOWN KANSAS CITY     41      18       0.00
OLATHE NEW CENTURY       40      12       0.00
OLATHE JO CO EXEC        39      12       0.00
LEES SUMMIT              41      17       0.00
KIRKSVILLE               40      16       0.00
CHILLICOTHE              41      11       0.00
SEDALIA                  41      16       0.00
NWS PLEASANT HILL MO     42      16       0.00


THIS PRODUCT...ALONG WITH OTHER WEATHER...HYDROLOGICAL AND CLIMATE
INFORMATION...IS AVAILABLE ON THE WEB AT HTTP://WWW.WEATHER.GOV/EAX
OR AT HTTP://WEATHER.GOV

$$
