000
CDUS43 KEAX 070647
CLIMCI

CLIMATE REPORT
NATIONAL WEATHER SERVICE KANSAS CITY/PLEASANT HILL MO
137 AM CDT MON JUL 7 2014


...................................

...THE KANSAS CITY INTERNATIONAL MO CLIMATE SUMMARY FOR JULY 6 2014...

CLIMATE NORMAL PERIOD 1981 TO 2010
CLIMATE RECORD PERIOD 1888 TO 2014


WEATHER ITEM   OBSERVED TIME   RECORD YEAR NORMAL DEPARTURE LAST
                VALUE   (LST)  VALUE       VALUE  FROM      YEAR
                                                  NORMAL
..................................................................
TEMPERATURE (F)
 YESTERDAY
  MAXIMUM         88    427 PM 104    2012  88      0       89
  MINIMUM         72    537 AM  54    1967  68      4       69
  AVERAGE         80                        78      2       79

PRECIPITATION (IN)
  YESTERDAY        0.00          5.08 1986   0.16  -0.16      T
  MONTH TO DATE    0.07                      0.96  -0.89      T
  SINCE JUN 1      6.98                      6.19   0.79     3.12
  SINCE JAN 1     15.60                     20.02  -4.42    18.05

SNOWFALL (IN)
  YESTERDAY        0.0           0.0    MM   0.0    0.0      0.0
  MONTH TO DATE    0.0                       0.0    0.0      0.0
  SINCE JUN 1      0.0                       0.0    0.0      0.0
  SINCE JUL 1      0.0                       0.0    0.0      0.0
  SNOW DEPTH       0

DEGREE DAYS
 HEATING
  YESTERDAY        0                         0      0        0
  MONTH TO DATE    1                         0      1        0
  SINCE JUN 1      2                         9     -7       17
  SINCE JUL 1      1                         0      1        0

 COOLING
  YESTERDAY       15                        13      2       14
  MONTH TO DATE   44                        76    -32       48
  SINCE JUN 1    321                       342    -21      324
  SINCE JAN 1    482                       458     24      429
..................................................................


WIND (MPH)
  HIGHEST WIND SPEED    28   HIGHEST WIND DIRECTION     S (190)
  HIGHEST GUST SPEED    33   HIGHEST GUST DIRECTION     S (190)
  AVERAGE WIND SPEED    14.4


SKY COVER
  POSSIBLE SUNSHINE  MM
  AVERAGE SKY COVER 0.8


WEATHER CONDITIONS
 THE FOLLOWING WEATHER WAS RECORDED YESTERDAY.
  NO SIGNIFICANT WEATHER WAS OBSERVED.


RELATIVE HUMIDITY (PERCENT)
 HIGHEST    91           900 PM
 LOWEST     65           300 PM
 AVERAGE    78

..........................................................


THE KANSAS CITY INTERNATIONAL MO CLIMATE NORMALS FOR TODAY
                         NORMAL    RECORD    YEAR
 MAXIMUM TEMPERATURE (F)   88       105      2012
                                             1939
 MINIMUM TEMPERATURE (F)   68        55      2004
                                             1908


SUNRISE AND SUNSET
JULY  7 2014..........SUNRISE   559 AM CDT   SUNSET   848 PM CDT
JULY  8 2014..........SUNRISE   600 AM CDT   SUNSET   848 PM CDT


-  INDICATES NEGATIVE NUMBERS.
R  INDICATES RECORD WAS SET OR TIED.
MM INDICATES DATA IS MISSING.
T  INDICATES TRACE AMOUNT.



&&

...MISCELLANEOUS CLIMATE DATA FROM YESTERDAY...

LOCATION                HIGH    LOW      PRECIP
ST. JOSEPH               89      75       0.00
DOWNTOWN KANSAS CITY     90      74       T
OLATHE NEW CENTURY       90      71       0.00
OLATHE JO CO EXEC        87      70       0.00
LEES SUMMIT              86      70       0.02
KIRKSVILLE               86      70       0.35
CHILLICOTHE              86      70       1.39
SEDALIA                  87      69       0.03
NWS PLEASANT HILL MO     8484     66       2.67


THIS PRODUCT...ALONG WITH OTHER WEATHER...HYDROLOGICAL AND CLIMATE
INFORMATION...IS AVAILABLE ON THE WEB AT HTTP://WWW.CRH.NOAA.GOV/EAX
OR AT HTTP://WEATHER.GOV

$$
