000
CDUS43 KEAX 190632
CLIMCI

CLIMATE REPORT
NATIONAL WEATHER SERVICE KANSAS CITY/PLEASANT HILL MO
131 AM CDT MON SEP 19 2016


...................................

...THE KANSAS CITY INTERNATIONAL MO CLIMATE SUMMARY FOR SEPTEMBER 18 2016...

CLIMATE NORMAL PERIOD 1981 TO 2010
CLIMATE RECORD PERIOD 1888 TO 2016


WEATHER ITEM   OBSERVED TIME   RECORD YEAR NORMAL DEPARTURE LAST
                VALUE   (LST)  VALUE       VALUE  FROM      YEAR
                                                  NORMAL
..................................................................
TEMPERATURE (F)
 YESTERDAY
  MAXIMUM         83    304 PM  96    1925  78      5       81
  MINIMUM         61    331 AM  38    1901  56      5       57
  AVERAGE         72                        67      5       69

PRECIPITATION (IN)
  YESTERDAY        0.00          1.86 1905   0.17  -0.17     0.24
  MONTH TO DATE    4.31                      2.81   1.50     5.73
  SINCE SEP 1      4.31                      2.81   1.50     5.73
  SINCE JAN 1     43.74                     30.21  13.53    37.64

SNOWFALL (IN)
  YESTERDAY        0.0           0.0    MM   0.0    0.0      0.0
  MONTH TO DATE    0.0                       0.0    0.0      0.0
  SINCE SEP 1      0.0                       0.0    0.0      0.0
  SINCE JUL 1      0.0                       0.0    0.0      0.0
  SNOW DEPTH       0

DEGREE DAYS
 HEATING
  YESTERDAY        0                         2     -2        0
  MONTH TO DATE    1                        18    -17        8
  SINCE SEP 1      1                        18    -17        8
  SINCE JUL 1      1                        20    -19       11

 COOLING
  YESTERDAY        7                         4      3        4
  MONTH TO DATE  141                       121     20      204
  SINCE SEP 1    141                       121     20      204
  SINCE JAN 1   1438                      1294    144     1279
..................................................................


WIND (MPH)
  HIGHEST WIND SPEED    15   HIGHEST WIND DIRECTION     S (170)
  HIGHEST GUST SPEED    19   HIGHEST GUST DIRECTION     S (170)
  AVERAGE WIND SPEED     7.6


SKY COVER
  POSSIBLE SUNSHINE  MM
  AVERAGE SKY COVER 0.3


WEATHER CONDITIONS
 THE FOLLOWING WEATHER WAS RECORDED YESTERDAY.
  NO SIGNIFICANT WEATHER WAS OBSERVED.


RELATIVE HUMIDITY (PERCENT)
 HIGHEST    90           500 AM
 LOWEST     46           200 PM
 AVERAGE    68

..........................................................


THE KANSAS CITY INTERNATIONAL MO CLIMATE NORMALS FOR TODAY
                         NORMAL    RECORD    YEAR
 MAXIMUM TEMPERATURE (F)   78        95      1954
                                             1931
 MINIMUM TEMPERATURE (F)   56        33      1991


SUNRISE AND SUNSET
SEPTEMBER 19 2016.....SUNRISE   704 AM CDT   SUNSET   720 PM CDT
SEPTEMBER 20 2016.....SUNRISE   705 AM CDT   SUNSET   718 PM CDT


-  INDICATES NEGATIVE NUMBERS.
R  INDICATES RECORD WAS SET OR TIED.
MM INDICATES DATA IS MISSING.
T  INDICATES TRACE AMOUNT.


&&

...MISCELLANEOUS CLIMATE DATA FROM YESTERDAY...

LOCATION                HIGH    LOW      PRECIP
ST. JOSEPH               84      57       0.00
DOWNTOWN KANSAS CITY     85      62       0.00
OLATHE NEW CENTURY       83      59       0.00
OLATHE JO CO EXEC        82      59       0.00
LEES SUMMIT              84      63       0.00
KIRKSVILLE               82      52       0.00
CHILLICOTHE              84      56       0.00
SEDALIA                  85      60       0.00
NWS PLEASANT HILL MO     84      60       0.00


THIS PRODUCT...ALONG WITH OTHER WEATHER...HYDROLOGICAL AND CLIMATE
INFORMATION...IS AVAILABLE ON THE WEB AT HTTP://WWW.WEATHER.GOV/EAX
OR AT HTTP://WEATHER.GOV

$$

73
