000
CDUS43 KEAX 190043
CLIMCI

CLIMATE REPORT
NATIONAL WEATHER SERVICE KANSAS CITY/PLEASANT HILL MO
641 PM CST WED JAN 18 2017


...................................

...THE KANSAS CITY INTERNATIONAL MO CLIMATE SUMMARY FOR JANUARY 18 2017...
VALID TODAY AS OF 0600 PM LOCAL TIME.

CLIMATE NORMAL PERIOD 1981 TO 2010
CLIMATE RECORD PERIOD 1888 TO 2017


WEATHER ITEM   OBSERVED TIME   RECORD YEAR NORMAL DEPARTURE LAST
                VALUE   (LST)  VALUE       VALUE  FROM      YEAR
                                                  NORMAL
..................................................................
TEMPERATURE (F)
 TODAY
  MAXIMUM         48    355 PM  70    1951  38     10       23
  MINIMUM         25    601 AM -12    1940  19      6       -3
  AVERAGE         37                        29      8       10

PRECIPITATION (IN)
  TODAY            0.00          0.96 1907   0.04  -0.04     0.00
  MONTH TO DATE    1.32                      0.57   0.75     0.66
  SINCE DEC 1      2.51                      2.10   0.41     3.90
  SINCE JAN 1      1.32                      0.57   0.75     0.66

SNOWFALL (IN)
  TODAY            0.0          11.8  1962   0.1   -0.1      0.0
  MONTH TO DATE    2.2                       2.5   -0.3      1.6
  SINCE DEC 1      4.5                       7.3   -2.8      4.1
  SINCE JUL 1      4.5                       8.7   -4.2      4.1
  SNOW DEPTH       0

DEGREE DAYS
 HEATING
  TODAY           28                        36     -8       55
  MONTH TO DATE  671                       648     23      672
  SINCE DEC 1   1744                      1688     56     1448
  SINCE JUL 1   2328                      2690   -362     2195

 COOLING
  TODAY            0                         0      0        0
  MONTH TO DATE    0                         0      0        0
  SINCE DEC 1      0                         0      0        0
  SINCE JAN 1      0                         0      0        0
..................................................................


WIND (MPH)
  HIGHEST WIND SPEED    13   HIGHEST WIND DIRECTION     S (170)
  HIGHEST GUST SPEED    16   HIGHEST GUST DIRECTION    SE (130)
  AVERAGE WIND SPEED     8.1


SKY COVER
  POSSIBLE SUNSHINE  MM
  AVERAGE SKY COVER 0.4


WEATHER CONDITIONS
 THE FOLLOWING WEATHER WAS RECORDED TODAY.
  FOG
  FOG W/VISIBILITY <= 1/4 MILE


RELATIVE HUMIDITY (PERCENT)
 HIGHEST    96          1100 AM
 LOWEST     65           300 PM
 AVERAGE    81

..........................................................


THE KANSAS CITY INTERNATIONAL MO CLIMATE NORMALS FOR TOMORROW
                         NORMAL    RECORD    YEAR
 MAXIMUM TEMPERATURE (F)   38        66      1906
 MINIMUM TEMPERATURE (F)   19       -17      1892


SUNRISE AND SUNSET
JANUARY 18 2017.......SUNRISE   736 AM CST   SUNSET   524 PM CST
JANUARY 19 2017.......SUNRISE   735 AM CST   SUNSET   525 PM CST


-  INDICATES NEGATIVE NUMBERS.
R  INDICATES RECORD WAS SET OR TIED.
MM INDICATES DATA IS MISSING.
T  INDICATES TRACE AMOUNT.


&&

...MISCELLANEOUS CLIMATE DATA FROM TODAY...

LOCATION                HIGH    LOW      PRECIP
ST. JOSEPH               49      23       0.00
DOWNTOWN KANSAS CITY     50      23       0.00
OLATHE NEW CENTURY       49      25       0.00
OLATHE JO CO EXEC        48      27       0.00
LEES SUMMIT              49      30       0.00
KIRKSVILLE               40      31       0.00
CHILLICOTHE              42      30       0.00
SEDALIA                  51      37       0.00
NWS PLEASANT HILL MO     47      32       0.00


THIS PRODUCT...ALONG WITH OTHER WEATHER...HYDROLOGICAL AND CLIMATE
INFORMATION...IS AVAILABLE ON THE WEB AT HTTP://WWW.WEATHER.GOV/EAX
OR AT HTTP://WEATHER.GOV

$$
