000
CDUS43 KEAX 170646
CLIMCI

CLIMATE REPORT
NATIONAL WEATHER SERVICE KANSAS CITY/PLEASANT HILL MO
134 AM CDT THU APR 17 2014


...................................

...THE KANSAS CITY INTERNATIONAL MO CLIMATE SUMMARY FOR APRIL 16 2014...

CLIMATE NORMAL PERIOD 1981 TO 2010
CLIMATE RECORD PERIOD 1888 TO 2014


WEATHER ITEM   OBSERVED TIME   RECORD YEAR NORMAL DEPARTURE LAST
                VALUE   (LST)  VALUE       VALUE  FROM      YEAR
                                                  NORMAL
..................................................................
TEMPERATURE (F)
 YESTERDAY
  MAXIMUM         65    309 PM  86    1967  66     -1       48
  MINIMUM         41   1159 PM  28    1921  44     -3       40
  AVERAGE         53                        55     -2       44

PRECIPITATION (IN)
  YESTERDAY        0.00          1.15 1932   0.12  -0.12      T
  MONTH TO DATE    1.24                      1.73  -0.49     2.26
  SINCE MAR 1      2.85                      4.10  -1.25     4.21
  SINCE JAN 1      4.60                      6.63  -2.03     7.10

SNOWFALL (IN)
  YESTERDAY        0.0           0.6  1921   0.1   -0.1      0.0
  MONTH TO DATE    0.1                       0.5   -0.4      0.0
  SINCE MAR 1      3.5                       2.5    1.0      6.1
  SINCE JUL 1     26.1                      18.7    7.4     31.3
  SNOW DEPTH       0

DEGREE DAYS
 HEATING
  YESTERDAY       12                        11      1       21
  MONTH TO DATE  237                       209     28      250
  SINCE MAR 1   1002                       855    147     1086
  SINCE JUL 1   5568                      4900    668     4818

 COOLING
  YESTERDAY        0                         1     -1        0
  MONTH TO DATE    6                        10     -4        0
  SINCE MAR 1      6                        13     -7        0
  SINCE JAN 1      6                        13     -7        0
..................................................................


WIND (MPH)
  HIGHEST WIND SPEED    37   HIGHEST WIND DIRECTION     S (190)
  HIGHEST GUST SPEED    48   HIGHEST GUST DIRECTION     S (190)
  AVERAGE WIND SPEED    22.4


SKY COVER
  POSSIBLE SUNSHINE  MM
  AVERAGE SKY COVER 0.5


WEATHER CONDITIONS
 THE FOLLOWING WEATHER WAS RECORDED YESTERDAY.
  NO SIGNIFICANT WEATHER WAS OBSERVED.


RELATIVE HUMIDITY (PERCENT)
 HIGHEST    62          1100 PM
 LOWEST     28           200 PM
 AVERAGE    45

..........................................................


THE KANSAS CITY INTERNATIONAL MO CLIMATE NORMALS FOR TODAY
                         NORMAL    RECORD    YEAR
 MAXIMUM TEMPERATURE (F)   66        87      1954
 MINIMUM TEMPERATURE (F)   45        28      1953
                                             1921


SUNRISE AND SUNSET
APRIL 17 2014.........SUNRISE   639 AM CDT   SUNSET   758 PM CDT
APRIL 18 2014.........SUNRISE   638 AM CDT   SUNSET   759 PM CDT


-  INDICATES NEGATIVE NUMBERS.
R  INDICATES RECORD WAS SET OR TIED.
MM INDICATES DATA IS MISSING.
T  INDICATES TRACE AMOUNT.



&&

...MISCELLANEOUS CLIMATE DATA FROM YESTERDAY...

LOCATION                HIGH    LOW      PRECIP
ST. JOSEPH               67      39       0.00
DOWNTOWN KANSAS CITY     67      45       0.00
OLATHE NEW CENTURY       64      42       0.00
OLATHE JO CO EXEC        63      40       0.00
LEES SUMMIT              65      42       0.00
KIRKSVILLE               64      35       0.00
CHILLICOTHE              66      42       0.00
SEDALIA                  65      40       0.00
NWS PLEASANT HILL MO     64      40       0.00


THIS PRODUCT...ALONG WITH OTHER WEATHER...HYDROLOGICAL AND CLIMATE
INFORMATION...IS AVAILABLE ON THE WEB AT HTTP://WWW.CRH.NOAA.GOV/EAX
OR AT HTTP://WEATHER.GOV

$$

CUTTER
