000
CDUS43 KEAX 130641
CLIMCI

CLIMATE REPORT
NATIONAL WEATHER SERVICE KANSAS CITY/PLEASANT HILL MO
140 AM CDT SUN AUG 13 2017


...................................

...THE KANSAS CITY INTERNATIONAL MO CLIMATE SUMMARY FOR AUGUST 12 2017...

CLIMATE NORMAL PERIOD 1981 TO 2010
CLIMATE RECORD PERIOD 1888 TO 2017


WEATHER ITEM   OBSERVED TIME   RECORD YEAR NORMAL DEPARTURE LAST
                VALUE   (LST)  VALUE       VALUE  FROM      YEAR
                                                  NORMAL
..................................................................
TEMPERATURE (F)
 YESTERDAY
  MAXIMUM         80    400 PM 109    1936  88     -8       84
  MINIMUM         62   1140 PM  49    2004  68     -6       70
  AVERAGE         71                        78     -7       77

PRECIPITATION (IN)
  YESTERDAY        0.00          4.63 1982   0.12  -0.12     0.30
  MONTH TO DATE    2.16                      1.44   0.72     0.51
  SINCE JUN 1     13.59                     11.12   2.47    10.25
  SINCE JAN 1     29.86                     24.95   4.91    30.78

SNOWFALL (IN)
  YESTERDAY        0.0           0.0    MM   0.0    0.0      0.0
  MONTH TO DATE    0.0                       0.0    0.0      0.0
  SINCE JUN 1      0.0                       0.0    0.0      0.0
  SINCE JUL 1      0.0                       0.0    0.0      0.0
  SNOW DEPTH       0

DEGREE DAYS
 HEATING
  YESTERDAY        0                         0      0        0
  MONTH TO DATE    4                         0      4        0
  SINCE JUN 1      5                         9     -4        0
  SINCE JUL 1      4                         0      4        0

 COOLING
  YESTERDAY        6                        13     -7       12
  MONTH TO DATE   77                       157    -80      177
  SINCE JUN 1    822                       837    -15     1022
  SINCE JAN 1    933                       953    -20     1093
..................................................................


WIND (MPH)
  HIGHEST WIND SPEED    12   HIGHEST WIND DIRECTION     E (80)
  HIGHEST GUST SPEED    17   HIGHEST GUST DIRECTION     E (90)
  AVERAGE WIND SPEED     7.3


SKY COVER
  POSSIBLE SUNSHINE  MM
  AVERAGE SKY COVER 0.3


WEATHER CONDITIONS
 THE FOLLOWING WEATHER WAS RECORDED YESTERDAY.
  NO SIGNIFICANT WEATHER WAS OBSERVED.


RELATIVE HUMIDITY (PERCENT)
 HIGHEST    84           600 AM
 LOWEST     43           600 PM
 AVERAGE    64

..........................................................


THE KANSAS CITY INTERNATIONAL MO CLIMATE NORMALS FOR TODAY
                         NORMAL    RECORD    YEAR
 MAXIMUM TEMPERATURE (F)   88       110      1936
 MINIMUM TEMPERATURE (F)   68        54      1992


SUNRISE AND SUNSET
AUGUST 13 2017........SUNRISE   630 AM CDT   SUNSET   817 PM CDT
AUGUST 14 2017........SUNRISE   631 AM CDT   SUNSET   815 PM CDT


-  INDICATES NEGATIVE NUMBERS.
R  INDICATES RECORD WAS SET OR TIED.
MM INDICATES DATA IS MISSING.
T  INDICATES TRACE AMOUNT.


&&

...MISCELLANEOUS CLIMATE DATA FROM YESTERDAY...

LOCATION                HIGH    LOW      PRECIP
ST. JOSEPH               83      55       0.00
DOWNTOWN KANSAS CITY     82      65       0.00
OLATHE NEW CENTURY       80      61       0.00
OLATHE JO CO EXEC        79      61       0.00
LEES SUMMIT              80      61       0.00
KIRKSVILLE               83      51       0.00
CHILLICOTHE              83      55       0.00
SEDALIA                  81      62       0.00
NWS PLEASANT HILL MO     80      61       0.00


THIS PRODUCT...ALONG WITH OTHER WEATHER...HYDROLOGICAL AND CLIMATE
INFORMATION...IS AVAILABLE ON THE WEB AT HTTP://WWW.WEATHER.GOV/EAX
OR AT HTTP://WEATHER.GOV

$$

73
