000
CDUS43 KEAX 270633
CLIMCI

CLIMATE REPORT
NATIONAL WEATHER SERVICE KANSAS CITY/PLEASANT HILL MO
132 AM CDT SAT SEP 27 2014


...................................

...THE KANSAS CITY INTERNATIONAL MO CLIMATE SUMMARY FOR SEPTEMBER 26 2014...

CLIMATE NORMAL PERIOD 1981 TO 2010
CLIMATE RECORD PERIOD 1888 TO 2014


WEATHER ITEM   OBSERVED TIME   RECORD YEAR NORMAL DEPARTURE LAST
                VALUE   (LST)  VALUE       VALUE  FROM      YEAR
                                                  NORMAL
..................................................................
TEMPERATURE (F)
 YESTERDAY
  MAXIMUM         82    312 PM  95    1938  75      7       84
  MINIMUM         60    534 AM  34    1984  53      7       61
  AVERAGE         71                        64      7       73

PRECIPITATION (IN)
  YESTERDAY        0.00          1.58 1936   0.16  -0.16     0.00
  MONTH TO DATE    2.19                      4.06  -1.87     4.44
  SINCE SEP 1      2.19                      4.06  -1.87     4.44
  SINCE JAN 1     28.18                     31.46  -3.28    27.11

SNOWFALL (IN)
  YESTERDAY        0.0           0.0    MM   0.0    0.0      0.0
  MONTH TO DATE    0.0                       0.0    0.0      0.0
  SINCE SEP 1      0.0                       0.0    0.0      0.0
  SINCE JUL 1      0.0                       0.0    0.0      0.0
  SNOW DEPTH       0

DEGREE DAYS
 HEATING
  YESTERDAY        0                         4     -4        0
  MONTH TO DATE   65                        45     20       10
  SINCE SEP 1     65                        45     20       10
  SINCE JUL 1     67                        47     20       10

 COOLING
  YESTERDAY        6                         3      3        8
  MONTH TO DATE  106                       149    -43      211
  SINCE SEP 1    106                       149    -43      211
  SINCE JAN 1   1225                      1322    -97     1305
..................................................................


WIND (MPH)
  HIGHEST WIND SPEED    15   HIGHEST WIND DIRECTION    SE (130)
  HIGHEST GUST SPEED    21   HIGHEST GUST DIRECTION     S (200)
  AVERAGE WIND SPEED     7.6


SKY COVER
  POSSIBLE SUNSHINE  MM
  AVERAGE SKY COVER 0.4


WEATHER CONDITIONS
 THE FOLLOWING WEATHER WAS RECORDED YESTERDAY.
  NO SIGNIFICANT WEATHER WAS OBSERVED.


RELATIVE HUMIDITY (PERCENT)
 HIGHEST    90           500 AM
 LOWEST     49           400 PM
 AVERAGE    70

..........................................................


THE KANSAS CITY INTERNATIONAL MO CLIMATE NORMALS FOR TODAY
                         NORMAL    RECORD    YEAR
 MAXIMUM TEMPERATURE (F)   74        93      1990
                                             1956
                                             1897
 MINIMUM TEMPERATURE (F)   52        34      1942


SUNRISE AND SUNSET
SEPTEMBER 27 2014.....SUNRISE   711 AM CDT   SUNSET   708 PM CDT
SEPTEMBER 28 2014.....SUNRISE   712 AM CDT   SUNSET   706 PM CDT


-  INDICATES NEGATIVE NUMBERS.
R  INDICATES RECORD WAS SET OR TIED.
MM INDICATES DATA IS MISSING.
T  INDICATES TRACE AMOUNT.



&&

...MISCELLANEOUS CLIMATE DATA FROM YESTERDAY...

LOCATION                HIGH    LOW      PRECIP
ST. JOSEPH               84      56       0.00
DOWNTOWN KANSAS CITY     84      63       0.06
OLATHE NEW CENTURY       82      59       0.00
OLATHE JO CO EXEC        80      59       0.00
LEES SUMMIT              82      62       0.00
KIRKSVILLE               82      55       0.00
CHILLICOTHE              83      57       0.00
SEDALIA                  83      60       0.00
NWS PLEASANT HILL MO     82      58       0.00


THIS PRODUCT...ALONG WITH OTHER WEATHER...HYDROLOGICAL AND CLIMATE
INFORMATION...IS AVAILABLE ON THE WEB AT HTTP://WWW.CRH.NOAA.GOV/EAX
OR AT HTTP://WEATHER.GOV

$$

73
