000
CDUS43 KEAX 180634
CLIMCI

CLIMATE REPORT
NATIONAL WEATHER SERVICE KANSAS CITY/PLEASANT HILL MO
133 AM CDT THU MAY 18 2017


...................................

...THE KANSAS CITY INTERNATIONAL MO CLIMATE SUMMARY FOR MAY 17 2017...

CLIMATE NORMAL PERIOD 1981 TO 2010
CLIMATE RECORD PERIOD 1888 TO 2017


WEATHER ITEM   OBSERVED TIME   RECORD YEAR NORMAL DEPARTURE LAST
                VALUE   (LST)  VALUE       VALUE  FROM      YEAR
                                                  NORMAL
..................................................................
TEMPERATURE (F)
 YESTERDAY
  MAXIMUM         79   1231 PM  90    1966  75      4       61
                                      1939
  MINIMUM         65   1142 PM  37    2014  55     10       49
  AVERAGE         72                        65      7       55

PRECIPITATION (IN)
  YESTERDAY        0.02          3.13 1974   0.18  -0.16     0.09
                                      1889
  MONTH TO DATE    0.91                      2.86  -1.95     3.56
  SINCE MAR 1     10.36                      8.93   1.43    13.43
  SINCE JAN 1     11.81                     11.46   0.35    14.59

SNOWFALL (IN)
  YESTERDAY        0.0           0.0    MM   0.0    0.0      0.0
  MONTH TO DATE    0.0                       0.0    0.0      0.0
  SINCE MAR 1      0.4                       2.6   -2.2      0.6
  SINCE JUL 1      4.9                      18.8  -13.9      5.9
  SNOW DEPTH       0

DEGREE DAYS
 HEATING
  YESTERDAY        0                         3     -3       10
  MONTH TO DATE   66                        76    -10       99
  SINCE MAR 1    849                      1051   -202      784
  SINCE JUL 1   4103                      5096   -993     4141

 COOLING
  YESTERDAY        7                         3      4        0
  MONTH TO DATE   54                        31     23       12
  SINCE MAR 1     87                        59     28       26
  SINCE JAN 1     87                        59     28       26
..................................................................


WIND (MPH)
  HIGHEST WIND SPEED    38   HIGHEST WIND DIRECTION     S (190)
  HIGHEST GUST SPEED    49   HIGHEST GUST DIRECTION    SW (210)
  AVERAGE WIND SPEED    20.7


SKY COVER
  POSSIBLE SUNSHINE  MM
  AVERAGE SKY COVER 0.7


WEATHER CONDITIONS
 THE FOLLOWING WEATHER WAS RECORDED YESTERDAY.
  LIGHT RAIN
  HAZE


RELATIVE HUMIDITY (PERCENT)
 HIGHEST    73           700 AM
 LOWEST     40           600 PM
 AVERAGE    57

..........................................................


THE KANSAS CITY INTERNATIONAL MO CLIMATE NORMALS FOR TODAY
                         NORMAL    RECORD    YEAR
 MAXIMUM TEMPERATURE (F)   75        91      1997
                                             1962
 MINIMUM TEMPERATURE (F)   55        39      1915


SUNRISE AND SUNSET
MAY 18 2017...........SUNRISE   603 AM CDT   SUNSET   829 PM CDT
MAY 19 2017...........SUNRISE   602 AM CDT   SUNSET   829 PM CDT


-  INDICATES NEGATIVE NUMBERS.
R  INDICATES RECORD WAS SET OR TIED.
MM INDICATES DATA IS MISSING.
T  INDICATES TRACE AMOUNT.


&&

...MISCELLANEOUS CLIMATE DATA FROM YESTERDAY...

LOCATION                HIGH    LOW      PRECIP
ST. JOSEPH               82      65       0.09
DOWNTOWN KANSAS CITY     82      67       0.01
OLATHE NEW CENTURY       80      62       0.01
OLATHE JO CO EXEC        78      63       0.03
LEES SUMMIT              81      68       0.01
KIRKSVILLE               82      69       T
CHILLICOTHE              83      66       0.14
SEDALIA                  84      68       T
NWS PLEASANT HILL MO     80      65       0.03


THIS PRODUCT...ALONG WITH OTHER WEATHER...HYDROLOGICAL AND CLIMATE
INFORMATION...IS AVAILABLE ON THE WEB AT HTTP://WWW.WEATHER.GOV/EAX
OR AT HTTP://WEATHER.GOV

$$
