000
CDUS43 KEAX 240635
CLIMCI

CLIMATE REPORT
NATIONAL WEATHER SERVICE KANSAS CITY/PLEASANT HILL MO
133 AM CDT SUN MAY 24 2015


...................................

...THE KANSAS CITY INTERNATIONAL MO CLIMATE SUMMARY FOR MAY 23 2015...

CLIMATE NORMAL PERIOD 1981 TO 2010
CLIMATE RECORD PERIOD 1888 TO 2015


WEATHER ITEM   OBSERVED TIME   RECORD YEAR NORMAL DEPARTURE LAST
                VALUE   (LST)  VALUE       VALUE  FROM      YEAR
                                                  NORMAL
..................................................................
TEMPERATURE (F)
 YESTERDAY
  MAXIMUM         67    522 PM  93    1939  77    -10       81
  MINIMUM         56    624 AM  41    1963  56      0       58
  AVERAGE         62                        67     -5       70

PRECIPITATION (IN)
  YESTERDAY        1.52          2.52 1995   0.17   1.35     0.00
  MONTH TO DATE    7.86                      3.89   3.97     0.79
  SINCE MAR 1     12.03                      9.96   2.07     6.33
  SINCE JAN 1     14.21                     12.49   1.72     8.08

SNOWFALL (IN)
  YESTERDAY        0.0           0.0    MM   0.0    0.0      0.0
  MONTH TO DATE    0.0                       0.0    0.0      0.0
  SINCE MAR 1      T                         2.6   -2.6      3.6
  SINCE JUL 1     14.2                      18.8   -4.6     26.2
  SNOW DEPTH       0

DEGREE DAYS
 HEATING
  YESTERDAY        3                         2      1        0
  MONTH TO DATE   89                        91     -2      113
  SINCE MAR 1    895                      1066   -171     1219
  SINCE JUL 1   5109                      5111     -2     5785

 COOLING
  YESTERDAY        0                         4     -4        5
  MONTH TO DATE   44                        51     -7       79
  SINCE MAR 1     53                        79    -26       88
  SINCE JAN 1     53                        79    -26       88
..................................................................


WIND (MPH)
  HIGHEST WIND SPEED    20   HIGHEST WIND DIRECTION     E (110)
  HIGHEST GUST SPEED    24   HIGHEST GUST DIRECTION    SE (120)
  AVERAGE WIND SPEED    10.6


SKY COVER
  POSSIBLE SUNSHINE  MM
  AVERAGE SKY COVER 1.0


WEATHER CONDITIONS
 THE FOLLOWING WEATHER WAS RECORDED YESTERDAY.
  HEAVY RAIN
  RAIN
  LIGHT RAIN
  FOG


RELATIVE HUMIDITY (PERCENT)
 HIGHEST   100          1000 PM
 LOWEST     69           300 AM
 AVERAGE    85

..........................................................


THE KANSAS CITY INTERNATIONAL MO CLIMATE NORMALS FOR TODAY
                         NORMAL    RECORD    YEAR
 MAXIMUM TEMPERATURE (F)   77        97      1939
 MINIMUM TEMPERATURE (F)   57        41      1925


SUNRISE AND SUNSET
MAY 24 2015...........SUNRISE   559 AM CDT   SUNSET   833 PM CDT
MAY 25 2015...........SUNRISE   558 AM CDT   SUNSET   834 PM CDT


-  INDICATES NEGATIVE NUMBERS.
R  INDICATES RECORD WAS SET OR TIED.
MM INDICATES DATA IS MISSING.
T  INDICATES TRACE AMOUNT.




&&

...MISCELLANEOUS CLIMATE DATA FROM YESTERDAY...

LOCATION                HIGH    LOW      PRECIP
ST. JOSEPH               68      56       1.00
DOWNTOWN KANSAS CITY     69      58       1.34
OLATHE NEW CENTURY       66      56       1.75
OLATHE JO CO EXEC        66      56       1.68
LEES SUMMIT              68      59       1.07
KIRKSVILLE               74      50       0.02
CHILLICOTHE              72      58       0.29
SEDALIA                  71      60       0.27
NWS PLEASANT HILL MO     67      57       1.17


THIS PRODUCT...ALONG WITH OTHER WEATHER...HYDROLOGICAL AND CLIMATE
INFORMATION...IS AVAILABLE ON THE WEB AT HTTP://WWW.CRH.NOAA.GOV/EAX
OR AT HTTP://WEATHER.GOV

$$

MJ
